{"id":2953,"date":"2023-11-25T01:34:17","date_gmt":"2023-11-25T00:34:17","guid":{"rendered":"https:\/\/casalparis.cat\/?post_type=tribe_events&#038;p=2953"},"modified":"2023-11-26T20:50:44","modified_gmt":"2023-11-26T19:50:44","slug":"26-12-2023-caminada","status":"publish","type":"tribe_events","link":"https:\/\/casalparis.cat\/?tribe_events=26-12-2023-caminada","title":{"rendered":"26\/11\/2023 Caminada"},"content":{"rendered":"<p><img loading=\"lazy\" decoding=\"async\" class=\"alignnone size-medium wp-image-2955\" src=\"https:\/\/casalparis.cat\/wp-content\/uploads\/2023\/11\/unnamed-300x300.jpg\" alt=\"\" width=\"300\" height=\"300\" srcset=\"https:\/\/casalparis.cat\/wp-content\/uploads\/2023\/11\/unnamed-300x300.jpg 300w, https:\/\/casalparis.cat\/wp-content\/uploads\/2023\/11\/unnamed-1024x1024.jpg 1024w, https:\/\/casalparis.cat\/wp-content\/uploads\/2023\/11\/unnamed-150x150.jpg 150w, https:\/\/casalparis.cat\/wp-content\/uploads\/2023\/11\/unnamed-768x768.jpg 768w, https:\/\/casalparis.cat\/wp-content\/uploads\/2023\/11\/unnamed.jpg 1080w\" sizes=\"auto, (max-width: 300px) 100vw, 300px\" \/><\/p>\n<p><em>On vous donne <strong>r<\/strong><strong>endez-vous \u00e0 9h00 \u00e0 la Gare de Lyon, quai RER A.<\/strong><\/em><\/p>\n<p><em>Le d\u00e9part se fera avec le RER A &#8211;\u00a0QYRO de 9h12 direction Boissy St Leger et on descendra \u00e0 SUCY-BONNEUIL.<\/em><\/p>\n<p><em>Note: Si vous pr\u00e9ferez prendre le RER A \u00e0 une autre gare, vous pouvez nous l&#8217;indiquer par mail lors de votre inscription et on se retrouvera directement \u00e0 Sucy-Bonneuil \u00e0 l&#8217;arriv\u00e9e vers 09h32.<\/em><\/p>\n<p><em>La route, de <strong>14km,<\/strong> part de la <strong>gare de Sucy-Bonneuil.<\/strong>\u00a0On traversera la ville de Sucy en Brie, pour rejoindre la For\u00eat Domaniale de Notre Dame par la coul\u00e9e verte de Sucy. En suite, on cont<\/em><em>ournera la ville et prendons la <strong>direction\u00a0<\/strong><strong>de Boissy Saint Leger<\/strong>.<\/em><\/p>\n<p><em>Nous avons 3 bonnes heures de marche. Amener votre\u00a0casse-croute, la gourde\u00a0et des bottes de marche si toutefois les chemins sont\u00a0un peu boueux cela risque d&#8217;\u00eatre pratique. Retour vers 15h (il y a des trains toutes les 10 minutes).<\/em><\/p>\n<p><em>Vous avez une carte ci-dessous pour d\u00e9couvrir la route.<br \/>\n<\/em><\/p>\n<p><em><u>Pour l&#8217;inscription, il suffit de nous \u00e9crire \u00e0 <a href=\"mailto:casal@casalparis.cat\" target=\"_blank\" rel=\"noopener\">casal@casalparis.cat<\/a><\/u><br \/>\n<\/em><\/p>\n<p>*****************<\/p>\n<p>Us donem cita a les<strong> 9h00 a la Gare de Lyon, andana RER A.<\/strong><\/p>\n<p>Agafarem el tren RER A &#8211;\u00a0OYRO de les 9h12 direcci\u00f3 Boissy St Leger i baixarem a Sucy-Bonneuil. Aqui comen\u00e7a la caminada. Travessarem la ciutat de Sucy en Brie per arribar al Bosc de &#8220;Notre Dame&#8221; tot passant per la via verda de Sucy. Despr\u00e9s, la volta de la ciutat pel bosc i\u00a0agafarem la direcci\u00f3 de Boissy Saint Leger.<\/p>\n<p>Tenim 3 bones hores de caminada. Agafeu la carmanyola, la cantimplora i les botes de caminar (en cas de trobar fang ser\u00e0 pr\u00e0ctic). Tornada cap a les 15h (hi ha trens cada 10 minuts).<\/p>\n<p>Teniu un mapa aqui sota per descobrir la ruta.<\/p>\n<p>Per les inscripcions, nom\u00e9s heu d&#8217;escriure un mail a <a href=\"mailto:casal@casalparis.cat\" target=\"_blank\" rel=\"noopener\">casal@casalparis.cat<\/a><\/p>\n<p><img loading=\"lazy\" decoding=\"async\" class=\"alignnone size-medium wp-image-2954\" src=\"https:\/\/casalparis.cat\/wp-content\/uploads\/2023\/11\/unnamed-300x215.png\" alt=\"\" width=\"300\" height=\"215\" srcset=\"https:\/\/casalparis.cat\/wp-content\/uploads\/2023\/11\/unnamed-300x215.png 300w, https:\/\/casalparis.cat\/wp-content\/uploads\/2023\/11\/unnamed-1024x734.png 1024w, https:\/\/casalparis.cat\/wp-content\/uploads\/2023\/11\/unnamed-768x550.png 768w, https:\/\/casalparis.cat\/wp-content\/uploads\/2023\/11\/unnamed-419x300.png 419w, https:\/\/casalparis.cat\/wp-content\/uploads\/2023\/11\/unnamed.png 1280w\" sizes=\"auto, (max-width: 300px) 100vw, 300px\" \/><\/p>\n<p>&nbsp;<\/p>\n<p>***** Feia fred pero no ha plogut i hem pogut fer una bona caminada!!! 14km a un bon ritme. Moltes gr\u00e0cies!!!! **** Us deixem un record:<\/p>\n<p><img loading=\"lazy\" decoding=\"async\" class=\"alignnone size-medium wp-image-2968\" src=\"https:\/\/casalparis.cat\/wp-content\/uploads\/2023\/11\/WhatsApp-Image-2023-11-26-at-15.21.47-150x300.jpeg\" alt=\"\" width=\"150\" height=\"300\" srcset=\"https:\/\/casalparis.cat\/wp-content\/uploads\/2023\/11\/WhatsApp-Image-2023-11-26-at-15.21.47-150x300.jpeg 150w, https:\/\/casalparis.cat\/wp-content\/uploads\/2023\/11\/WhatsApp-Image-2023-11-26-at-15.21.47-512x1024.jpeg 512w, https:\/\/casalparis.cat\/wp-content\/uploads\/2023\/11\/WhatsApp-Image-2023-11-26-at-15.21.47-768x1536.jpeg 768w, https:\/\/casalparis.cat\/wp-content\/uploads\/2023\/11\/WhatsApp-Image-2023-11-26-at-15.21.47.jpeg 800w\" sizes=\"auto, (max-width: 150px) 100vw, 150px\" \/><\/p>\n","protected":false},"excerpt":{"rendered":"<p>On vous donne rendez-vous \u00e0 9h00 \u00e0 la Gare de Lyon, quai RER A. Le d\u00e9part se fera avec le RER A &#8211;\u00a0QYRO de 9h12 direction Boissy St Leger et on descendra \u00e0 SUCY-BONNEUIL. Note: Si vous pr\u00e9ferez prendre le &hellip; <a href=\"https:\/\/casalparis.cat\/?tribe_events=26-12-2023-caminada\">Continua llegint <span class=\"meta-nav\">&rarr;<\/span><\/a><\/p>\n","protected":false},"author":1,"featured_media":2955,"template":"","meta":{"_tribe_events_status":"","_tribe_events_status_reason":"","footnotes":""},"tags":[67,169,23,114,494,22],"tribe_events_cat":[68],"class_list":["post-2953","tribe_events","type-tribe_events","status-publish","has-post-thumbnail","hentry","tag-agenda","tag-caminades","tag-casalparis","tag-iledefrance","tag-randonnees","tag-somcasal","tribe_events_cat-agenda","cat_agenda"],"_links":{"self":[{"href":"https:\/\/casalparis.cat\/index.php?rest_route=\/wp\/v2\/tribe_events\/2953","targetHints":{"allow":["GET"]}}],"collection":[{"href":"https:\/\/casalparis.cat\/index.php?rest_route=\/wp\/v2\/tribe_events"}],"about":[{"href":"https:\/\/casalparis.cat\/index.php?rest_route=\/wp\/v2\/types\/tribe_events"}],"author":[{"embeddable":true,"href":"https:\/\/casalparis.cat\/index.php?rest_route=\/wp\/v2\/users\/1"}],"version-history":[{"count":4,"href":"https:\/\/casalparis.cat\/index.php?rest_route=\/wp\/v2\/tribe_events\/2953\/revisions"}],"predecessor-version":[{"id":2969,"href":"https:\/\/casalparis.cat\/index.php?rest_route=\/wp\/v2\/tribe_events\/2953\/revisions\/2969"}],"wp:featuredmedia":[{"embeddable":true,"href":"https:\/\/casalparis.cat\/index.php?rest_route=\/wp\/v2\/media\/2955"}],"wp:attachment":[{"href":"https:\/\/casalparis.cat\/index.php?rest_route=%2Fwp%2Fv2%2Fmedia&parent=2953"}],"wp:term":[{"taxonomy":"post_tag","embeddable":true,"href":"https:\/\/casalparis.cat\/index.php?rest_route=%2Fwp%2Fv2%2Ftags&post=2953"},{"taxonomy":"tribe_events_cat","embeddable":true,"href":"https:\/\/casalparis.cat\/index.php?rest_route=%2Fwp%2Fv2%2Ftribe_events_cat&post=2953"}],"curies":[{"name":"wp","href":"https:\/\/api.w.org\/{rel}","templated":true}]}}

<p><img loading="lazy" decoding="async" class="alignnone size-medium wp-image-2955" src="https://casalparis.cat/wp-content/uploads/2023/11/unnamed-300x300.jpg" alt="" width="300" height="300" srcset="https://casalparis.cat/wp-content/uploads/2023/11/unnamed-300x300.jpg 300w, https://casalparis.cat/wp-content/uploads/2023/11/unnamed-1024x1024.jpg 1024w, https://casalparis.cat/wp-content/uploads/2023/11/unnamed-150x150.jpg 150w, https://casalparis.cat/wp-content/uploads/2023/11/unnamed-768x768.jpg 768w, https://casalparis.cat/wp-content/uploads/2023/11/unnamed.jpg 1080w" sizes="auto, (max-width: 300px) 100vw, 300px" /></p>
<p><em>On vous donne <strong>r</strong><strong>endez-vous à 9h00 à la Gare de Lyon, quai RER A.</strong></em></p>
<p><em>Le départ se fera avec le RER A &#8211; QYRO de 9h12 direction Boissy St Leger et on descendra à SUCY-BONNEUIL.</em></p>
<p><em>Note: Si vous préferez prendre le RER A à une autre gare, vous pouvez nous l&#8217;indiquer par mail lors de votre inscription et on se retrouvera directement à Sucy-Bonneuil à l&#8217;arrivée vers 09h32.</em></p>
<p><em>La route, de <strong>14km,</strong> part de la <strong>gare de Sucy-Bonneuil.</strong> On traversera la ville de Sucy en Brie, pour rejoindre la Forêt Domaniale de Notre Dame par la coulée verte de Sucy. En suite, on cont</em><em>ournera la ville et prendons la <strong>direction </strong><strong>de Boissy Saint Leger</strong>.</em></p>
<p><em>Nous avons 3 bonnes heures de marche. Amener votre casse-croute, la gourde et des bottes de marche si toutefois les chemins sont un peu boueux cela risque d&#8217;être pratique. Retour vers 15h (il y a des trains toutes les 10 minutes).</em></p>
<p><em>Vous avez une carte ci-dessous pour découvrir la route.<br />
</em></p>
<p><em><u>Pour l&#8217;inscription, il suffit de nous écrire à <a href="mailto:casal@casalparis.cat" target="_blank" rel="noopener">casal@casalparis.cat</a></u><br />
</em></p>
<p>*****************</p>
<p>Us donem cita a les<strong> 9h00 a la Gare de Lyon, andana RER A.</strong></p>
<p>Agafarem el tren RER A &#8211; OYRO de les 9h12 direcció Boissy St Leger i baixarem a Sucy-Bonneuil. Aqui comença la caminada. Travessarem la ciutat de Sucy en Brie per arribar al Bosc de &#8220;Notre Dame&#8221; tot passant per la via verda de Sucy. Després, la volta de la ciutat pel bosc i agafarem la direcció de Boissy Saint Leger.</p>
<p>Tenim 3 bones hores de caminada. Agafeu la carmanyola, la cantimplora i les botes de caminar (en cas de trobar fang serà pràctic). Tornada cap a les 15h (hi ha trens cada 10 minuts).</p>
<p>Teniu un mapa aqui sota per descobrir la ruta.</p>
<p>Per les inscripcions, només heu d&#8217;escriure un mail a <a href="mailto:casal@casalparis.cat" target="_blank" rel="noopener">casal@casalparis.cat</a></p>
<p><img loading="lazy" decoding="async" class="alignnone size-medium wp-image-2954" src="https://casalparis.cat/wp-content/uploads/2023/11/unnamed-300x215.png" alt="" width="300" height="215" srcset="https://casalparis.cat/wp-content/uploads/2023/11/unnamed-300x215.png 300w, https://casalparis.cat/wp-content/uploads/2023/11/unnamed-1024x734.png 1024w, https://casalparis.cat/wp-content/uploads/2023/11/unnamed-768x550.png 768w, https://casalparis.cat/wp-content/uploads/2023/11/unnamed-419x300.png 419w, https://casalparis.cat/wp-content/uploads/2023/11/unnamed.png 1280w" sizes="auto, (max-width: 300px) 100vw, 300px" /></p>
<p>&nbsp;</p>
<p>***** Feia fred pero no ha plogut i hem pogut fer una bona caminada!!! 14km a un bon ritme. Moltes gràcies!!!! **** Us deixem un record:</p>
<p><img loading="lazy" decoding="async" class="alignnone size-medium wp-image-2968" src="https://casalparis.cat/wp-content/uploads/2023/11/WhatsApp-Image-2023-11-26-at-15.21.47-150x300.jpeg" alt="" width="150" height="300" srcset="https://casalparis.cat/wp-content/uploads/2023/11/WhatsApp-Image-2023-11-26-at-15.21.47-150x300.jpeg 150w, https://casalparis.cat/wp-content/uploads/2023/11/WhatsApp-Image-2023-11-26-at-15.21.47-512x1024.jpeg 512w, https://casalparis.cat/wp-content/uploads/2023/11/WhatsApp-Image-2023-11-26-at-15.21.47-768x1536.jpeg 768w, https://casalparis.cat/wp-content/uploads/2023/11/WhatsApp-Image-2023-11-26-at-15.21.47.jpeg 800w" sizes="auto, (max-width: 150px) 100vw, 150px" /></p>

<p>On vous donne rendez-vous à 9h00 à la Gare de Lyon, quai RER A. Le départ se fera avec le RER A &#8211; QYRO de 9h12 direction Boissy St Leger et on descendra à SUCY-BONNEUIL. Note: Si vous préferez prendre le &hellip; <a href="https://casalparis.cat/?tribe_events=26-12-2023-caminada">Continua llegint <span class="meta-nav">&rarr;</span></a></p>
