{"id":2947,"date":"2023-11-25T01:29:31","date_gmt":"2023-11-25T00:29:31","guid":{"rendered":"https:\/\/casalparis.cat\/?post_type=tribe_events&#038;p=2947"},"modified":"2023-12-04T22:39:30","modified_gmt":"2023-12-04T21:39:30","slug":"10-12-2023-dinar-de-nadal","status":"publish","type":"tribe_events","link":"https:\/\/casalparis.cat\/?tribe_events=10-12-2023-dinar-de-nadal","title":{"rendered":"10\/12\/2023 Dinar de Nadal"},"content":{"rendered":"<p data-redactor-style-cache=\"margin: 0px;\"><em>La date est fix\u00e9e au <strong>dimanche 10 d\u00e9cembre<\/strong> pour le traditionnel repas de No\u00ebl. Conjointement, les associations Casal de Catalunya de Paris et Amicale des catalans d&#8217;Ile de France, organisent comme chaque ann\u00e9e un d\u00e9jeuner \u00e0 l&#8217;occasion de f\u00eates de fin d&#8217;ann\u00e9e.<br \/>\n<\/em><\/p>\n<p data-redactor-style-cache=\"margin: 0px;\"><em>Nous nous retrouverons <strong>\u00e0 partir de 12h00 au Bois Fleuri, 9 Rue H\u00e9g\u00e9sippe Moreau,<\/strong> <strong>77210 Avon<\/strong>. Evidemment vous \u00eates les bienvenus pour venir nous aider \u00e0 l&#8217;organisation d\u00e8s le matin. La f\u00eate aura ainsi tout le sens du partage.<\/em><\/p>\n<p data-redactor-style-cache=\"margin: 0px;\"><em>Les inscriptions sont ouvertes jusqu&#8217;au 6 d\u00e9cembre. <a href=\"https:\/\/www.helloasso.com\/associations\/casal-de-catalunya-de-paris\/evenements\/dinar-de-nadal-2023-repas-de-noel-2023\" target=\"_blank\" rel=\"noopener\" data-redactor-style-cache=\"color: #fc8805\">R\u00e9servez <\/a>vite si vous \u00eates int\u00e9ress\u00e9s. Le nombre de places est limit\u00e9.<\/em><\/p>\n<p data-redactor-style-cache=\"margin: 0px;\">****<br \/>\nEst\u00e0 decidit, el tradicional Dinar de Nadal tindr\u00e0 lloc el <strong>diumenge 10 de desembre.<\/strong> Conjuntament, les associations l&#8217;Amicale des catalans d&#8217;Ile de France i el Casal de Catalunya de Par\u00eds, organitzen com cada any un dinar en el marc de les festes nadalenques.<\/p>\n<p>Ens trobarem <strong>a partir de les 12h00 al local de Bois Fleuri, 9 Rue H\u00e9g\u00e9sippe Moreau, 77210 Avon<\/strong>. Per descomptat, podeu venir a donar un cop de m\u00e0 amb l&#8217;organitzaci\u00f3 m\u00e9s d&#8217;hora al mat\u00ed. La festa tindr\u00e0 d&#8217;aquesta manera tot un altre sentit.<\/p>\n<p>Les inscripcions estan obertes fins al 6 de desembre. Afanyeu-vos a <a href=\"https:\/\/www.helloasso.com\/associations\/casal-de-catalunya-de-paris\/evenements\/dinar-de-nadal-2023-repas-de-noel-2023\" target=\"_blank\" rel=\"noopener\" data-redactor-style-cache=\"color: #fc8805\"><span data-redactor-span=\"true\" data-redactor-style-cache=\"color: rgb(247, 150, 70);\">reservar <\/span><\/a>si hi esteu interessats. El nombre de places \u00e9s limitat.<\/p>\n<p data-redactor-style-cache=\"margin: 0px;\"><img loading=\"lazy\" decoding=\"async\" class=\"alignnone wp-image-2982 size-medium\" src=\"https:\/\/casalparis.cat\/wp-content\/uploads\/2023\/11\/Dinar-Nadal-2023-raclette-300x300.png\" alt=\"\" width=\"300\" height=\"300\" srcset=\"https:\/\/casalparis.cat\/wp-content\/uploads\/2023\/11\/Dinar-Nadal-2023-raclette-300x300.png 300w, https:\/\/casalparis.cat\/wp-content\/uploads\/2023\/11\/Dinar-Nadal-2023-raclette-1024x1024.png 1024w, https:\/\/casalparis.cat\/wp-content\/uploads\/2023\/11\/Dinar-Nadal-2023-raclette-150x150.png 150w, https:\/\/casalparis.cat\/wp-content\/uploads\/2023\/11\/Dinar-Nadal-2023-raclette-768x768.png 768w, https:\/\/casalparis.cat\/wp-content\/uploads\/2023\/11\/Dinar-Nadal-2023-raclette.png 1080w\" sizes=\"auto, (max-width: 300px) 100vw, 300px\" \/><\/p>\n<p data-redactor-style-cache=\"margin: 0px;\"><a href=\"https:\/\/www.helloasso.com\/associations\/casal-de-catalunya-de-paris\/evenements\/dinar-de-nadal-2023-repas-de-noel-2023\">Reserves<\/a><\/p>\n<p data-redactor-style-cache=\"margin: 0px;\"><img loading=\"lazy\" decoding=\"async\" class=\"alignnone wp-image-2949 size-thumbnail\" src=\"https:\/\/casalparis.cat\/wp-content\/uploads\/2023\/11\/qrcode-150x150.png\" alt=\"\" width=\"150\" height=\"150\" srcset=\"https:\/\/casalparis.cat\/wp-content\/uploads\/2023\/11\/qrcode-150x150.png 150w, https:\/\/casalparis.cat\/wp-content\/uploads\/2023\/11\/qrcode-300x300.png 300w, https:\/\/casalparis.cat\/wp-content\/uploads\/2023\/11\/qrcode.png 600w\" sizes=\"auto, (max-width: 150px) 100vw, 150px\" \/><\/p>\n","protected":false},"excerpt":{"rendered":"<p>La date est fix\u00e9e au dimanche 10 d\u00e9cembre pour le traditionnel repas de No\u00ebl. Conjointement, les associations Casal de Catalunya de Paris et Amicale des catalans d&#8217;Ile de France, organisent comme chaque ann\u00e9e un d\u00e9jeuner \u00e0 l&#8217;occasion de f\u00eates de &hellip; <a href=\"https:\/\/casalparis.cat\/?tribe_events=10-12-2023-dinar-de-nadal\">Continua llegint <span class=\"meta-nav\">&rarr;<\/span><\/a><\/p>\n","protected":false},"author":1,"featured_media":2948,"template":"","meta":{"_tribe_events_status":"","_tribe_events_status_reason":"","footnotes":""},"tags":[67,437,428,23,432,281,22,352],"tribe_events_cat":[68],"class_list":["post-2947","tribe_events","type-tribe_events","status-publish","has-post-thumbnail","hentry","tag-agenda","tag-bonesfestes","tag-cagatio","tag-casalparis","tag-dinardenadal","tag-festes","tag-somcasal","tag-tradicions","tribe_events_cat-agenda","cat_agenda"],"_links":{"self":[{"href":"https:\/\/casalparis.cat\/index.php?rest_route=\/wp\/v2\/tribe_events\/2947","targetHints":{"allow":["GET"]}}],"collection":[{"href":"https:\/\/casalparis.cat\/index.php?rest_route=\/wp\/v2\/tribe_events"}],"about":[{"href":"https:\/\/casalparis.cat\/index.php?rest_route=\/wp\/v2\/types\/tribe_events"}],"author":[{"embeddable":true,"href":"https:\/\/casalparis.cat\/index.php?rest_route=\/wp\/v2\/users\/1"}],"version-history":[{"count":4,"href":"https:\/\/casalparis.cat\/index.php?rest_route=\/wp\/v2\/tribe_events\/2947\/revisions"}],"predecessor-version":[{"id":2983,"href":"https:\/\/casalparis.cat\/index.php?rest_route=\/wp\/v2\/tribe_events\/2947\/revisions\/2983"}],"wp:featuredmedia":[{"embeddable":true,"href":"https:\/\/casalparis.cat\/index.php?rest_route=\/wp\/v2\/media\/2948"}],"wp:attachment":[{"href":"https:\/\/casalparis.cat\/index.php?rest_route=%2Fwp%2Fv2%2Fmedia&parent=2947"}],"wp:term":[{"taxonomy":"post_tag","embeddable":true,"href":"https:\/\/casalparis.cat\/index.php?rest_route=%2Fwp%2Fv2%2Ftags&post=2947"},{"taxonomy":"tribe_events_cat","embeddable":true,"href":"https:\/\/casalparis.cat\/index.php?rest_route=%2Fwp%2Fv2%2Ftribe_events_cat&post=2947"}],"curies":[{"name":"wp","href":"https:\/\/api.w.org\/{rel}","templated":true}]}}

<p data-redactor-style-cache="margin: 0px;"><em>La date est fixée au <strong>dimanche 10 décembre</strong> pour le traditionnel repas de Noël. Conjointement, les associations Casal de Catalunya de Paris et Amicale des catalans d&#8217;Ile de France, organisent comme chaque année un déjeuner à l&#8217;occasion de fêtes de fin d&#8217;année.<br />
</em></p>
<p data-redactor-style-cache="margin: 0px;"><em>Nous nous retrouverons <strong>à partir de 12h00 au Bois Fleuri, 9 Rue Hégésippe Moreau,</strong> <strong>77210 Avon</strong>. Evidemment vous êtes les bienvenus pour venir nous aider à l&#8217;organisation dès le matin. La fête aura ainsi tout le sens du partage.</em></p>
<p data-redactor-style-cache="margin: 0px;"><em>Les inscriptions sont ouvertes jusqu&#8217;au 6 décembre. <a href="https://www.helloasso.com/associations/casal-de-catalunya-de-paris/evenements/dinar-de-nadal-2023-repas-de-noel-2023" target="_blank" rel="noopener" data-redactor-style-cache="color: #fc8805">Réservez </a>vite si vous êtes intéressés. Le nombre de places est limité.</em></p>
<p data-redactor-style-cache="margin: 0px;">****<br />
Està decidit, el tradicional Dinar de Nadal tindrà lloc el <strong>diumenge 10 de desembre.</strong> Conjuntament, les associations l&#8217;Amicale des catalans d&#8217;Ile de France i el Casal de Catalunya de París, organitzen com cada any un dinar en el marc de les festes nadalenques.</p>
<p>Ens trobarem <strong>a partir de les 12h00 al local de Bois Fleuri, 9 Rue Hégésippe Moreau, 77210 Avon</strong>. Per descomptat, podeu venir a donar un cop de mà amb l&#8217;organització més d&#8217;hora al matí. La festa tindrà d&#8217;aquesta manera tot un altre sentit.</p>
<p>Les inscripcions estan obertes fins al 6 de desembre. Afanyeu-vos a <a href="https://www.helloasso.com/associations/casal-de-catalunya-de-paris/evenements/dinar-de-nadal-2023-repas-de-noel-2023" target="_blank" rel="noopener" data-redactor-style-cache="color: #fc8805"><span data-redactor-span="true" data-redactor-style-cache="color: rgb(247, 150, 70);">reservar </span></a>si hi esteu interessats. El nombre de places és limitat.</p>
<p data-redactor-style-cache="margin: 0px;"><img loading="lazy" decoding="async" class="alignnone wp-image-2982 size-medium" src="https://casalparis.cat/wp-content/uploads/2023/11/Dinar-Nadal-2023-raclette-300x300.png" alt="" width="300" height="300" srcset="https://casalparis.cat/wp-content/uploads/2023/11/Dinar-Nadal-2023-raclette-300x300.png 300w, https://casalparis.cat/wp-content/uploads/2023/11/Dinar-Nadal-2023-raclette-1024x1024.png 1024w, https://casalparis.cat/wp-content/uploads/2023/11/Dinar-Nadal-2023-raclette-150x150.png 150w, https://casalparis.cat/wp-content/uploads/2023/11/Dinar-Nadal-2023-raclette-768x768.png 768w, https://casalparis.cat/wp-content/uploads/2023/11/Dinar-Nadal-2023-raclette.png 1080w" sizes="auto, (max-width: 300px) 100vw, 300px" /></p>
<p data-redactor-style-cache="margin: 0px;"><a href="https://www.helloasso.com/associations/casal-de-catalunya-de-paris/evenements/dinar-de-nadal-2023-repas-de-noel-2023">Reserves</a></p>
<p data-redactor-style-cache="margin: 0px;"><img loading="lazy" decoding="async" class="alignnone wp-image-2949 size-thumbnail" src="https://casalparis.cat/wp-content/uploads/2023/11/qrcode-150x150.png" alt="" width="150" height="150" srcset="https://casalparis.cat/wp-content/uploads/2023/11/qrcode-150x150.png 150w, https://casalparis.cat/wp-content/uploads/2023/11/qrcode-300x300.png 300w, https://casalparis.cat/wp-content/uploads/2023/11/qrcode.png 600w" sizes="auto, (max-width: 150px) 100vw, 150px" /></p>

<p>La date est fixée au dimanche 10 décembre pour le traditionnel repas de Noël. Conjointement, les associations Casal de Catalunya de Paris et Amicale des catalans d&#8217;Ile de France, organisent comme chaque année un déjeuner à l&#8217;occasion de fêtes de &hellip; <a href="https://casalparis.cat/?tribe_events=10-12-2023-dinar-de-nadal">Continua llegint <span class="meta-nav">&rarr;</span></a></p>
