{"id":2917,"date":"2023-10-29T20:03:32","date_gmt":"2023-10-29T19:03:32","guid":{"rendered":"https:\/\/casalparis.cat\/?post_type=tribe_events&#038;p=2917"},"modified":"2023-10-29T20:03:32","modified_gmt":"2023-10-29T19:03:32","slug":"14-11-2023-primer-curs-de-catala","status":"publish","type":"tribe_events","link":"https:\/\/casalparis.cat\/?tribe_events=14-11-2023-primer-curs-de-catala","title":{"rendered":"14\/11\/2023 Primer curs de catal\u00e0"},"content":{"rendered":"<p><strong><img loading=\"lazy\" decoding=\"async\" class=\"size-medium wp-image-2840 alignleft\" src=\"https:\/\/casalparis.cat\/wp-content\/uploads\/2023\/09\/Linguafest-2023-09-30-at-21.47.03-150x300.jpeg\" alt=\"\" width=\"150\" height=\"300\" srcset=\"https:\/\/casalparis.cat\/wp-content\/uploads\/2023\/09\/Linguafest-2023-09-30-at-21.47.03-150x300.jpeg 150w, https:\/\/casalparis.cat\/wp-content\/uploads\/2023\/09\/Linguafest-2023-09-30-at-21.47.03-512x1024.jpeg 512w, https:\/\/casalparis.cat\/wp-content\/uploads\/2023\/09\/Linguafest-2023-09-30-at-21.47.03-768x1536.jpeg 768w, https:\/\/casalparis.cat\/wp-content\/uploads\/2023\/09\/Linguafest-2023-09-30-at-21.47.03.jpeg 800w\" sizes=\"auto, (max-width: 150px) 100vw, 150px\" \/>Curs de catal\u00e0 nivell b\u00e0sic<\/strong> de 19h00 a 20h30 al local del Museu Mundolingua, 10 rue Servandoni \u2013 75006 Par\u00eds.<\/p>\n<p>Metro: Odeon o Luxembourg.<\/p>\n<p><strong>El primer curs tindr\u00e0 lloc el dimarts 14 de novembre<\/strong>. Aix\u00ed que si us sembla b\u00e9, apunteu-vos a l&#8217;aventura pel curs 2023-2024. Podeu validar la vostra inscripci\u00f3 en aquest enlla\u00e7 de helloasso: <a href=\"https:\/\/www.helloasso.com\/associations\/casal-de-catalunya-de-paris\/evenements\/cursos-de-catala-cours-de-catalan\" target=\"_blank\" rel=\"noopener\" data-saferedirecturl=\"https:\/\/www.google.com\/url?q=https:\/\/www.helloasso.com\/associations\/casal-de-catalunya-de-paris\/evenements\/cursos-de-catala-cours-de-catalan&amp;source=gmail&amp;ust=1698691884908000&amp;usg=AOvVaw1aFyhYoRir5xTrzUegOIIn\">Cursos de catal\u00e0.<\/a><\/p>\n<p>Socis: 200 euros &#8211; No socis: 300 euros<\/p>\n<p>******<\/p>\n<p>&nbsp;<\/p>\n<p><em><strong>Cours de catalan niveau d\u00e9butant de <\/strong><\/em><em>19h00 \u00e0 20h30 dans les locaux du Mus\u00e9e Mundolignua 10 rue Servandoni 75006 Paris. <\/em><\/p>\n<p><em>Metro: Odeon ou Luxembourg.<\/em><\/p>\n<p><em><strong>Le premier cours aura lieu le mardi 14 novembre<\/strong>. Alors, si cela vous tente, inscrivez-vous \u00e0 l&#8217;aventure pour la saison 2023-2024. Vous pouvez valider votre inscription sur ce lien helloasso: <a href=\"https:\/\/www.helloasso.com\/associations\/casal-de-catalunya-de-paris\/evenements\/cursos-de-catala-cours-de-catalan\" target=\"_blank\" rel=\"noopener\" data-saferedirecturl=\"https:\/\/www.google.com\/url?q=https:\/\/www.helloasso.com\/associations\/casal-de-catalunya-de-paris\/evenements\/cursos-de-catala-cours-de-catalan&amp;source=gmail&amp;ust=1698691884908000&amp;usg=AOvVaw1aFyhYoRir5xTrzUegOIIn\">cours de catalan.<\/a><\/em><\/p>\n<p><em>Adh\u00e9rents: 200 euros &#8211; <\/em><em>Non adh\u00e9rents: 300 euros<\/em><\/p>\n","protected":false},"excerpt":{"rendered":"<p>Curs de catal\u00e0 nivell b\u00e0sic de 19h00 a 20h30 al local del Museu Mundolingua, 10 rue Servandoni \u2013 75006 Par\u00eds. Metro: Odeon o Luxembourg. El primer curs tindr\u00e0 lloc el dimarts 14 de novembre. Aix\u00ed que si us sembla b\u00e9, &hellip; <a href=\"https:\/\/casalparis.cat\/?tribe_events=14-11-2023-primer-curs-de-catala\">Continua llegint <span class=\"meta-nav\">&rarr;<\/span><\/a><\/p>\n","protected":false},"author":1,"featured_media":2837,"template":"","meta":{"_tribe_events_status":"","_tribe_events_status_reason":"","footnotes":""},"tags":[67,23,97,221],"tribe_events_cat":[68],"class_list":["post-2917","tribe_events","type-tribe_events","status-publish","has-post-thumbnail","hentry","tag-agenda","tag-casalparis","tag-catala","tag-cursos","tribe_events_cat-agenda","cat_agenda"],"_links":{"self":[{"href":"https:\/\/casalparis.cat\/index.php?rest_route=\/wp\/v2\/tribe_events\/2917","targetHints":{"allow":["GET"]}}],"collection":[{"href":"https:\/\/casalparis.cat\/index.php?rest_route=\/wp\/v2\/tribe_events"}],"about":[{"href":"https:\/\/casalparis.cat\/index.php?rest_route=\/wp\/v2\/types\/tribe_events"}],"author":[{"embeddable":true,"href":"https:\/\/casalparis.cat\/index.php?rest_route=\/wp\/v2\/users\/1"}],"version-history":[{"count":1,"href":"https:\/\/casalparis.cat\/index.php?rest_route=\/wp\/v2\/tribe_events\/2917\/revisions"}],"predecessor-version":[{"id":2918,"href":"https:\/\/casalparis.cat\/index.php?rest_route=\/wp\/v2\/tribe_events\/2917\/revisions\/2918"}],"wp:featuredmedia":[{"embeddable":true,"href":"https:\/\/casalparis.cat\/index.php?rest_route=\/wp\/v2\/media\/2837"}],"wp:attachment":[{"href":"https:\/\/casalparis.cat\/index.php?rest_route=%2Fwp%2Fv2%2Fmedia&parent=2917"}],"wp:term":[{"taxonomy":"post_tag","embeddable":true,"href":"https:\/\/casalparis.cat\/index.php?rest_route=%2Fwp%2Fv2%2Ftags&post=2917"},{"taxonomy":"tribe_events_cat","embeddable":true,"href":"https:\/\/casalparis.cat\/index.php?rest_route=%2Fwp%2Fv2%2Ftribe_events_cat&post=2917"}],"curies":[{"name":"wp","href":"https:\/\/api.w.org\/{rel}","templated":true}]}}

14/11/2023 Primer curs de català

<p><strong><img loading="lazy" decoding="async" class="size-medium wp-image-2840 alignleft" src="https://casalparis.cat/wp-content/uploads/2023/09/Linguafest-2023-09-30-at-21.47.03-150x300.jpeg" alt="" width="150" height="300" srcset="https://casalparis.cat/wp-content/uploads/2023/09/Linguafest-2023-09-30-at-21.47.03-150x300.jpeg 150w, https://casalparis.cat/wp-content/uploads/2023/09/Linguafest-2023-09-30-at-21.47.03-512x1024.jpeg 512w, https://casalparis.cat/wp-content/uploads/2023/09/Linguafest-2023-09-30-at-21.47.03-768x1536.jpeg 768w, https://casalparis.cat/wp-content/uploads/2023/09/Linguafest-2023-09-30-at-21.47.03.jpeg 800w" sizes="auto, (max-width: 150px) 100vw, 150px" />Curs de català nivell bàsic</strong> de 19h00 a 20h30 al local del Museu Mundolingua, 10 rue Servandoni – 75006 París.</p>
<p>Metro: Odeon o Luxembourg.</p>
<p><strong>El primer curs tindrà lloc el dimarts 14 de novembre</strong>. Així que si us sembla bé, apunteu-vos a l&#8217;aventura pel curs 2023-2024. Podeu validar la vostra inscripció en aquest enllaç de helloasso: <a href="https://www.helloasso.com/associations/casal-de-catalunya-de-paris/evenements/cursos-de-catala-cours-de-catalan" target="_blank" rel="noopener" data-saferedirecturl="https://www.google.com/url?q=https://www.helloasso.com/associations/casal-de-catalunya-de-paris/evenements/cursos-de-catala-cours-de-catalan&amp;source=gmail&amp;ust=1698691884908000&amp;usg=AOvVaw1aFyhYoRir5xTrzUegOIIn">Cursos de català.</a></p>
<p>Socis: 200 euros &#8211; No socis: 300 euros</p>
<p>******</p>
<p>&nbsp;</p>
<p><em><strong>Cours de catalan niveau débutant de </strong></em><em>19h00 à 20h30 dans les locaux du Musée Mundolignua 10 rue Servandoni 75006 Paris. </em></p>
<p><em>Metro: Odeon ou Luxembourg.</em></p>
<p><em><strong>Le premier cours aura lieu le mardi 14 novembre</strong>. Alors, si cela vous tente, inscrivez-vous à l&#8217;aventure pour la saison 2023-2024. Vous pouvez valider votre inscription sur ce lien helloasso: <a href="https://www.helloasso.com/associations/casal-de-catalunya-de-paris/evenements/cursos-de-catala-cours-de-catalan" target="_blank" rel="noopener" data-saferedirecturl="https://www.google.com/url?q=https://www.helloasso.com/associations/casal-de-catalunya-de-paris/evenements/cursos-de-catala-cours-de-catalan&amp;source=gmail&amp;ust=1698691884908000&amp;usg=AOvVaw1aFyhYoRir5xTrzUegOIIn">cours de catalan.</a></em></p>
<p><em>Adhérents: 200 euros &#8211; </em><em>Non adhérents: 300 euros</em></p>

<p>Curs de català nivell bàsic de 19h00 a 20h30 al local del Museu Mundolingua, 10 rue Servandoni – 75006 París. Metro: Odeon o Luxembourg. El primer curs tindrà lloc el dimarts 14 de novembre. Així que si us sembla bé, &hellip; <a href="https://casalparis.cat/?tribe_events=14-11-2023-primer-curs-de-catala">Continua llegint <span class="meta-nav">&rarr;</span></a></p>
