{"id":2770,"date":"2023-09-03T12:44:25","date_gmt":"2023-09-03T10:44:25","guid":{"rendered":"https:\/\/casalparis.cat\/?post_type=tribe_events&#038;p=2770"},"modified":"2023-09-30T22:05:36","modified_gmt":"2023-09-30T20:05:36","slug":"del-29-09-a-l01-10-fira-linguafest","status":"publish","type":"tribe_events","link":"https:\/\/casalparis.cat\/?tribe_events=del-29-09-a-l01-10-fira-linguafest","title":{"rendered":"Del 29\/09 a l&#8217;01\/10 Fira linguafest"},"content":{"rendered":"<p><img loading=\"lazy\" decoding=\"async\" class=\"aligncenter wp-image-2771 size-full\" src=\"https:\/\/casalparis.cat\/wp-content\/uploads\/2023\/09\/Capture-decran-2023-09-02-a-12.17.12.png\" alt=\"\" width=\"912\" height=\"329\" srcset=\"https:\/\/casalparis.cat\/wp-content\/uploads\/2023\/09\/Capture-decran-2023-09-02-a-12.17.12.png 912w, https:\/\/casalparis.cat\/wp-content\/uploads\/2023\/09\/Capture-decran-2023-09-02-a-12.17.12-300x108.png 300w, https:\/\/casalparis.cat\/wp-content\/uploads\/2023\/09\/Capture-decran-2023-09-02-a-12.17.12-768x277.png 768w, https:\/\/casalparis.cat\/wp-content\/uploads\/2023\/09\/Capture-decran-2023-09-02-a-12.17.12-500x180.png 500w\" sizes=\"auto, (max-width: 912px) 100vw, 912px\" \/><\/p>\n<p>El Casal de Catalunya, amb el suport dels lectors de la Sorbona, participar\u00e0 a la fira &#8220;Linguafest&#8221; que tindr\u00e0 lloc del divendres 29\/09 al diumenge 01\/10 a la sala Les Blancs Manteaux del Marais.<\/p>\n<p><a href=\"https:\/\/casalparis.cat\/wp-content\/uploads\/2023\/09\/Linguafest-Affiche-v2.pdf\">Linguafest Affiche v2<\/a><\/p>\n<p>Linguafest \u00e9s una fira organitzada pel &#8220;Mus\u00e9e des langues Mundolingua&#8221; que presenta una multitut de lleng\u00fces des de diferents \u00e0mbits amb espais reservats a:<\/p>\n<p>1.\u00a0<strong>Editors i llibreters<\/strong><\/p>\n<p>2. <strong>Estades ling\u00fcistiques<\/strong><\/p>\n<p>3.<strong> Espai de confer\u00e8ncies i esdeveniments <\/strong><\/p>\n<p>4. <strong>Escoles d&#8217;idiomes<\/strong><\/p>\n<p>5.\u00a0<strong>Les grans <\/strong><strong>Institucions<\/strong><\/p>\n<p>6.\u00a0<strong>Centres culturals<\/strong><\/p>\n<p>7.\u00a0<strong>Diverses associacions<\/strong><\/p>\n<p>Ajudeu-nos a fer ress<span id=\"e-ct\"><span data-redactor-span=\"true\" data-redactor-style-cache=\"color: rgb(0, 0, 0);\">\u00f3<\/span><\/span> de la nostra llengua i passeu a veure&#8217;ns. I sobretot, si teniu ganes d&#8217;aprendre catal\u00e0, feu-nos-ho saber!<\/p>\n<p>************<\/p>\n<p><em>Le Casal de Catalunya en collaboration avec les professeurs de catalan de la Sorbonne, participera au salon Linguafest qui aura lieu du vendredi 29\/09 au dimanche 01\/10 \u00e0 la Halle Les Blanc Manteaux dans le quartier du Marais.<\/em><\/p>\n<p><em>Linguafest est un salon organis\u00e9 par le &#8220;Mus\u00e9e des langues Mundolingua&#8221; qui pr\u00e9sente une multitude de langues sous diff\u00e9rents angles avec des espaces d\u00e9di\u00e9s \u00e0:<\/em><\/p>\n<p><em>1.\u00a0<strong>Editeurs et libraires<\/strong> <\/em><\/p>\n<p><em>2.\u00a0<strong>S\u00e9jours linguistiques<\/strong> <\/em><\/p>\n<p><em>3.<strong>\u00a0Espace Conf\u00e9rence et \u00e9v\u00e9nements<\/strong> :<\/em><\/p>\n<p><em>4.\u00a0<strong>\u00c9coles de langues<\/strong> <\/em><\/p>\n<p><em>5.\u00a0<strong>Les grandes\u00a0<\/strong><strong>Institutions<\/strong><\/em><\/p>\n<p><em>6.\u00a0<strong>Centres culturels<\/strong> <\/em><\/p>\n<p><em>7.\u00a0<strong>Diverses associations<\/strong> <\/em><\/p>\n<p><em>Venez nous aider \u00e0 faire diffusion de la langue catalane et passez nous voir. Et surtout, si vous avez envie d&#8217;apprendre le catalan, faites-nous-le savoir!<\/em><\/p>\n<p>&nbsp;<\/p>\n<p><strong><img loading=\"lazy\" decoding=\"async\" class=\"alignnone size-medium wp-image-2841\" src=\"https:\/\/casalparis.cat\/wp-content\/uploads\/2023\/09\/Linguafest-2023-09-30-at-21.47.04-1-203x300.jpeg\" alt=\"\" width=\"203\" height=\"300\" srcset=\"https:\/\/casalparis.cat\/wp-content\/uploads\/2023\/09\/Linguafest-2023-09-30-at-21.47.04-1-203x300.jpeg 203w, https:\/\/casalparis.cat\/wp-content\/uploads\/2023\/09\/Linguafest-2023-09-30-at-21.47.04-1-693x1024.jpeg 693w, https:\/\/casalparis.cat\/wp-content\/uploads\/2023\/09\/Linguafest-2023-09-30-at-21.47.04-1-768x1135.jpeg 768w, https:\/\/casalparis.cat\/wp-content\/uploads\/2023\/09\/Linguafest-2023-09-30-at-21.47.04-1.jpeg 966w\" sizes=\"auto, (max-width: 203px) 100vw, 203px\" \/><\/strong><strong><img loading=\"lazy\" decoding=\"async\" class=\"alignnone size-medium wp-image-2836\" src=\"https:\/\/casalparis.cat\/wp-content\/uploads\/2023\/09\/Linguafest-2023-09-30-at-21.48.16-1-169x300.jpeg\" alt=\"\" width=\"169\" height=\"300\" srcset=\"https:\/\/casalparis.cat\/wp-content\/uploads\/2023\/09\/Linguafest-2023-09-30-at-21.48.16-1-169x300.jpeg 169w, https:\/\/casalparis.cat\/wp-content\/uploads\/2023\/09\/Linguafest-2023-09-30-at-21.48.16-1-577x1024.jpeg 577w, https:\/\/casalparis.cat\/wp-content\/uploads\/2023\/09\/Linguafest-2023-09-30-at-21.48.16-1-768x1364.jpeg 768w, https:\/\/casalparis.cat\/wp-content\/uploads\/2023\/09\/Linguafest-2023-09-30-at-21.48.16-1-865x1536.jpeg 865w, https:\/\/casalparis.cat\/wp-content\/uploads\/2023\/09\/Linguafest-2023-09-30-at-21.48.16-1.jpeg 901w\" sizes=\"auto, (max-width: 169px) 100vw, 169px\" \/><\/strong><strong><img loading=\"lazy\" decoding=\"async\" class=\"alignnone size-medium wp-image-2840\" src=\"https:\/\/casalparis.cat\/wp-content\/uploads\/2023\/09\/Linguafest-2023-09-30-at-21.47.03-150x300.jpeg\" alt=\"\" width=\"150\" height=\"300\" srcset=\"https:\/\/casalparis.cat\/wp-content\/uploads\/2023\/09\/Linguafest-2023-09-30-at-21.47.03-150x300.jpeg 150w, https:\/\/casalparis.cat\/wp-content\/uploads\/2023\/09\/Linguafest-2023-09-30-at-21.47.03-512x1024.jpeg 512w, https:\/\/casalparis.cat\/wp-content\/uploads\/2023\/09\/Linguafest-2023-09-30-at-21.47.03-768x1536.jpeg 768w, https:\/\/casalparis.cat\/wp-content\/uploads\/2023\/09\/Linguafest-2023-09-30-at-21.47.03.jpeg 800w\" sizes=\"auto, (max-width: 150px) 100vw, 150px\" \/><\/strong><strong> <img loading=\"lazy\" decoding=\"async\" class=\"alignnone size-medium wp-image-2838\" src=\"https:\/\/casalparis.cat\/wp-content\/uploads\/2023\/09\/Linguafest-2023-09-30-at-21.48.17-1-169x300.jpeg\" alt=\"\" width=\"169\" height=\"300\" srcset=\"https:\/\/casalparis.cat\/wp-content\/uploads\/2023\/09\/Linguafest-2023-09-30-at-21.48.17-1-169x300.jpeg 169w, https:\/\/casalparis.cat\/wp-content\/uploads\/2023\/09\/Linguafest-2023-09-30-at-21.48.17-1-577x1024.jpeg 577w, https:\/\/casalparis.cat\/wp-content\/uploads\/2023\/09\/Linguafest-2023-09-30-at-21.48.17-1-768x1364.jpeg 768w, https:\/\/casalparis.cat\/wp-content\/uploads\/2023\/09\/Linguafest-2023-09-30-at-21.48.17-1-865x1536.jpeg 865w, https:\/\/casalparis.cat\/wp-content\/uploads\/2023\/09\/Linguafest-2023-09-30-at-21.48.17-1.jpeg 901w\" sizes=\"auto, (max-width: 169px) 100vw, 169px\" \/> <img loading=\"lazy\" decoding=\"async\" class=\"alignnone size-medium wp-image-2839\" src=\"https:\/\/casalparis.cat\/wp-content\/uploads\/2023\/09\/Linguafest-2023-09-30-at-21.48.18-300x169.jpeg\" alt=\"\" width=\"300\" height=\"169\" srcset=\"https:\/\/casalparis.cat\/wp-content\/uploads\/2023\/09\/Linguafest-2023-09-30-at-21.48.18-300x169.jpeg 300w, https:\/\/casalparis.cat\/wp-content\/uploads\/2023\/09\/Linguafest-2023-09-30-at-21.48.18-1024x577.jpeg 1024w, https:\/\/casalparis.cat\/wp-content\/uploads\/2023\/09\/Linguafest-2023-09-30-at-21.48.18-768x432.jpeg 768w, https:\/\/casalparis.cat\/wp-content\/uploads\/2023\/09\/Linguafest-2023-09-30-at-21.48.18-1536x865.jpeg 1536w, https:\/\/casalparis.cat\/wp-content\/uploads\/2023\/09\/Linguafest-2023-09-30-at-21.48.18-500x282.jpeg 500w, https:\/\/casalparis.cat\/wp-content\/uploads\/2023\/09\/Linguafest-2023-09-30-at-21.48.18.jpeg 1600w\" sizes=\"auto, (max-width: 300px) 100vw, 300px\" \/>\u00a0\u00a0 <img loading=\"lazy\" decoding=\"async\" class=\"alignnone size-medium wp-image-2842\" src=\"https:\/\/casalparis.cat\/wp-content\/uploads\/2023\/09\/Linguafest-2023-09-30-at-21.47.04-150x300.jpeg\" alt=\"\" width=\"150\" height=\"300\" srcset=\"https:\/\/casalparis.cat\/wp-content\/uploads\/2023\/09\/Linguafest-2023-09-30-at-21.47.04-150x300.jpeg 150w, https:\/\/casalparis.cat\/wp-content\/uploads\/2023\/09\/Linguafest-2023-09-30-at-21.47.04-512x1024.jpeg 512w, https:\/\/casalparis.cat\/wp-content\/uploads\/2023\/09\/Linguafest-2023-09-30-at-21.47.04-768x1536.jpeg 768w, https:\/\/casalparis.cat\/wp-content\/uploads\/2023\/09\/Linguafest-2023-09-30-at-21.47.04.jpeg 800w\" sizes=\"auto, (max-width: 150px) 100vw, 150px\" \/> <img loading=\"lazy\" decoding=\"async\" class=\"alignnone size-medium wp-image-2837\" src=\"https:\/\/casalparis.cat\/wp-content\/uploads\/2023\/09\/Linguafest-2023-09-30-at-21.48.16-225x300.jpeg\" alt=\"\" width=\"225\" height=\"300\" \/><\/strong><\/p>\n<p>&nbsp;<\/p>\n","protected":false},"excerpt":{"rendered":"<p>El Casal de Catalunya, amb el suport dels lectors de la Sorbona, participar\u00e0 a la fira &#8220;Linguafest&#8221; que tindr\u00e0 lloc del divendres 29\/09 al diumenge 01\/10 a la sala Les Blancs Manteaux del Marais. Linguafest Affiche v2 Linguafest \u00e9s una &hellip; <a href=\"https:\/\/casalparis.cat\/?tribe_events=del-29-09-a-l01-10-fira-linguafest\">Continua llegint <span class=\"meta-nav\">&rarr;<\/span><\/a><\/p>\n","protected":false},"author":1,"featured_media":2771,"template":"","meta":{"_tribe_events_status":"","_tribe_events_status_reason":"","footnotes":""},"tags":[67,23,97,385,452,38,22],"tribe_events_cat":[68],"class_list":["post-2770","tribe_events","type-tribe_events","status-publish","has-post-thumbnail","hentry","tag-agenda","tag-casalparis","tag-catala","tag-centre-etudes-catalanes","tag-lasorbonne","tag-paris","tag-somcasal","tribe_events_cat-agenda","cat_agenda"],"_links":{"self":[{"href":"https:\/\/casalparis.cat\/index.php?rest_route=\/wp\/v2\/tribe_events\/2770","targetHints":{"allow":["GET"]}}],"collection":[{"href":"https:\/\/casalparis.cat\/index.php?rest_route=\/wp\/v2\/tribe_events"}],"about":[{"href":"https:\/\/casalparis.cat\/index.php?rest_route=\/wp\/v2\/types\/tribe_events"}],"author":[{"embeddable":true,"href":"https:\/\/casalparis.cat\/index.php?rest_route=\/wp\/v2\/users\/1"}],"version-history":[{"count":4,"href":"https:\/\/casalparis.cat\/index.php?rest_route=\/wp\/v2\/tribe_events\/2770\/revisions"}],"predecessor-version":[{"id":2843,"href":"https:\/\/casalparis.cat\/index.php?rest_route=\/wp\/v2\/tribe_events\/2770\/revisions\/2843"}],"wp:featuredmedia":[{"embeddable":true,"href":"https:\/\/casalparis.cat\/index.php?rest_route=\/wp\/v2\/media\/2771"}],"wp:attachment":[{"href":"https:\/\/casalparis.cat\/index.php?rest_route=%2Fwp%2Fv2%2Fmedia&parent=2770"}],"wp:term":[{"taxonomy":"post_tag","embeddable":true,"href":"https:\/\/casalparis.cat\/index.php?rest_route=%2Fwp%2Fv2%2Ftags&post=2770"},{"taxonomy":"tribe_events_cat","embeddable":true,"href":"https:\/\/casalparis.cat\/index.php?rest_route=%2Fwp%2Fv2%2Ftribe_events_cat&post=2770"}],"curies":[{"name":"wp","href":"https:\/\/api.w.org\/{rel}","templated":true}]}}

<p><img loading="lazy" decoding="async" class="aligncenter wp-image-2771 size-full" src="https://casalparis.cat/wp-content/uploads/2023/09/Capture-decran-2023-09-02-a-12.17.12.png" alt="" width="912" height="329" srcset="https://casalparis.cat/wp-content/uploads/2023/09/Capture-decran-2023-09-02-a-12.17.12.png 912w, https://casalparis.cat/wp-content/uploads/2023/09/Capture-decran-2023-09-02-a-12.17.12-300x108.png 300w, https://casalparis.cat/wp-content/uploads/2023/09/Capture-decran-2023-09-02-a-12.17.12-768x277.png 768w, https://casalparis.cat/wp-content/uploads/2023/09/Capture-decran-2023-09-02-a-12.17.12-500x180.png 500w" sizes="auto, (max-width: 912px) 100vw, 912px" /></p>
<p>El Casal de Catalunya, amb el suport dels lectors de la Sorbona, participarà a la fira &#8220;Linguafest&#8221; que tindrà lloc del divendres 29/09 al diumenge 01/10 a la sala Les Blancs Manteaux del Marais.</p>
<p><a href="https://casalparis.cat/wp-content/uploads/2023/09/Linguafest-Affiche-v2.pdf">Linguafest Affiche v2</a></p>
<p>Linguafest és una fira organitzada pel &#8220;Musée des langues Mundolingua&#8221; que presenta una multitut de llengües des de diferents àmbits amb espais reservats a:</p>
<p>1. <strong>Editors i llibreters</strong></p>
<p>2. <strong>Estades lingüistiques</strong></p>
<p>3.<strong> Espai de conferències i esdeveniments </strong></p>
<p>4. <strong>Escoles d&#8217;idiomes</strong></p>
<p>5. <strong>Les grans </strong><strong>Institucions</strong></p>
<p>6. <strong>Centres culturals</strong></p>
<p>7. <strong>Diverses associacions</strong></p>
<p>Ajudeu-nos a fer ress<span id="e-ct"><span data-redactor-span="true" data-redactor-style-cache="color: rgb(0, 0, 0);">ó</span></span> de la nostra llengua i passeu a veure&#8217;ns. I sobretot, si teniu ganes d&#8217;aprendre català, feu-nos-ho saber!</p>
<p>************</p>
<p><em>Le Casal de Catalunya en collaboration avec les professeurs de catalan de la Sorbonne, participera au salon Linguafest qui aura lieu du vendredi 29/09 au dimanche 01/10 à la Halle Les Blanc Manteaux dans le quartier du Marais.</em></p>
<p><em>Linguafest est un salon organisé par le &#8220;Musée des langues Mundolingua&#8221; qui présente une multitude de langues sous différents angles avec des espaces dédiés à:</em></p>
<p><em>1. <strong>Editeurs et libraires</strong> </em></p>
<p><em>2. <strong>Séjours linguistiques</strong> </em></p>
<p><em>3.<strong> Espace Conférence et événements</strong> :</em></p>
<p><em>4. <strong>Écoles de langues</strong> </em></p>
<p><em>5. <strong>Les grandes </strong><strong>Institutions</strong></em></p>
<p><em>6. <strong>Centres culturels</strong> </em></p>
<p><em>7. <strong>Diverses associations</strong> </em></p>
<p><em>Venez nous aider à faire diffusion de la langue catalane et passez nous voir. Et surtout, si vous avez envie d&#8217;apprendre le catalan, faites-nous-le savoir!</em></p>
<p>&nbsp;</p>
<p><strong><img loading="lazy" decoding="async" class="alignnone size-medium wp-image-2841" src="https://casalparis.cat/wp-content/uploads/2023/09/Linguafest-2023-09-30-at-21.47.04-1-203x300.jpeg" alt="" width="203" height="300" srcset="https://casalparis.cat/wp-content/uploads/2023/09/Linguafest-2023-09-30-at-21.47.04-1-203x300.jpeg 203w, https://casalparis.cat/wp-content/uploads/2023/09/Linguafest-2023-09-30-at-21.47.04-1-693x1024.jpeg 693w, https://casalparis.cat/wp-content/uploads/2023/09/Linguafest-2023-09-30-at-21.47.04-1-768x1135.jpeg 768w, https://casalparis.cat/wp-content/uploads/2023/09/Linguafest-2023-09-30-at-21.47.04-1.jpeg 966w" sizes="auto, (max-width: 203px) 100vw, 203px" /></strong><strong><img loading="lazy" decoding="async" class="alignnone size-medium wp-image-2836" src="https://casalparis.cat/wp-content/uploads/2023/09/Linguafest-2023-09-30-at-21.48.16-1-169x300.jpeg" alt="" width="169" height="300" srcset="https://casalparis.cat/wp-content/uploads/2023/09/Linguafest-2023-09-30-at-21.48.16-1-169x300.jpeg 169w, https://casalparis.cat/wp-content/uploads/2023/09/Linguafest-2023-09-30-at-21.48.16-1-577x1024.jpeg 577w, https://casalparis.cat/wp-content/uploads/2023/09/Linguafest-2023-09-30-at-21.48.16-1-768x1364.jpeg 768w, https://casalparis.cat/wp-content/uploads/2023/09/Linguafest-2023-09-30-at-21.48.16-1-865x1536.jpeg 865w, https://casalparis.cat/wp-content/uploads/2023/09/Linguafest-2023-09-30-at-21.48.16-1.jpeg 901w" sizes="auto, (max-width: 169px) 100vw, 169px" /></strong><strong><img loading="lazy" decoding="async" class="alignnone size-medium wp-image-2840" src="https://casalparis.cat/wp-content/uploads/2023/09/Linguafest-2023-09-30-at-21.47.03-150x300.jpeg" alt="" width="150" height="300" srcset="https://casalparis.cat/wp-content/uploads/2023/09/Linguafest-2023-09-30-at-21.47.03-150x300.jpeg 150w, https://casalparis.cat/wp-content/uploads/2023/09/Linguafest-2023-09-30-at-21.47.03-512x1024.jpeg 512w, https://casalparis.cat/wp-content/uploads/2023/09/Linguafest-2023-09-30-at-21.47.03-768x1536.jpeg 768w, https://casalparis.cat/wp-content/uploads/2023/09/Linguafest-2023-09-30-at-21.47.03.jpeg 800w" sizes="auto, (max-width: 150px) 100vw, 150px" /></strong><strong> <img loading="lazy" decoding="async" class="alignnone size-medium wp-image-2838" src="https://casalparis.cat/wp-content/uploads/2023/09/Linguafest-2023-09-30-at-21.48.17-1-169x300.jpeg" alt="" width="169" height="300" srcset="https://casalparis.cat/wp-content/uploads/2023/09/Linguafest-2023-09-30-at-21.48.17-1-169x300.jpeg 169w, https://casalparis.cat/wp-content/uploads/2023/09/Linguafest-2023-09-30-at-21.48.17-1-577x1024.jpeg 577w, https://casalparis.cat/wp-content/uploads/2023/09/Linguafest-2023-09-30-at-21.48.17-1-768x1364.jpeg 768w, https://casalparis.cat/wp-content/uploads/2023/09/Linguafest-2023-09-30-at-21.48.17-1-865x1536.jpeg 865w, https://casalparis.cat/wp-content/uploads/2023/09/Linguafest-2023-09-30-at-21.48.17-1.jpeg 901w" sizes="auto, (max-width: 169px) 100vw, 169px" /> <img loading="lazy" decoding="async" class="alignnone size-medium wp-image-2839" src="https://casalparis.cat/wp-content/uploads/2023/09/Linguafest-2023-09-30-at-21.48.18-300x169.jpeg" alt="" width="300" height="169" srcset="https://casalparis.cat/wp-content/uploads/2023/09/Linguafest-2023-09-30-at-21.48.18-300x169.jpeg 300w, https://casalparis.cat/wp-content/uploads/2023/09/Linguafest-2023-09-30-at-21.48.18-1024x577.jpeg 1024w, https://casalparis.cat/wp-content/uploads/2023/09/Linguafest-2023-09-30-at-21.48.18-768x432.jpeg 768w, https://casalparis.cat/wp-content/uploads/2023/09/Linguafest-2023-09-30-at-21.48.18-1536x865.jpeg 1536w, https://casalparis.cat/wp-content/uploads/2023/09/Linguafest-2023-09-30-at-21.48.18-500x282.jpeg 500w, https://casalparis.cat/wp-content/uploads/2023/09/Linguafest-2023-09-30-at-21.48.18.jpeg 1600w" sizes="auto, (max-width: 300px) 100vw, 300px" />   <img loading="lazy" decoding="async" class="alignnone size-medium wp-image-2842" src="https://casalparis.cat/wp-content/uploads/2023/09/Linguafest-2023-09-30-at-21.47.04-150x300.jpeg" alt="" width="150" height="300" srcset="https://casalparis.cat/wp-content/uploads/2023/09/Linguafest-2023-09-30-at-21.47.04-150x300.jpeg 150w, https://casalparis.cat/wp-content/uploads/2023/09/Linguafest-2023-09-30-at-21.47.04-512x1024.jpeg 512w, https://casalparis.cat/wp-content/uploads/2023/09/Linguafest-2023-09-30-at-21.47.04-768x1536.jpeg 768w, https://casalparis.cat/wp-content/uploads/2023/09/Linguafest-2023-09-30-at-21.47.04.jpeg 800w" sizes="auto, (max-width: 150px) 100vw, 150px" /> <img loading="lazy" decoding="async" class="alignnone size-medium wp-image-2837" src="https://casalparis.cat/wp-content/uploads/2023/09/Linguafest-2023-09-30-at-21.48.16-225x300.jpeg" alt="" width="225" height="300" /></strong></p>
<p>&nbsp;</p>

<p>El Casal de Catalunya, amb el suport dels lectors de la Sorbona, participarà a la fira &#8220;Linguafest&#8221; que tindrà lloc del divendres 29/09 al diumenge 01/10 a la sala Les Blancs Manteaux del Marais. Linguafest Affiche v2 Linguafest és una &hellip; <a href="https://casalparis.cat/?tribe_events=del-29-09-a-l01-10-fira-linguafest">Continua llegint <span class="meta-nav">&rarr;</span></a></p>
