{"id":2704,"date":"2023-05-28T22:21:12","date_gmt":"2023-05-28T20:21:12","guid":{"rendered":"https:\/\/casalparis.cat\/?post_type=tribe_events&#038;p=2704"},"modified":"2023-07-04T22:18:26","modified_gmt":"2023-07-04T20:18:26","slug":"09-07-2023-cargolada","status":"publish","type":"tribe_events","link":"https:\/\/casalparis.cat\/?tribe_events=09-07-2023-cargolada","title":{"rendered":"09\/07\/2023 Cargolada anul.lada"},"content":{"rendered":"<p><img loading=\"lazy\" decoding=\"async\" class=\"size-medium wp-image-2722 alignright\" src=\"https:\/\/casalparis.cat\/wp-content\/uploads\/2023\/05\/Cargolade-FR-CXL-300x300.jpg\" alt=\"\" width=\"300\" height=\"300\" srcset=\"https:\/\/casalparis.cat\/wp-content\/uploads\/2023\/05\/Cargolade-FR-CXL-300x300.jpg 300w, https:\/\/casalparis.cat\/wp-content\/uploads\/2023\/05\/Cargolade-FR-CXL-1024x1024.jpg 1024w, https:\/\/casalparis.cat\/wp-content\/uploads\/2023\/05\/Cargolade-FR-CXL-150x150.jpg 150w, https:\/\/casalparis.cat\/wp-content\/uploads\/2023\/05\/Cargolade-FR-CXL-768x768.jpg 768w, https:\/\/casalparis.cat\/wp-content\/uploads\/2023\/05\/Cargolade-FR-CXL.jpg 1080w\" sizes=\"auto, (max-width: 300px) 100vw, 300px\" \/><img loading=\"lazy\" decoding=\"async\" class=\"size-medium wp-image-2723 alignleft\" src=\"https:\/\/casalparis.cat\/wp-content\/uploads\/2023\/05\/Cargolada-CAT-CXL-300x300.jpg\" alt=\"\" width=\"300\" height=\"300\" srcset=\"https:\/\/casalparis.cat\/wp-content\/uploads\/2023\/05\/Cargolada-CAT-CXL-300x300.jpg 300w, https:\/\/casalparis.cat\/wp-content\/uploads\/2023\/05\/Cargolada-CAT-CXL-1024x1024.jpg 1024w, https:\/\/casalparis.cat\/wp-content\/uploads\/2023\/05\/Cargolada-CAT-CXL-150x150.jpg 150w, https:\/\/casalparis.cat\/wp-content\/uploads\/2023\/05\/Cargolada-CAT-CXL-768x768.jpg 768w, https:\/\/casalparis.cat\/wp-content\/uploads\/2023\/05\/Cargolada-CAT-CXL.jpg 1080w\" sizes=\"auto, (max-width: 300px) 100vw, 300px\" \/><\/p>\n<p>Malauradament, la sequera no ens permet poder organitzar la cargolada tal i com haviem previst. Els cargols no han tingut prou aigua!!!<\/p>\n<p>Ens veiem obligats a anul\u00b7lar l&#8217;esdeveniment esperant poder-vos-la proposar en una altra ocasi\u00f3. Perdoneu les mol\u00e8sties. Contactarem a totes les persones que han reservat per reemborsar el pagament.<\/p>\n<p>Malheureusement la s\u00e9cheresse ne nous permet pas de tenir la cargolade tel que nous l&#8217;avions pr\u00e9vu. Les escargots n&#8217;ont pas eu assez d&#8217;eau !!!<\/p>\n<p>On est oblig\u00e9s d&#8217;annuler cet \u00e9v\u00e9nement et on esp\u00e8re pouvoir vous le proposer \u00e0 une autre occasion. Veuillez nous en excuser.<\/p>\n<p>On contactera toutes les personnes qui ont fait le pre-paiement pour organiser le remboursement.<\/p>\n<p>&nbsp;<\/p>\n","protected":false},"excerpt":{"rendered":"<p>Malauradament, la sequera no ens permet poder organitzar la cargolada tal i com haviem previst. Els cargols no han tingut prou aigua!!! Ens veiem obligats a anul\u00b7lar l&#8217;esdeveniment esperant poder-vos-la proposar en una altra ocasi\u00f3. Perdoneu les mol\u00e8sties. Contactarem a &hellip; <a href=\"https:\/\/casalparis.cat\/?tribe_events=09-07-2023-cargolada\">Continua llegint <span class=\"meta-nav\">&rarr;<\/span><\/a><\/p>\n","protected":false},"author":1,"featured_media":2723,"template":"","meta":{"_tribe_events_status":"canceled","_tribe_events_status_reason":"Sense aigua no hi ha cargols....","footnotes":""},"tags":[67,443,103,23,247,22,352],"tribe_events_cat":[68],"class_list":["post-2704","tribe_events","type-tribe_events","status-publish","has-post-thumbnail","hentry","tag-agenda","tag-amicalecatalansiledefrance","tag-cargolada","tag-casalparis","tag-gastronomia","tag-somcasal","tag-tradicions","tribe_events_cat-agenda","cat_agenda","tribe-events-status__list-event-canceled"],"_links":{"self":[{"href":"https:\/\/casalparis.cat\/index.php?rest_route=\/wp\/v2\/tribe_events\/2704","targetHints":{"allow":["GET"]}}],"collection":[{"href":"https:\/\/casalparis.cat\/index.php?rest_route=\/wp\/v2\/tribe_events"}],"about":[{"href":"https:\/\/casalparis.cat\/index.php?rest_route=\/wp\/v2\/types\/tribe_events"}],"author":[{"embeddable":true,"href":"https:\/\/casalparis.cat\/index.php?rest_route=\/wp\/v2\/users\/1"}],"version-history":[{"count":4,"href":"https:\/\/casalparis.cat\/index.php?rest_route=\/wp\/v2\/tribe_events\/2704\/revisions"}],"predecessor-version":[{"id":2724,"href":"https:\/\/casalparis.cat\/index.php?rest_route=\/wp\/v2\/tribe_events\/2704\/revisions\/2724"}],"wp:featuredmedia":[{"embeddable":true,"href":"https:\/\/casalparis.cat\/index.php?rest_route=\/wp\/v2\/media\/2723"}],"wp:attachment":[{"href":"https:\/\/casalparis.cat\/index.php?rest_route=%2Fwp%2Fv2%2Fmedia&parent=2704"}],"wp:term":[{"taxonomy":"post_tag","embeddable":true,"href":"https:\/\/casalparis.cat\/index.php?rest_route=%2Fwp%2Fv2%2Ftags&post=2704"},{"taxonomy":"tribe_events_cat","embeddable":true,"href":"https:\/\/casalparis.cat\/index.php?rest_route=%2Fwp%2Fv2%2Ftribe_events_cat&post=2704"}],"curies":[{"name":"wp","href":"https:\/\/api.w.org\/{rel}","templated":true}]}}

<p><img loading="lazy" decoding="async" class="size-medium wp-image-2722 alignright" src="https://casalparis.cat/wp-content/uploads/2023/05/Cargolade-FR-CXL-300x300.jpg" alt="" width="300" height="300" srcset="https://casalparis.cat/wp-content/uploads/2023/05/Cargolade-FR-CXL-300x300.jpg 300w, https://casalparis.cat/wp-content/uploads/2023/05/Cargolade-FR-CXL-1024x1024.jpg 1024w, https://casalparis.cat/wp-content/uploads/2023/05/Cargolade-FR-CXL-150x150.jpg 150w, https://casalparis.cat/wp-content/uploads/2023/05/Cargolade-FR-CXL-768x768.jpg 768w, https://casalparis.cat/wp-content/uploads/2023/05/Cargolade-FR-CXL.jpg 1080w" sizes="auto, (max-width: 300px) 100vw, 300px" /><img loading="lazy" decoding="async" class="size-medium wp-image-2723 alignleft" src="https://casalparis.cat/wp-content/uploads/2023/05/Cargolada-CAT-CXL-300x300.jpg" alt="" width="300" height="300" srcset="https://casalparis.cat/wp-content/uploads/2023/05/Cargolada-CAT-CXL-300x300.jpg 300w, https://casalparis.cat/wp-content/uploads/2023/05/Cargolada-CAT-CXL-1024x1024.jpg 1024w, https://casalparis.cat/wp-content/uploads/2023/05/Cargolada-CAT-CXL-150x150.jpg 150w, https://casalparis.cat/wp-content/uploads/2023/05/Cargolada-CAT-CXL-768x768.jpg 768w, https://casalparis.cat/wp-content/uploads/2023/05/Cargolada-CAT-CXL.jpg 1080w" sizes="auto, (max-width: 300px) 100vw, 300px" /></p>
<p>Malauradament, la sequera no ens permet poder organitzar la cargolada tal i com haviem previst. Els cargols no han tingut prou aigua!!!</p>
<p>Ens veiem obligats a anul·lar l&#8217;esdeveniment esperant poder-vos-la proposar en una altra ocasió. Perdoneu les molèsties. Contactarem a totes les persones que han reservat per reemborsar el pagament.</p>
<p>Malheureusement la sécheresse ne nous permet pas de tenir la cargolade tel que nous l&#8217;avions prévu. Les escargots n&#8217;ont pas eu assez d&#8217;eau !!!</p>
<p>On est obligés d&#8217;annuler cet événement et on espère pouvoir vous le proposer à une autre occasion. Veuillez nous en excuser.</p>
<p>On contactera toutes les personnes qui ont fait le pre-paiement pour organiser le remboursement.</p>
<p>&nbsp;</p>

<p>Malauradament, la sequera no ens permet poder organitzar la cargolada tal i com haviem previst. Els cargols no han tingut prou aigua!!! Ens veiem obligats a anul·lar l&#8217;esdeveniment esperant poder-vos-la proposar en una altra ocasió. Perdoneu les molèsties. Contactarem a &hellip; <a href="https://casalparis.cat/?tribe_events=09-07-2023-cargolada">Continua llegint <span class="meta-nav">&rarr;</span></a></p>
