{"id":2670,"date":"2023-05-08T09:52:40","date_gmt":"2023-05-08T07:52:40","guid":{"rendered":"https:\/\/casalparis.cat\/?post_type=tribe_events&#038;p=2670"},"modified":"2023-05-28T22:13:42","modified_gmt":"2023-05-28T20:13:42","slug":"28-05-2023-caminada","status":"publish","type":"tribe_events","link":"https:\/\/casalparis.cat\/?tribe_events=28-05-2023-caminada","title":{"rendered":"28\/05\/2023 &#8211; Caminada"},"content":{"rendered":"<p><img loading=\"lazy\" decoding=\"async\" class=\"size-medium wp-image-2665 aligncenter\" src=\"https:\/\/casalparis.cat\/wp-content\/uploads\/2023\/05\/28-maig-2023-caminada-300x300.jpg\" alt=\"\" width=\"300\" height=\"300\" srcset=\"https:\/\/casalparis.cat\/wp-content\/uploads\/2023\/05\/28-maig-2023-caminada-300x300.jpg 300w, https:\/\/casalparis.cat\/wp-content\/uploads\/2023\/05\/28-maig-2023-caminada-1024x1024.jpg 1024w, https:\/\/casalparis.cat\/wp-content\/uploads\/2023\/05\/28-maig-2023-caminada-150x150.jpg 150w, https:\/\/casalparis.cat\/wp-content\/uploads\/2023\/05\/28-maig-2023-caminada-768x768.jpg 768w, https:\/\/casalparis.cat\/wp-content\/uploads\/2023\/05\/28-maig-2023-caminada.jpg 1080w\" sizes=\"auto, (max-width: 300px) 100vw, 300px\" \/><\/p>\n<p>El<strong>\u00a0diumenge 28 de maig<\/strong>\u00a0anirem a caminar a la &#8220;For\u00eat domaniale de Malmaison&#8221;.<br \/>\nSortirem del Parc de Saint Cloud fins a Marne-la-Coquette, travessarem fins a Vaucresson per entrar al bosc de Malmaison. Farem una parada per dinar a l&#8217;estany de Cucufa, i tornarem a agafar el tren &#8220;linia J&#8221; a Garches-Marnes la Coquette.<\/p>\n<p>La ruta fa uns 10km. Us animeu a venir? Prepareu l&#8217;entrep\u00e0, la cantimplora i la motxilla a l&#8217;esquena i\u00a0<strong>envieu-nos un missatge a\u00a0<a href=\"mailto:casal@casalparis.cat\" target=\"_blank\" rel=\"noopener\">casal@casalparis.cat<\/a>\u00a0per facilitar l&#8217;organitzaci\u00f3.<\/strong><\/p>\n<p><strong>Ens trobarem a: 10h00 del mat\u00ed a l&#8217;entrada del Parc de Saint Cloud (Grille Cl\u00e9menceau).<\/strong><\/p>\n<p>La tornada es far\u00e0 des de l&#8217;estaci\u00f3 de Garches-Marnes la Coquette (linia J). NO \u00e9s una ruta circular.<\/p>\n<p>Qu\u00e8 porto?<br \/>\nEl dinar, unes botes de caminar (en alguns trossos pot haver fang si ha plogut), un impermeable per si hi ha quatre gotes, i moltes ganes de passar-t&#8217;ho b\u00e9.<\/p>\n<p>Sabieu que el bosc de Malmaison va robar el cor a Josefina de Beauharnais? I l&#8217;estany de Saint Cucufa (Sant Cugat) fa honor a un martir de Barcelona? Ens veiem i en parlem!<\/p>\n<p><img loading=\"lazy\" decoding=\"async\" class=\"alignnone size-medium wp-image-2663\" src=\"https:\/\/casalparis.cat\/wp-content\/uploads\/2023\/05\/unnamed-1-300x181.png\" alt=\"\" width=\"300\" height=\"181\" srcset=\"https:\/\/casalparis.cat\/wp-content\/uploads\/2023\/05\/unnamed-1-300x181.png 300w, https:\/\/casalparis.cat\/wp-content\/uploads\/2023\/05\/unnamed-1-1024x617.png 1024w, https:\/\/casalparis.cat\/wp-content\/uploads\/2023\/05\/unnamed-1-768x463.png 768w, https:\/\/casalparis.cat\/wp-content\/uploads\/2023\/05\/unnamed-1-498x300.png 498w, https:\/\/casalparis.cat\/wp-content\/uploads\/2023\/05\/unnamed-1.png 1207w\" sizes=\"auto, (max-width: 300px) 100vw, 300px\" \/><\/p>\n<p>*****************<\/p>\n<p><em><strong>Dimanche 28 mai,\u00a0<\/strong>nous allons randonner\u00a0\u00e0 la For\u00eat domaniale de Malmaison.<br \/>\nNous quitterons le parc de Saint Cloud jusqu\u2019\u00e0 Marne-la-Coquette, traverserons vers Vaucresson pour entrer dans la for\u00eat de la Malmaison. Nous nous arr\u00eaterons pour d\u00e9jeuner au lac de Cucufa, et reprendrons le train \u00ab ligne J \u00bb jusqu\u2019\u00e0 Garches-Marnes la Coquette.<\/em><\/p>\n<p>L\u2019itin\u00e9raire est d\u2019environ 10 km. Vous \u00eates motiv\u00e9s pour venir? Pr\u00e9parez votre sandwich, la gourde, le sac \u00e0 dos et envoyez-nous un message\u00a0<strong><a href=\"mailto:casal@casalparis.cat\" target=\"_blank\" rel=\"noopener\">casal@casalparis.cat<\/a><\/strong>\u00a0pour faciliter l\u2019organisation.<\/p>\n<p>Nous nous retrouverons \u00e0 :\u00a0<strong>10h00 \u00e0 l\u2019entr\u00e9e du Parc Saint Cloud (Grille Cl\u00e9menceau).<\/strong><\/p>\n<p>Le retour se fera depuis la station Garches-Marnes la Coquette (ligne J). Ce n\u2019est PAS un itin\u00e9raire circulaire.<\/p>\n<p>Que dois-je prendre?<br \/>\nD\u00e9jeuner, bottes de marche (dans certaines passages, il peut y avoir de la boue s\u2019il a plu), un imperm\u00e9able au cas o\u00f9 il y aurait quatre gouttes, et envie de s&#8217;amuser.<\/p>\n<p>Saviez-vous que la for\u00eat de Malmaison a vol\u00e9 le c\u0153ur \u00e0 Josefina de Beauharnais ? Et le lac de Saint Cucufa (Sant Cugat) honore un martyr de Barcelone? On en parlera!<\/p>\n<p>&nbsp;<\/p>\n<p><strong>La caminada ha anat molt b\u00e9. Moltes gr\u00e0cies a tots els participants. Els kil\u00f2metres ens han passat volant compartint les bones adreces parisines de restaurants, botigues, activitats per fer&#8230;\u00a0<\/strong><\/p>\n<p><img loading=\"lazy\" decoding=\"async\" class=\"alignnone size-medium wp-image-2701\" src=\"https:\/\/casalparis.cat\/wp-content\/uploads\/2023\/05\/IMG-20230528-WA0012-300x225.jpg\" alt=\"\" width=\"300\" height=\"225\" srcset=\"https:\/\/casalparis.cat\/wp-content\/uploads\/2023\/05\/IMG-20230528-WA0012-300x225.jpg 300w, https:\/\/casalparis.cat\/wp-content\/uploads\/2023\/05\/IMG-20230528-WA0012-1024x768.jpg 1024w, https:\/\/casalparis.cat\/wp-content\/uploads\/2023\/05\/IMG-20230528-WA0012-768x576.jpg 768w, https:\/\/casalparis.cat\/wp-content\/uploads\/2023\/05\/IMG-20230528-WA0012-1536x1152.jpg 1536w, https:\/\/casalparis.cat\/wp-content\/uploads\/2023\/05\/IMG-20230528-WA0012-400x300.jpg 400w, https:\/\/casalparis.cat\/wp-content\/uploads\/2023\/05\/IMG-20230528-WA0012.jpg 1920w\" sizes=\"auto, (max-width: 300px) 100vw, 300px\" \/><img loading=\"lazy\" decoding=\"async\" class=\"alignnone size-medium wp-image-2698\" src=\"https:\/\/casalparis.cat\/wp-content\/uploads\/2023\/05\/IMG-20230528-WA0013-300x225.jpg\" alt=\"\" width=\"300\" height=\"225\" srcset=\"https:\/\/casalparis.cat\/wp-content\/uploads\/2023\/05\/IMG-20230528-WA0013-300x225.jpg 300w, https:\/\/casalparis.cat\/wp-content\/uploads\/2023\/05\/IMG-20230528-WA0013-1024x768.jpg 1024w, https:\/\/casalparis.cat\/wp-content\/uploads\/2023\/05\/IMG-20230528-WA0013-768x576.jpg 768w, https:\/\/casalparis.cat\/wp-content\/uploads\/2023\/05\/IMG-20230528-WA0013-1536x1152.jpg 1536w, https:\/\/casalparis.cat\/wp-content\/uploads\/2023\/05\/IMG-20230528-WA0013-400x300.jpg 400w, https:\/\/casalparis.cat\/wp-content\/uploads\/2023\/05\/IMG-20230528-WA0013.jpg 1920w\" sizes=\"auto, (max-width: 300px) 100vw, 300px\" \/><img loading=\"lazy\" decoding=\"async\" class=\"alignnone size-medium wp-image-2699\" src=\"https:\/\/casalparis.cat\/wp-content\/uploads\/2023\/05\/IMG-20230528-WA0011-225x300.jpg\" alt=\"\" width=\"225\" height=\"300\" srcset=\"https:\/\/casalparis.cat\/wp-content\/uploads\/2023\/05\/IMG-20230528-WA0011-225x300.jpg 225w, https:\/\/casalparis.cat\/wp-content\/uploads\/2023\/05\/IMG-20230528-WA0011-768x1024.jpg 768w, https:\/\/casalparis.cat\/wp-content\/uploads\/2023\/05\/IMG-20230528-WA0011-1152x1536.jpg 1152w, https:\/\/casalparis.cat\/wp-content\/uploads\/2023\/05\/IMG-20230528-WA0011.jpg 1440w\" sizes=\"auto, (max-width: 225px) 100vw, 225px\" \/> <img loading=\"lazy\" decoding=\"async\" class=\"alignnone size-medium wp-image-2700\" src=\"https:\/\/casalparis.cat\/wp-content\/uploads\/2023\/05\/IMG-20230528-WA0014-300x225.jpg\" alt=\"\" width=\"300\" height=\"225\" srcset=\"https:\/\/casalparis.cat\/wp-content\/uploads\/2023\/05\/IMG-20230528-WA0014-300x225.jpg 300w, https:\/\/casalparis.cat\/wp-content\/uploads\/2023\/05\/IMG-20230528-WA0014-1024x768.jpg 1024w, https:\/\/casalparis.cat\/wp-content\/uploads\/2023\/05\/IMG-20230528-WA0014-768x576.jpg 768w, https:\/\/casalparis.cat\/wp-content\/uploads\/2023\/05\/IMG-20230528-WA0014-1536x1152.jpg 1536w, https:\/\/casalparis.cat\/wp-content\/uploads\/2023\/05\/IMG-20230528-WA0014-400x300.jpg 400w, https:\/\/casalparis.cat\/wp-content\/uploads\/2023\/05\/IMG-20230528-WA0014.jpg 1920w\" sizes=\"auto, (max-width: 300px) 100vw, 300px\" \/> <img loading=\"lazy\" decoding=\"async\" class=\"alignnone size-medium wp-image-2702\" src=\"https:\/\/casalparis.cat\/wp-content\/uploads\/2023\/05\/IMG-20230528-WA0016-300x225.jpg\" alt=\"\" width=\"300\" height=\"225\" srcset=\"https:\/\/casalparis.cat\/wp-content\/uploads\/2023\/05\/IMG-20230528-WA0016-300x225.jpg 300w, https:\/\/casalparis.cat\/wp-content\/uploads\/2023\/05\/IMG-20230528-WA0016-1024x768.jpg 1024w, https:\/\/casalparis.cat\/wp-content\/uploads\/2023\/05\/IMG-20230528-WA0016-768x576.jpg 768w, https:\/\/casalparis.cat\/wp-content\/uploads\/2023\/05\/IMG-20230528-WA0016-1536x1152.jpg 1536w, https:\/\/casalparis.cat\/wp-content\/uploads\/2023\/05\/IMG-20230528-WA0016-400x300.jpg 400w, https:\/\/casalparis.cat\/wp-content\/uploads\/2023\/05\/IMG-20230528-WA0016.jpg 1920w\" sizes=\"auto, (max-width: 300px) 100vw, 300px\" \/><\/p>\n","protected":false},"excerpt":{"rendered":"<p>El\u00a0diumenge 28 de maig\u00a0anirem a caminar a la &#8220;For\u00eat domaniale de Malmaison&#8221;. Sortirem del Parc de Saint Cloud fins a Marne-la-Coquette, travessarem fins a Vaucresson per entrar al bosc de Malmaison. Farem una parada per dinar a l&#8217;estany de Cucufa, &hellip; <a href=\"https:\/\/casalparis.cat\/?tribe_events=28-05-2023-caminada\">Continua llegint <span class=\"meta-nav\">&rarr;<\/span><\/a><\/p>\n","protected":false},"author":1,"featured_media":2665,"template":"","meta":{"_tribe_events_status":"","_tribe_events_status_reason":"","footnotes":""},"tags":[439,67,169,23,114,22],"tribe_events_cat":[68],"class_list":["post-2670","tribe_events","type-tribe_events","status-publish","has-post-thumbnail","hentry","tag-activitatscasal","tag-agenda","tag-caminades","tag-casalparis","tag-iledefrance","tag-somcasal","tribe_events_cat-agenda","cat_agenda"],"_links":{"self":[{"href":"https:\/\/casalparis.cat\/index.php?rest_route=\/wp\/v2\/tribe_events\/2670","targetHints":{"allow":["GET"]}}],"collection":[{"href":"https:\/\/casalparis.cat\/index.php?rest_route=\/wp\/v2\/tribe_events"}],"about":[{"href":"https:\/\/casalparis.cat\/index.php?rest_route=\/wp\/v2\/types\/tribe_events"}],"author":[{"embeddable":true,"href":"https:\/\/casalparis.cat\/index.php?rest_route=\/wp\/v2\/users\/1"}],"version-history":[{"count":3,"href":"https:\/\/casalparis.cat\/index.php?rest_route=\/wp\/v2\/tribe_events\/2670\/revisions"}],"predecessor-version":[{"id":2703,"href":"https:\/\/casalparis.cat\/index.php?rest_route=\/wp\/v2\/tribe_events\/2670\/revisions\/2703"}],"wp:featuredmedia":[{"embeddable":true,"href":"https:\/\/casalparis.cat\/index.php?rest_route=\/wp\/v2\/media\/2665"}],"wp:attachment":[{"href":"https:\/\/casalparis.cat\/index.php?rest_route=%2Fwp%2Fv2%2Fmedia&parent=2670"}],"wp:term":[{"taxonomy":"post_tag","embeddable":true,"href":"https:\/\/casalparis.cat\/index.php?rest_route=%2Fwp%2Fv2%2Ftags&post=2670"},{"taxonomy":"tribe_events_cat","embeddable":true,"href":"https:\/\/casalparis.cat\/index.php?rest_route=%2Fwp%2Fv2%2Ftribe_events_cat&post=2670"}],"curies":[{"name":"wp","href":"https:\/\/api.w.org\/{rel}","templated":true}]}}

<p><img loading="lazy" decoding="async" class="size-medium wp-image-2665 aligncenter" src="https://casalparis.cat/wp-content/uploads/2023/05/28-maig-2023-caminada-300x300.jpg" alt="" width="300" height="300" srcset="https://casalparis.cat/wp-content/uploads/2023/05/28-maig-2023-caminada-300x300.jpg 300w, https://casalparis.cat/wp-content/uploads/2023/05/28-maig-2023-caminada-1024x1024.jpg 1024w, https://casalparis.cat/wp-content/uploads/2023/05/28-maig-2023-caminada-150x150.jpg 150w, https://casalparis.cat/wp-content/uploads/2023/05/28-maig-2023-caminada-768x768.jpg 768w, https://casalparis.cat/wp-content/uploads/2023/05/28-maig-2023-caminada.jpg 1080w" sizes="auto, (max-width: 300px) 100vw, 300px" /></p>
<p>El<strong> diumenge 28 de maig</strong> anirem a caminar a la &#8220;Forêt domaniale de Malmaison&#8221;.<br />
Sortirem del Parc de Saint Cloud fins a Marne-la-Coquette, travessarem fins a Vaucresson per entrar al bosc de Malmaison. Farem una parada per dinar a l&#8217;estany de Cucufa, i tornarem a agafar el tren &#8220;linia J&#8221; a Garches-Marnes la Coquette.</p>
<p>La ruta fa uns 10km. Us animeu a venir? Prepareu l&#8217;entrepà, la cantimplora i la motxilla a l&#8217;esquena i <strong>envieu-nos un missatge a <a href="mailto:casal@casalparis.cat" target="_blank" rel="noopener">casal@casalparis.cat</a> per facilitar l&#8217;organització.</strong></p>
<p><strong>Ens trobarem a: 10h00 del matí a l&#8217;entrada del Parc de Saint Cloud (Grille Clémenceau).</strong></p>
<p>La tornada es farà des de l&#8217;estació de Garches-Marnes la Coquette (linia J). NO és una ruta circular.</p>
<p>Què porto?<br />
El dinar, unes botes de caminar (en alguns trossos pot haver fang si ha plogut), un impermeable per si hi ha quatre gotes, i moltes ganes de passar-t&#8217;ho bé.</p>
<p>Sabieu que el bosc de Malmaison va robar el cor a Josefina de Beauharnais? I l&#8217;estany de Saint Cucufa (Sant Cugat) fa honor a un martir de Barcelona? Ens veiem i en parlem!</p>
<p><img loading="lazy" decoding="async" class="alignnone size-medium wp-image-2663" src="https://casalparis.cat/wp-content/uploads/2023/05/unnamed-1-300x181.png" alt="" width="300" height="181" srcset="https://casalparis.cat/wp-content/uploads/2023/05/unnamed-1-300x181.png 300w, https://casalparis.cat/wp-content/uploads/2023/05/unnamed-1-1024x617.png 1024w, https://casalparis.cat/wp-content/uploads/2023/05/unnamed-1-768x463.png 768w, https://casalparis.cat/wp-content/uploads/2023/05/unnamed-1-498x300.png 498w, https://casalparis.cat/wp-content/uploads/2023/05/unnamed-1.png 1207w" sizes="auto, (max-width: 300px) 100vw, 300px" /></p>
<p>*****************</p>
<p><em><strong>Dimanche 28 mai, </strong>nous allons randonner à la Forêt domaniale de Malmaison.<br />
Nous quitterons le parc de Saint Cloud jusqu’à Marne-la-Coquette, traverserons vers Vaucresson pour entrer dans la forêt de la Malmaison. Nous nous arrêterons pour déjeuner au lac de Cucufa, et reprendrons le train « ligne J » jusqu’à Garches-Marnes la Coquette.</em></p>
<p>L’itinéraire est d’environ 10 km. Vous êtes motivés pour venir? Préparez votre sandwich, la gourde, le sac à dos et envoyez-nous un message <strong><a href="mailto:casal@casalparis.cat" target="_blank" rel="noopener">casal@casalparis.cat</a></strong> pour faciliter l’organisation.</p>
<p>Nous nous retrouverons à : <strong>10h00 à l’entrée du Parc Saint Cloud (Grille Clémenceau).</strong></p>
<p>Le retour se fera depuis la station Garches-Marnes la Coquette (ligne J). Ce n’est PAS un itinéraire circulaire.</p>
<p>Que dois-je prendre?<br />
Déjeuner, bottes de marche (dans certaines passages, il peut y avoir de la boue s’il a plu), un imperméable au cas où il y aurait quatre gouttes, et envie de s&#8217;amuser.</p>
<p>Saviez-vous que la forêt de Malmaison a volé le cœur à Josefina de Beauharnais ? Et le lac de Saint Cucufa (Sant Cugat) honore un martyr de Barcelone? On en parlera!</p>
<p>&nbsp;</p>
<p><strong>La caminada ha anat molt bé. Moltes gràcies a tots els participants. Els kilòmetres ens han passat volant compartint les bones adreces parisines de restaurants, botigues, activitats per fer&#8230; </strong></p>
<p><img loading="lazy" decoding="async" class="alignnone size-medium wp-image-2701" src="https://casalparis.cat/wp-content/uploads/2023/05/IMG-20230528-WA0012-300x225.jpg" alt="" width="300" height="225" srcset="https://casalparis.cat/wp-content/uploads/2023/05/IMG-20230528-WA0012-300x225.jpg 300w, https://casalparis.cat/wp-content/uploads/2023/05/IMG-20230528-WA0012-1024x768.jpg 1024w, https://casalparis.cat/wp-content/uploads/2023/05/IMG-20230528-WA0012-768x576.jpg 768w, https://casalparis.cat/wp-content/uploads/2023/05/IMG-20230528-WA0012-1536x1152.jpg 1536w, https://casalparis.cat/wp-content/uploads/2023/05/IMG-20230528-WA0012-400x300.jpg 400w, https://casalparis.cat/wp-content/uploads/2023/05/IMG-20230528-WA0012.jpg 1920w" sizes="auto, (max-width: 300px) 100vw, 300px" /><img loading="lazy" decoding="async" class="alignnone size-medium wp-image-2698" src="https://casalparis.cat/wp-content/uploads/2023/05/IMG-20230528-WA0013-300x225.jpg" alt="" width="300" height="225" srcset="https://casalparis.cat/wp-content/uploads/2023/05/IMG-20230528-WA0013-300x225.jpg 300w, https://casalparis.cat/wp-content/uploads/2023/05/IMG-20230528-WA0013-1024x768.jpg 1024w, https://casalparis.cat/wp-content/uploads/2023/05/IMG-20230528-WA0013-768x576.jpg 768w, https://casalparis.cat/wp-content/uploads/2023/05/IMG-20230528-WA0013-1536x1152.jpg 1536w, https://casalparis.cat/wp-content/uploads/2023/05/IMG-20230528-WA0013-400x300.jpg 400w, https://casalparis.cat/wp-content/uploads/2023/05/IMG-20230528-WA0013.jpg 1920w" sizes="auto, (max-width: 300px) 100vw, 300px" /><img loading="lazy" decoding="async" class="alignnone size-medium wp-image-2699" src="https://casalparis.cat/wp-content/uploads/2023/05/IMG-20230528-WA0011-225x300.jpg" alt="" width="225" height="300" srcset="https://casalparis.cat/wp-content/uploads/2023/05/IMG-20230528-WA0011-225x300.jpg 225w, https://casalparis.cat/wp-content/uploads/2023/05/IMG-20230528-WA0011-768x1024.jpg 768w, https://casalparis.cat/wp-content/uploads/2023/05/IMG-20230528-WA0011-1152x1536.jpg 1152w, https://casalparis.cat/wp-content/uploads/2023/05/IMG-20230528-WA0011.jpg 1440w" sizes="auto, (max-width: 225px) 100vw, 225px" /> <img loading="lazy" decoding="async" class="alignnone size-medium wp-image-2700" src="https://casalparis.cat/wp-content/uploads/2023/05/IMG-20230528-WA0014-300x225.jpg" alt="" width="300" height="225" srcset="https://casalparis.cat/wp-content/uploads/2023/05/IMG-20230528-WA0014-300x225.jpg 300w, https://casalparis.cat/wp-content/uploads/2023/05/IMG-20230528-WA0014-1024x768.jpg 1024w, https://casalparis.cat/wp-content/uploads/2023/05/IMG-20230528-WA0014-768x576.jpg 768w, https://casalparis.cat/wp-content/uploads/2023/05/IMG-20230528-WA0014-1536x1152.jpg 1536w, https://casalparis.cat/wp-content/uploads/2023/05/IMG-20230528-WA0014-400x300.jpg 400w, https://casalparis.cat/wp-content/uploads/2023/05/IMG-20230528-WA0014.jpg 1920w" sizes="auto, (max-width: 300px) 100vw, 300px" /> <img loading="lazy" decoding="async" class="alignnone size-medium wp-image-2702" src="https://casalparis.cat/wp-content/uploads/2023/05/IMG-20230528-WA0016-300x225.jpg" alt="" width="300" height="225" srcset="https://casalparis.cat/wp-content/uploads/2023/05/IMG-20230528-WA0016-300x225.jpg 300w, https://casalparis.cat/wp-content/uploads/2023/05/IMG-20230528-WA0016-1024x768.jpg 1024w, https://casalparis.cat/wp-content/uploads/2023/05/IMG-20230528-WA0016-768x576.jpg 768w, https://casalparis.cat/wp-content/uploads/2023/05/IMG-20230528-WA0016-1536x1152.jpg 1536w, https://casalparis.cat/wp-content/uploads/2023/05/IMG-20230528-WA0016-400x300.jpg 400w, https://casalparis.cat/wp-content/uploads/2023/05/IMG-20230528-WA0016.jpg 1920w" sizes="auto, (max-width: 300px) 100vw, 300px" /></p>

<p>El diumenge 28 de maig anirem a caminar a la &#8220;Forêt domaniale de Malmaison&#8221;. Sortirem del Parc de Saint Cloud fins a Marne-la-Coquette, travessarem fins a Vaucresson per entrar al bosc de Malmaison. Farem una parada per dinar a l&#8217;estany de Cucufa, &hellip; <a href="https://casalparis.cat/?tribe_events=28-05-2023-caminada">Continua llegint <span class="meta-nav">&rarr;</span></a></p>
