{"id":2387,"date":"2022-11-03T00:32:31","date_gmt":"2022-11-02T23:32:31","guid":{"rendered":"https:\/\/casalparis.cat\/?post_type=tribe_events&#038;p=2387"},"modified":"2022-11-26T17:38:14","modified_gmt":"2022-11-26T16:38:14","slug":"27-11-2022-caminada","status":"publish","type":"tribe_events","link":"https:\/\/casalparis.cat\/?tribe_events=27-11-2022-caminada","title":{"rendered":"27\/11\/2022 &#8211; Caminada anul.lada"},"content":{"rendered":"<p><img loading=\"lazy\" decoding=\"async\" class=\"alignnone size-medium wp-image-2426\" src=\"http:\/\/casalparis.cat\/wp-content\/uploads\/2022\/11\/Mint-Green-Sparkle-Citation-du-jour-Motivation-Minimalist-Instagram-Post-8-300x300.png\" alt=\"\" width=\"300\" height=\"300\" srcset=\"https:\/\/casalparis.cat\/wp-content\/uploads\/2022\/11\/Mint-Green-Sparkle-Citation-du-jour-Motivation-Minimalist-Instagram-Post-8-300x300.png 300w, https:\/\/casalparis.cat\/wp-content\/uploads\/2022\/11\/Mint-Green-Sparkle-Citation-du-jour-Motivation-Minimalist-Instagram-Post-8-1024x1024.png 1024w, https:\/\/casalparis.cat\/wp-content\/uploads\/2022\/11\/Mint-Green-Sparkle-Citation-du-jour-Motivation-Minimalist-Instagram-Post-8-150x150.png 150w, https:\/\/casalparis.cat\/wp-content\/uploads\/2022\/11\/Mint-Green-Sparkle-Citation-du-jour-Motivation-Minimalist-Instagram-Post-8-768x768.png 768w, https:\/\/casalparis.cat\/wp-content\/uploads\/2022\/11\/Mint-Green-Sparkle-Citation-du-jour-Motivation-Minimalist-Instagram-Post-8.png 1080w\" sizes=\"auto, (max-width: 300px) 100vw, 300px\" \/><\/p>\n<p>Hola a tots!<\/p>\n<p>Anuncien pluja tot el dia per dem\u00e0. Ens sap greu per\u00f2 anul\u00b7lem la sortida.<\/p>\n<p><img loading=\"lazy\" decoding=\"async\" class=\"CToWUd\" src=\"https:\/\/ci6.googleusercontent.com\/proxy\/t_1MUIEuUNK-8KiMDdEiISvd_tbTWLR4gySV7exGvGkB_WWJdgB739TQr_3CD_knioBGGmmo8rdJOvjWjjxTa_zgDEzhToTfOK6QroK7hWnztTd0_DDbwZCdvGCpXXe75xQ7u3X_I33btWu0KRL0dYellB40zg=s0-d-e1-ft#https:\/\/mcusercontent.com\/96a9db3e75b82e56483f6ec68\/images\/fbbe3e3e-d2e3-4071-6df1-0e6e7acdd1ff.png\" width=\"300\" height=\"168\" data-bit=\"iit\" \/><\/p>\n<p>Esperem poder-vos retrobar a la propera!<\/p>\n<p>******<\/p>\n<p>Le m\u00e9t\u00e9o annonce la pluie pour toute la journ\u00e9e de dimanche. La sortie est annul\u00e9e.<\/p>\n<p>On esp\u00e8re vous retrouver \u00e0 la prochaine!<\/p>\n<p>*********************<\/p>\n<p>Aquest<strong>\u00a0diumenge 27 de novembre<\/strong>\u00a0anirem a caminar a la &#8220;For\u00eat domaniale de Malmaison&#8221;.<br \/>\nSortirem del Parc de Saint Cloud fins a Marne-la-Coquette, travessarem fins a Vaucresson per entrar al bosc de Malmaison. Farem una parada per dinar a l&#8217;estany de Cucufa, i tornarem a agafar el tren &#8220;linia J&#8221; a Garches-Marnes la Coquette.<\/p>\n<p>La ruta fa uns 10km. De moment sembla que el temps ens acompanyar\u00e0. Us animeu a venir? Prepareu l&#8217;entrep\u00e0, la cantimplora i la motxilla a l&#8217;esquena i\u00a0<strong>envieu-nos un missatge a\u00a0<a href=\"mailto:casal@casalparis.cat\" target=\"_blank\" rel=\"noopener\">casal@casalparis.cat<\/a>\u00a0per facilitar l&#8217;organitzacio.<\/strong><\/p>\n<p><strong>Ens trobarem a:\u00a010h00 del mati a l&#8217;entrada del Parc de Saint Cloud (Grille Cl\u00e9menceau).<\/strong><\/p>\n<p>La tornada es far\u00e0 des de l&#8217;estaci\u00f3 de\u00a0Garches-Marnes la Coquette (linia J).\u00a0NO\u00a0\u00e9s una ruta circular.<\/p>\n<p>Qu\u00e8 porto?<br \/>\nEl dinar, unes botes de caminar (en alguns trossos pot haver fang si ha plogut), un impermeable per si hi ha quatre gotes, i moltes ganes de passar-t&#8217;ho b\u00e9.<\/p>\n<p>Sabieu que el bosc de Malmaison va robar el cor a Josefina de Beauharnais? I l&#8217;estany de Saint Cucufa (Sant Cugat) fa honor a un martir de Barcelona? Ens veiem i en parlem!<\/p>\n<p><img loading=\"lazy\" decoding=\"async\" class=\"alignnone size-medium wp-image-2424\" src=\"http:\/\/casalparis.cat\/wp-content\/uploads\/2022\/11\/Screenshot-2022-11-23-16.53.02-300x181.png\" alt=\"\" width=\"300\" height=\"181\" srcset=\"https:\/\/casalparis.cat\/wp-content\/uploads\/2022\/11\/Screenshot-2022-11-23-16.53.02-300x181.png 300w, https:\/\/casalparis.cat\/wp-content\/uploads\/2022\/11\/Screenshot-2022-11-23-16.53.02-1024x617.png 1024w, https:\/\/casalparis.cat\/wp-content\/uploads\/2022\/11\/Screenshot-2022-11-23-16.53.02-768x463.png 768w, https:\/\/casalparis.cat\/wp-content\/uploads\/2022\/11\/Screenshot-2022-11-23-16.53.02-498x300.png 498w, https:\/\/casalparis.cat\/wp-content\/uploads\/2022\/11\/Screenshot-2022-11-23-16.53.02.png 1207w\" sizes=\"auto, (max-width: 300px) 100vw, 300px\" \/><\/p>\n<p>&nbsp;<\/p>\n<p>***************<\/p>\n<p><span style=\"font-weight: 400;\"><strong>Ce dimanche 27 novembre,<\/strong> nous irons nous promener dans la &#8220;For\u00eat domaniale de Malmaison&#8221;.\u00a0<\/span><\/p>\n<p><span style=\"font-weight: 400;\">Nous partirons du Parc de Saint Cloud vers Marne-la-Coquette, continuerons jusqu&#8217;\u00e0 Vaucresson pour entrer dans la for\u00eat de Malmaison. Nous nous arr\u00eaterons pour d\u00e9jeuner au lac de Cucufa, et nous reprendrons le train &#8220;ligne J&#8221; \u00e0 Garches-Marnes la Coquette.\u00a0<\/span><\/p>\n<p><span style=\"font-weight: 400;\">Le parcours fait environ 10 km. Pour le moment, il semble que le temps sera avec nous. Souhaitez vous nous rejoindre? <strong>Pr\u00e9parez le sandwich, la gourde et le sac \u00e0 dos et envoyez-nous un message \u00e0 casal@casalparis.cat pour faciliter l&#8217;organisation.\u00a0<\/strong><\/span><\/p>\n<p><strong>Nous nous donnons rendez-vous \u00e0 :\u00a010h00 \u00e0 l&#8217;entr\u00e9e du Parc de Saint Cloud (Grille Cl\u00e9menceau).\u00a0<\/strong><\/p>\n<p><span style=\"font-weight: 400;\">Le retour s&#8217;effectuera depuis la gare de Garches-Marnes la Coquette (ligne J). Ce n&#8217;est PAS une route circulaire.\u00a0<\/span><\/p>\n<p><span style=\"font-weight: 400;\">Que dois-je apporter? D\u00e9jeuner, des chaussures de marche, un imperm\u00e9able au cas o\u00f9 il y aurait quatre gouttes, et une grande envie de s\u2019amuser.\u00a0<\/span><\/p>\n<p><span style=\"font-weight: 400;\">Saviez-vous que la for\u00eat de Malmaison a vol\u00e9 le c\u0153ur de Jos\u00e9phine de Beauharnais ? Et le fait que le lac de Saint Cucufa (Sant Cugat) honore un martyr barcelonais ? A bient\u00f4t pour en parler!!<\/span><\/p>\n","protected":false},"excerpt":{"rendered":"<p>Hola a tots! Anuncien pluja tot el dia per dem\u00e0. Ens sap greu per\u00f2 anul\u00b7lem la sortida. Esperem poder-vos retrobar a la propera! ****** Le m\u00e9t\u00e9o annonce la pluie pour toute la journ\u00e9e de dimanche. La sortie est annul\u00e9e. On &hellip; <a href=\"https:\/\/casalparis.cat\/?tribe_events=27-11-2022-caminada\">Continua llegint <span class=\"meta-nav\">&rarr;<\/span><\/a><\/p>\n","protected":false},"author":1,"featured_media":2422,"template":"","meta":{"_tribe_events_status":"","_tribe_events_status_reason":"","footnotes":""},"tags":[67,169,23,114,22],"tribe_events_cat":[68],"class_list":["post-2387","tribe_events","type-tribe_events","status-publish","has-post-thumbnail","hentry","tag-agenda","tag-caminades","tag-casalparis","tag-iledefrance","tag-somcasal","tribe_events_cat-agenda","cat_agenda"],"_links":{"self":[{"href":"https:\/\/casalparis.cat\/index.php?rest_route=\/wp\/v2\/tribe_events\/2387","targetHints":{"allow":["GET"]}}],"collection":[{"href":"https:\/\/casalparis.cat\/index.php?rest_route=\/wp\/v2\/tribe_events"}],"about":[{"href":"https:\/\/casalparis.cat\/index.php?rest_route=\/wp\/v2\/types\/tribe_events"}],"author":[{"embeddable":true,"href":"https:\/\/casalparis.cat\/index.php?rest_route=\/wp\/v2\/users\/1"}],"version-history":[{"count":4,"href":"https:\/\/casalparis.cat\/index.php?rest_route=\/wp\/v2\/tribe_events\/2387\/revisions"}],"predecessor-version":[{"id":2427,"href":"https:\/\/casalparis.cat\/index.php?rest_route=\/wp\/v2\/tribe_events\/2387\/revisions\/2427"}],"wp:featuredmedia":[{"embeddable":true,"href":"https:\/\/casalparis.cat\/index.php?rest_route=\/wp\/v2\/media\/2422"}],"wp:attachment":[{"href":"https:\/\/casalparis.cat\/index.php?rest_route=%2Fwp%2Fv2%2Fmedia&parent=2387"}],"wp:term":[{"taxonomy":"post_tag","embeddable":true,"href":"https:\/\/casalparis.cat\/index.php?rest_route=%2Fwp%2Fv2%2Ftags&post=2387"},{"taxonomy":"tribe_events_cat","embeddable":true,"href":"https:\/\/casalparis.cat\/index.php?rest_route=%2Fwp%2Fv2%2Ftribe_events_cat&post=2387"}],"curies":[{"name":"wp","href":"https:\/\/api.w.org\/{rel}","templated":true}]}}

<p><img loading="lazy" decoding="async" class="alignnone size-medium wp-image-2426" src="http://casalparis.cat/wp-content/uploads/2022/11/Mint-Green-Sparkle-Citation-du-jour-Motivation-Minimalist-Instagram-Post-8-300x300.png" alt="" width="300" height="300" srcset="https://casalparis.cat/wp-content/uploads/2022/11/Mint-Green-Sparkle-Citation-du-jour-Motivation-Minimalist-Instagram-Post-8-300x300.png 300w, https://casalparis.cat/wp-content/uploads/2022/11/Mint-Green-Sparkle-Citation-du-jour-Motivation-Minimalist-Instagram-Post-8-1024x1024.png 1024w, https://casalparis.cat/wp-content/uploads/2022/11/Mint-Green-Sparkle-Citation-du-jour-Motivation-Minimalist-Instagram-Post-8-150x150.png 150w, https://casalparis.cat/wp-content/uploads/2022/11/Mint-Green-Sparkle-Citation-du-jour-Motivation-Minimalist-Instagram-Post-8-768x768.png 768w, https://casalparis.cat/wp-content/uploads/2022/11/Mint-Green-Sparkle-Citation-du-jour-Motivation-Minimalist-Instagram-Post-8.png 1080w" sizes="auto, (max-width: 300px) 100vw, 300px" /></p>
<p>Hola a tots!</p>
<p>Anuncien pluja tot el dia per demà. Ens sap greu però anul·lem la sortida.</p>
<p><img loading="lazy" decoding="async" class="CToWUd" src="https://ci6.googleusercontent.com/proxy/t_1MUIEuUNK-8KiMDdEiISvd_tbTWLR4gySV7exGvGkB_WWJdgB739TQr_3CD_knioBGGmmo8rdJOvjWjjxTa_zgDEzhToTfOK6QroK7hWnztTd0_DDbwZCdvGCpXXe75xQ7u3X_I33btWu0KRL0dYellB40zg=s0-d-e1-ft#https://mcusercontent.com/96a9db3e75b82e56483f6ec68/images/fbbe3e3e-d2e3-4071-6df1-0e6e7acdd1ff.png" width="300" height="168" data-bit="iit" /></p>
<p>Esperem poder-vos retrobar a la propera!</p>
<p>******</p>
<p>Le météo annonce la pluie pour toute la journée de dimanche. La sortie est annulée.</p>
<p>On espère vous retrouver à la prochaine!</p>
<p>*********************</p>
<p>Aquest<strong> diumenge 27 de novembre</strong> anirem a caminar a la &#8220;Forêt domaniale de Malmaison&#8221;.<br />
Sortirem del Parc de Saint Cloud fins a Marne-la-Coquette, travessarem fins a Vaucresson per entrar al bosc de Malmaison. Farem una parada per dinar a l&#8217;estany de Cucufa, i tornarem a agafar el tren &#8220;linia J&#8221; a Garches-Marnes la Coquette.</p>
<p>La ruta fa uns 10km. De moment sembla que el temps ens acompanyarà. Us animeu a venir? Prepareu l&#8217;entrepà, la cantimplora i la motxilla a l&#8217;esquena i <strong>envieu-nos un missatge a <a href="mailto:casal@casalparis.cat" target="_blank" rel="noopener">casal@casalparis.cat</a> per facilitar l&#8217;organitzacio.</strong></p>
<p><strong>Ens trobarem a: 10h00 del mati a l&#8217;entrada del Parc de Saint Cloud (Grille Clémenceau).</strong></p>
<p>La tornada es farà des de l&#8217;estació de Garches-Marnes la Coquette (linia J). NO és una ruta circular.</p>
<p>Què porto?<br />
El dinar, unes botes de caminar (en alguns trossos pot haver fang si ha plogut), un impermeable per si hi ha quatre gotes, i moltes ganes de passar-t&#8217;ho bé.</p>
<p>Sabieu que el bosc de Malmaison va robar el cor a Josefina de Beauharnais? I l&#8217;estany de Saint Cucufa (Sant Cugat) fa honor a un martir de Barcelona? Ens veiem i en parlem!</p>
<p><img loading="lazy" decoding="async" class="alignnone size-medium wp-image-2424" src="http://casalparis.cat/wp-content/uploads/2022/11/Screenshot-2022-11-23-16.53.02-300x181.png" alt="" width="300" height="181" srcset="https://casalparis.cat/wp-content/uploads/2022/11/Screenshot-2022-11-23-16.53.02-300x181.png 300w, https://casalparis.cat/wp-content/uploads/2022/11/Screenshot-2022-11-23-16.53.02-1024x617.png 1024w, https://casalparis.cat/wp-content/uploads/2022/11/Screenshot-2022-11-23-16.53.02-768x463.png 768w, https://casalparis.cat/wp-content/uploads/2022/11/Screenshot-2022-11-23-16.53.02-498x300.png 498w, https://casalparis.cat/wp-content/uploads/2022/11/Screenshot-2022-11-23-16.53.02.png 1207w" sizes="auto, (max-width: 300px) 100vw, 300px" /></p>
<p>&nbsp;</p>
<p>***************</p>
<p><span style="font-weight: 400;"><strong>Ce dimanche 27 novembre,</strong> nous irons nous promener dans la &#8220;Forêt domaniale de Malmaison&#8221;. </span></p>
<p><span style="font-weight: 400;">Nous partirons du Parc de Saint Cloud vers Marne-la-Coquette, continuerons jusqu&#8217;à Vaucresson pour entrer dans la forêt de Malmaison. Nous nous arrêterons pour déjeuner au lac de Cucufa, et nous reprendrons le train &#8220;ligne J&#8221; à Garches-Marnes la Coquette. </span></p>
<p><span style="font-weight: 400;">Le parcours fait environ 10 km. Pour le moment, il semble que le temps sera avec nous. Souhaitez vous nous rejoindre? <strong>Préparez le sandwich, la gourde et le sac à dos et envoyez-nous un message à casal@casalparis.cat pour faciliter l&#8217;organisation. </strong></span></p>
<p><strong>Nous nous donnons rendez-vous à : 10h00 à l&#8217;entrée du Parc de Saint Cloud (Grille Clémenceau). </strong></p>
<p><span style="font-weight: 400;">Le retour s&#8217;effectuera depuis la gare de Garches-Marnes la Coquette (ligne J). Ce n&#8217;est PAS une route circulaire. </span></p>
<p><span style="font-weight: 400;">Que dois-je apporter? Déjeuner, des chaussures de marche, un imperméable au cas où il y aurait quatre gouttes, et une grande envie de s’amuser. </span></p>
<p><span style="font-weight: 400;">Saviez-vous que la forêt de Malmaison a volé le cœur de Joséphine de Beauharnais ? Et le fait que le lac de Saint Cucufa (Sant Cugat) honore un martyr barcelonais ? A bientôt pour en parler!!</span></p>

<p>Hola a tots! Anuncien pluja tot el dia per demà. Ens sap greu però anul·lem la sortida. Esperem poder-vos retrobar a la propera! ****** Le météo annonce la pluie pour toute la journée de dimanche. La sortie est annulée. On &hellip; <a href="https://casalparis.cat/?tribe_events=27-11-2022-caminada">Continua llegint <span class="meta-nav">&rarr;</span></a></p>
