{"id":1867,"date":"2021-07-25T20:04:46","date_gmt":"2021-07-25T18:04:46","guid":{"rendered":"http:\/\/casalparis.cat\/?post_type=tribe_events&#038;p=1867"},"modified":"2021-07-25T20:04:46","modified_gmt":"2021-07-25T18:04:46","slug":"la-vie-secrete-guanya-el-dvd-concurs","status":"publish","type":"tribe_events","link":"https:\/\/casalparis.cat\/?tribe_events=la-vie-secrete-guanya-el-dvd-concurs","title":{"rendered":"&#8220;La vie secr\u00e8te&#8221;, guanya el DVD &#8211; concurs"},"content":{"rendered":"<div class=\"kvgmc6g5 cxmmr5t8 oygrvhab hcukyx3x c1et5uql ii04i59q\">\n<div dir=\"auto\" style=\"text-align: left;\">Teniu temps fins dimarts al vespre per guanyar un DVD!<\/div>\n<div dir=\"auto\">Respon correctament a la pregunta i envia un mail amb la resposta a casal@casalparis.cat abans del 27 de juliol. Entre els participants que hagin encertat la resposta sortejarem un DVD.<\/div>\n<div dir=\"auto\">En un moment del video de presentaci\u00f3 de la pel.licula el personatge fa una creu en una data del calendari? De quin dia i quin mes es tracta?<\/div>\n<div dir=\"auto\"><a class=\"oajrlxb2 g5ia77u1 qu0x051f esr5mh6w e9989ue4 r7d6kgcz rq0escxv nhd2j8a9 nc684nl6 p7hjln8o kvgmc6g5 cxmmr5t8 oygrvhab hcukyx3x jb3vyjys rz4wbd8a qt6c0cv9 a8nywdso i1ao9s8h esuyzwwr f1sip0of lzcic4wl py34i1dx gpro0wi8\" tabindex=\"0\" role=\"link\" href=\"https:\/\/youtu.be\/OjOHSWE0rGc?fbclid=IwAR1bcvEkx5vBasi9Hoh6Hygl0dTH595OuOH8V8Dmj2h70DWtkOJabrKexaI\" target=\"_blank\" rel=\"nofollow noopener\">https:\/\/youtu.be\/OjOHSWE0rGc<\/a><\/div>\n<\/div>\n<div dir=\"auto\"><\/div>\n<div dir=\"auto\"><img loading=\"lazy\" decoding=\"async\" class=\"alignnone size-medium wp-image-1868\" src=\"http:\/\/casalparis.cat\/wp-content\/uploads\/2021\/07\/220780456_4484698038215360_5569092015941438828_n-300x251.png\" alt=\"\" width=\"300\" height=\"251\" srcset=\"https:\/\/casalparis.cat\/wp-content\/uploads\/2021\/07\/220780456_4484698038215360_5569092015941438828_n-300x251.png 300w, https:\/\/casalparis.cat\/wp-content\/uploads\/2021\/07\/220780456_4484698038215360_5569092015941438828_n-768x644.png 768w, https:\/\/casalparis.cat\/wp-content\/uploads\/2021\/07\/220780456_4484698038215360_5569092015941438828_n-358x300.png 358w, https:\/\/casalparis.cat\/wp-content\/uploads\/2021\/07\/220780456_4484698038215360_5569092015941438828_n.png 940w\" sizes=\"auto, (max-width: 300px) 100vw, 300px\" \/><\/div>\n<div class=\"o9v6fnle cxmmr5t8 oygrvhab hcukyx3x c1et5uql ii04i59q\">\n<div dir=\"auto\">LA VIE SECRETE (titol original: La trinchera infinita), una pel.licula de Aitor Arregi, Jon Gara\u00f1o et Jose Mari Goenaga, amb Antonio de la Torre, Bel\u00e9n Cuesta, Vicente Vergara.<\/div>\n<div dir=\"auto\"><\/div>\n<\/div>\n<div class=\"o9v6fnle cxmmr5t8 oygrvhab hcukyx3x c1et5uql ii04i59q\">\n<div dir=\"auto\">Encara no l&#8217;has vist? No t&#8217;ho perdis, la distribuidora <a class=\"oajrlxb2 g5ia77u1 qu0x051f esr5mh6w e9989ue4 r7d6kgcz rq0escxv nhd2j8a9 nc684nl6 p7hjln8o kvgmc6g5 cxmmr5t8 oygrvhab hcukyx3x jb3vyjys rz4wbd8a qt6c0cv9 a8nywdso i1ao9s8h esuyzwwr f1sip0of lzcic4wl q66pz984 gpro0wi8 b1v8xokw\" tabindex=\"0\" role=\"link\" href=\"https:\/\/www.facebook.com\/hashtag\/epicentre?__eep__=6&amp;__cft__[0]=AZVTbxem4GQWXjgoIIAqHwYJT0RA89HjgiPicLjvCyWPHuv0EiOJRZLvKTzBltCKKwznnsfXscCtEVuLSEiL5sct1YIh7Q6t_AuLPIo8kjjCe2oN_4iCa4XCP8COdFLuZ3x0JgtTayQJ5Fm1jhvd2SPDRlwYetLCdvsvE5VjaFRhBA&amp;__tn__=*NK-R\">#Epicentre<\/a> Films ha preparat la sortida a Fran\u00e7a del DVD el 20 de juliol.<\/div>\n<div dir=\"auto\"><\/div>\n<\/div>\n<div class=\"o9v6fnle cxmmr5t8 oygrvhab hcukyx3x c1et5uql ii04i59q\">\n<div dir=\"auto\">Sembla que tornem als escenaris de la nostra hist\u00f2ria recent i m\u00e9s tr\u00e0gica, la guerra civil. Per\u00f2 aquesta pel\u00b7l\u00edcula \u00e9s aix\u00f2 i molt m\u00e9s.<\/div>\n<div dir=\"auto\">Tracta el tema dels \u201ctopos\u201d, republicans que durant o despr\u00e9s de la guerra es van amagar sense saber que la dictadura duraria 40 anys. Moltes persones, sobretot al centre i al sud d&#8217;Espanya van viure amagades durant m\u00e9s de 30 anys, una barbaritat, fins a l&#8217;amnistia del 1969, que va perdonar els \u201cdelictes\u201d comesos abans del 1939 a la guerra civil. Hem de recordar que la repressi\u00f3 judicial just despr\u00e9s de la guerra va empresonar milers de ciutadans a llargues penes nom\u00e9s pel fet de ser sospitosos, o sigui d\u2019haver tingut la intenci\u00f3 de conspirar, gr\u00e0cies a l&#8217;ajuda dels delators.<\/div>\n<div dir=\"auto\">Espagne, 1936. Aquest \u00e9s el cas de l&#8217;Higinio, republic\u00e0, que veu la seva vida amena\u00e7ada amb l&#8217;arribada de les tropes franquistes. Amb l&#8217;ajuda de la seva dona, la Rosa, decideix amagar-se a casa seva. La por de les represalies i l&#8217;amor d&#8217;un per l&#8217;altre condemnen la parella a viure en captivitat.<\/div>\n<div dir=\"auto\"><\/div>\n<div dir=\"auto\">Guanyadora als premis Goya i al Festival de Cine de San Sebastian, segur que passareu un bon moment cin\u00e8fil des del sof\u00e0.<\/div>\n<\/div>\n","protected":false},"excerpt":{"rendered":"<p>Teniu temps fins dimarts al vespre per guanyar un DVD! Respon correctament a la pregunta i envia un mail amb la resposta a casal@casalparis.cat abans del 27 de juliol. Entre els participants que hagin encertat la resposta sortejarem un DVD. &hellip; <a href=\"https:\/\/casalparis.cat\/?tribe_events=la-vie-secrete-guanya-el-dvd-concurs\">Continua llegint <span class=\"meta-nav\">&rarr;<\/span><\/a><\/p>\n","protected":false},"author":1,"featured_media":1868,"template":"","meta":{"_tribe_events_status":"","_tribe_events_status_reason":"","footnotes":""},"tags":[67,23,37,49,22],"tribe_events_cat":[68],"class_list":["post-1867","tribe_events","type-tribe_events","status-publish","has-post-thumbnail","hentry","tag-agenda","tag-casalparis","tag-cinema","tag-concurs","tag-somcasal","tribe_events_cat-agenda","cat_agenda"],"_links":{"self":[{"href":"https:\/\/casalparis.cat\/index.php?rest_route=\/wp\/v2\/tribe_events\/1867","targetHints":{"allow":["GET"]}}],"collection":[{"href":"https:\/\/casalparis.cat\/index.php?rest_route=\/wp\/v2\/tribe_events"}],"about":[{"href":"https:\/\/casalparis.cat\/index.php?rest_route=\/wp\/v2\/types\/tribe_events"}],"author":[{"embeddable":true,"href":"https:\/\/casalparis.cat\/index.php?rest_route=\/wp\/v2\/users\/1"}],"version-history":[{"count":1,"href":"https:\/\/casalparis.cat\/index.php?rest_route=\/wp\/v2\/tribe_events\/1867\/revisions"}],"predecessor-version":[{"id":1869,"href":"https:\/\/casalparis.cat\/index.php?rest_route=\/wp\/v2\/tribe_events\/1867\/revisions\/1869"}],"wp:featuredmedia":[{"embeddable":true,"href":"https:\/\/casalparis.cat\/index.php?rest_route=\/wp\/v2\/media\/1868"}],"wp:attachment":[{"href":"https:\/\/casalparis.cat\/index.php?rest_route=%2Fwp%2Fv2%2Fmedia&parent=1867"}],"wp:term":[{"taxonomy":"post_tag","embeddable":true,"href":"https:\/\/casalparis.cat\/index.php?rest_route=%2Fwp%2Fv2%2Ftags&post=1867"},{"taxonomy":"tribe_events_cat","embeddable":true,"href":"https:\/\/casalparis.cat\/index.php?rest_route=%2Fwp%2Fv2%2Ftribe_events_cat&post=1867"}],"curies":[{"name":"wp","href":"https:\/\/api.w.org\/{rel}","templated":true}]}}

&#8220;La vie secrète&#8221;, guanya el DVD &#8211; concurs

<div class="kvgmc6g5 cxmmr5t8 oygrvhab hcukyx3x c1et5uql ii04i59q">
<div dir="auto" style="text-align: left;">Teniu temps fins dimarts al vespre per guanyar un DVD!</div>
<div dir="auto">Respon correctament a la pregunta i envia un mail amb la resposta a casal@casalparis.cat abans del 27 de juliol. Entre els participants que hagin encertat la resposta sortejarem un DVD.</div>
<div dir="auto">En un moment del video de presentació de la pel.licula el personatge fa una creu en una data del calendari? De quin dia i quin mes es tracta?</div>
<div dir="auto"><a class="oajrlxb2 g5ia77u1 qu0x051f esr5mh6w e9989ue4 r7d6kgcz rq0escxv nhd2j8a9 nc684nl6 p7hjln8o kvgmc6g5 cxmmr5t8 oygrvhab hcukyx3x jb3vyjys rz4wbd8a qt6c0cv9 a8nywdso i1ao9s8h esuyzwwr f1sip0of lzcic4wl py34i1dx gpro0wi8" tabindex="0" role="link" href="https://youtu.be/OjOHSWE0rGc?fbclid=IwAR1bcvEkx5vBasi9Hoh6Hygl0dTH595OuOH8V8Dmj2h70DWtkOJabrKexaI" target="_blank" rel="nofollow noopener">https://youtu.be/OjOHSWE0rGc</a></div>
</div>
<div dir="auto"></div>
<div dir="auto"><img loading="lazy" decoding="async" class="alignnone size-medium wp-image-1868" src="http://casalparis.cat/wp-content/uploads/2021/07/220780456_4484698038215360_5569092015941438828_n-300x251.png" alt="" width="300" height="251" srcset="https://casalparis.cat/wp-content/uploads/2021/07/220780456_4484698038215360_5569092015941438828_n-300x251.png 300w, https://casalparis.cat/wp-content/uploads/2021/07/220780456_4484698038215360_5569092015941438828_n-768x644.png 768w, https://casalparis.cat/wp-content/uploads/2021/07/220780456_4484698038215360_5569092015941438828_n-358x300.png 358w, https://casalparis.cat/wp-content/uploads/2021/07/220780456_4484698038215360_5569092015941438828_n.png 940w" sizes="auto, (max-width: 300px) 100vw, 300px" /></div>
<div class="o9v6fnle cxmmr5t8 oygrvhab hcukyx3x c1et5uql ii04i59q">
<div dir="auto">LA VIE SECRETE (titol original: La trinchera infinita), una pel.licula de Aitor Arregi, Jon Garaño et Jose Mari Goenaga, amb Antonio de la Torre, Belén Cuesta, Vicente Vergara.</div>
<div dir="auto"></div>
</div>
<div class="o9v6fnle cxmmr5t8 oygrvhab hcukyx3x c1et5uql ii04i59q">
<div dir="auto">Encara no l&#8217;has vist? No t&#8217;ho perdis, la distribuidora <a class="oajrlxb2 g5ia77u1 qu0x051f esr5mh6w e9989ue4 r7d6kgcz rq0escxv nhd2j8a9 nc684nl6 p7hjln8o kvgmc6g5 cxmmr5t8 oygrvhab hcukyx3x jb3vyjys rz4wbd8a qt6c0cv9 a8nywdso i1ao9s8h esuyzwwr f1sip0of lzcic4wl q66pz984 gpro0wi8 b1v8xokw" tabindex="0" role="link" href="https://www.facebook.com/hashtag/epicentre?__eep__=6&amp;__cft__[0]=AZVTbxem4GQWXjgoIIAqHwYJT0RA89HjgiPicLjvCyWPHuv0EiOJRZLvKTzBltCKKwznnsfXscCtEVuLSEiL5sct1YIh7Q6t_AuLPIo8kjjCe2oN_4iCa4XCP8COdFLuZ3x0JgtTayQJ5Fm1jhvd2SPDRlwYetLCdvsvE5VjaFRhBA&amp;__tn__=*NK-R">#Epicentre</a> Films ha preparat la sortida a França del DVD el 20 de juliol.</div>
<div dir="auto"></div>
</div>
<div class="o9v6fnle cxmmr5t8 oygrvhab hcukyx3x c1et5uql ii04i59q">
<div dir="auto">Sembla que tornem als escenaris de la nostra història recent i més tràgica, la guerra civil. Però aquesta pel·lícula és això i molt més.</div>
<div dir="auto">Tracta el tema dels “topos”, republicans que durant o després de la guerra es van amagar sense saber que la dictadura duraria 40 anys. Moltes persones, sobretot al centre i al sud d&#8217;Espanya van viure amagades durant més de 30 anys, una barbaritat, fins a l&#8217;amnistia del 1969, que va perdonar els “delictes” comesos abans del 1939 a la guerra civil. Hem de recordar que la repressió judicial just després de la guerra va empresonar milers de ciutadans a llargues penes només pel fet de ser sospitosos, o sigui d’haver tingut la intenció de conspirar, gràcies a l&#8217;ajuda dels delators.</div>
<div dir="auto">Espagne, 1936. Aquest és el cas de l&#8217;Higinio, republicà, que veu la seva vida amenaçada amb l&#8217;arribada de les tropes franquistes. Amb l&#8217;ajuda de la seva dona, la Rosa, decideix amagar-se a casa seva. La por de les represalies i l&#8217;amor d&#8217;un per l&#8217;altre condemnen la parella a viure en captivitat.</div>
<div dir="auto"></div>
<div dir="auto">Guanyadora als premis Goya i al Festival de Cine de San Sebastian, segur que passareu un bon moment cinèfil des del sofà.</div>
</div>
