{"id":68,"date":"2018-09-07T13:25:53","date_gmt":"2018-09-07T11:25:53","guid":{"rendered":"http:\/\/casalparis.cat\/?page_id=68"},"modified":"2026-04-01T22:54:04","modified_gmt":"2026-04-01T20:54:04","slug":"activitats","status":"publish","type":"page","link":"https:\/\/casalparis.cat\/?page_id=68","title":{"rendered":"Activitats"},"content":{"rendered":"<p data-wp-editing=\"1\"><img loading=\"lazy\" decoding=\"async\" class=\"aligncenter wp-image-3647 size-large\" src=\"https:\/\/casalparis.cat\/wp-content\/uploads\/2026\/04\/PRIMAVERA-2026-724x1024.jpg\" alt=\"\" width=\"584\" height=\"826\" srcset=\"https:\/\/casalparis.cat\/wp-content\/uploads\/2026\/04\/PRIMAVERA-2026-724x1024.jpg 724w, https:\/\/casalparis.cat\/wp-content\/uploads\/2026\/04\/PRIMAVERA-2026-212x300.jpg 212w, https:\/\/casalparis.cat\/wp-content\/uploads\/2026\/04\/PRIMAVERA-2026-768x1086.jpg 768w, https:\/\/casalparis.cat\/wp-content\/uploads\/2026\/04\/PRIMAVERA-2026-1086x1536.jpg 1086w, https:\/\/casalparis.cat\/wp-content\/uploads\/2026\/04\/PRIMAVERA-2026.jpg 1414w\" sizes=\"auto, (max-width: 584px) 100vw, 584px\" \/><\/p>\n<p>Si voleu apuntar-vos a la llista de difusi\u00f3 i rebre informaci\u00f3 de totes les activitats que fem, seguiu aquest <a href=\"https:\/\/stats.sender.net\/forms\/aKx3Jb\/view\">enlla\u00e7.<\/a><\/p>\n<p><a href=\"https:\/\/casalparis.cat\/wp-content\/uploads\/2024\/06\/Memoria-activitats-2021-2022.pdf\">Memoria d&#8217;activitats 2021-2022<\/a><\/p>\n<p><a href=\"https:\/\/casalparis.cat\/wp-content\/uploads\/2024\/03\/Memoria-dactivitats-2022-2023.pdf\">Memoria d&#8217;activitats 2022-2023<\/a><\/p>\n<p><a href=\"https:\/\/casalparis.cat\/wp-content\/uploads\/2025\/05\/Memoria-dactivitats-2024-2025.docx.pdf\">Memoria d&#8217;activitats 2024-2025.docx<\/a><\/p>\n<p>El Casal de Catalunya organitza moltes activitats al llarg de l&#8217;any.<\/p>\n<p>N&#8217;hi ha per a tots els gustos:<\/p>\n<p>Puntuals<\/p>\n<p><b>Aperitiu catal\u00e0: <\/b>El Casal dona suport i difusi\u00f3 a les trobades de l&#8217;aperitiu catal\u00e0 organitzades pels amics, alumnes i professors dels cursos de la Sorbona. Tothom est\u00e0 convidat a participar-hi. La trobada es fa en un bar i ofereix un espai informal on resoldre dubtes que puguin tenir els nouvinguts i tamb\u00e9 on reunir-se els catalans residents a Par\u00eds i on intercanviar opinions o simplement converses m\u00e9s banals i disteses.<\/p>\n<p><b>Cursos de catal\u00e0: <\/b>El Casal ha proposa des de la temporada 2023-2024 cursos de catal\u00e0 b\u00e0sic els dimarts el vespre. Veure la pestanya &#8220;Llegir i escriure&#8221; per tenir-ne m\u00e9s detalls.<\/p>\n<p><b>Castellers: <\/b>Des de ja fa uns anys els &#8220;Geperuts&#8221;, els Castellers de Paris, es troben els dimecres i els diumenges per assajar. Han aconseguit crear un bon grupet i actuen puntualment a Paris o les rodalies. Tamb\u00e9 han participat en trobades internacionals. Podeu seguir-los a les xarxes i a la web.<\/p>\n<p><img loading=\"lazy\" decoding=\"async\" class=\"alignnone wp-image-3538 size-medium\" src=\"https:\/\/casalparis.cat\/wp-content\/uploads\/2025\/10\/WhatsApp-Image-2025-10-12-at-11.42.01-300x224.jpeg\" alt=\"\" width=\"300\" height=\"224\" srcset=\"https:\/\/casalparis.cat\/wp-content\/uploads\/2025\/10\/WhatsApp-Image-2025-10-12-at-11.42.01-300x224.jpeg 300w, https:\/\/casalparis.cat\/wp-content\/uploads\/2025\/10\/WhatsApp-Image-2025-10-12-at-11.42.01-1024x763.jpeg 1024w, https:\/\/casalparis.cat\/wp-content\/uploads\/2025\/10\/WhatsApp-Image-2025-10-12-at-11.42.01-768x573.jpeg 768w, https:\/\/casalparis.cat\/wp-content\/uploads\/2025\/10\/WhatsApp-Image-2025-10-12-at-11.42.01-402x300.jpeg 402w, https:\/\/casalparis.cat\/wp-content\/uploads\/2025\/10\/WhatsApp-Image-2025-10-12-at-11.42.01.jpeg 1179w\" sizes=\"auto, (max-width: 300px) 100vw, 300px\" \/><\/p>\n<p><strong>Club de Lectura:<\/strong> Per la temporada 2025-2026 el Casal obre una nova activitat, el Club de Lectura dedicat a la literatura catalana. Una trobada cada mes i mig aproximadament. Llegirem tant autors contemporanis com cl\u00e0ssics per descobrir plegats la riquesa i la diversitat de la nostra tradici\u00f3 liter\u00e0ria. La primera trobada ser\u00e0 al voltant de &#8216;Junil a les terres dels b\u00e0rbars&#8217;, de Joan-Llu\u00eds Llu\u00eds.<\/p>\n<div>&#8212;-<\/div>\n<div><\/div>\n<p><em>Tradicionals<\/em><\/p>\n<p><b>Cal\u00e7otada: <\/b>El Casal consolida una activitat que va comen\u00e7ar de manera bastant espont\u00e0nia fa una desena d\u2019anys entre una petita colla d\u2019amics i amb la participaci\u00f3 de l\u2019<i>Amicale des Catalans<\/i>. La Cal\u00e7otada, que s\u2019ha convertit en una de les activitats m\u00e9s multitudin\u00e0ries organitzades pel Casal i que aplega a m\u00e9s de 100 persones. Amb l\u2019objectiu de disposar de suficient m\u00e0 d&#8217;obra per coure els cal\u00e7ots, el Casal acostuma a fer una crida a voluntaris i convoca als m\u00e9s motivats el mateix dia del tiberi ben d\u2019hora al mat\u00ed per encendre el foc i fer tots el preparatius. Mentre es finalitzen les \u00faltimes tandes de cal\u00e7ots i s\u2019acaba de fer la carn a la brasa, es comen\u00e7a el pica-pica, tot esperant el moment de seure a taula per compartir els tradicionals cal\u00e7ots condimentats amb salsa romesco, tot regat amb un bon traguinyol de vi que brolla dels porrons. Per postres, no falten mai els formatges francesos. Aix\u00ed doncs, la Cal\u00e7otada, que es fa a Fontainebleau, es converteix en una bona ocasi\u00f3 per sortir de Par\u00eds i gaudir en comunitat d\u2019un divertit i sabor\u00f3s \u00e0pat al m\u00e9s pur estil catal\u00e0.<\/p>\n<p><b>Sant Jordi:<\/b> essent unes de les festes m\u00e9s maques de la nostra cultura, Sant Jordi es converteix en un motiu m\u00e9s per tal que el Casal organitzi una trobada per a tots els socis i amics que viuen a Par\u00eds. En els darrers anys s&#8217;ha organitzat el tradicional intercanvi de roses i llibres. A l\u2019inici de la festa cadasc\u00fa deixa en un rac\u00f3 el llibre (escrit en llengua catalana o francesa) que ha escollit, ja sigui perqu\u00e8 ha gaudit molt\u00edssim llegint-lo, o b\u00e9 perqu\u00e8 li han recomanat, i d\u2019on n\u2019escollir\u00e0 un altre a l\u2019atzar per tal que en sigui la seva seg\u00fcent lectura. I mentre tots els convidats la fem petar una estona, el Casal fa entrega de les roses a les princeses, tot sortejant els dracs que tamb\u00e9 s\u2019han apuntat a la festa.<\/p>\n<p><b>Traginacontes: <\/b>pels volts de Sant Jordi, el Casal organitza una tarda pels m\u00e9s petits amb l\u2019objectiu que s\u2019ho passin d\u2019all\u00f2 m\u00e9s b\u00e9 tot escoltant els contes m\u00e9s tradicionals i innovadors vinguts de les nostres terres. \u00c9s per aix\u00f2 que ens reunim tots plegats en un local on petits i grans esperen ansiosos l\u2019arribada d\u2019un traginacontes vingut expressament des de Catalunya i el qual ens omplir\u00e0 la tarda tot explicant-nos les hist\u00f2ries que porta dins la seva maleta. La veritat \u00e9s que la recompensa m\u00e9s gran d\u2019aquest acte \u00e9s veure la cara dels m\u00e9s menuts i fins i tot els m\u00e9s grans tot seguint el relat. Per a festejar-ho, l\u2019associaci\u00f3 obsequia als joves assistents amb un berenar.<\/p>\n<p><b>Assemblea General : <\/b>com a tota associaci\u00f3, el Casal duu a terme la seva Assemblea General anualment i sovint coincidint amb el final del curs escolar. Aix\u00ed doncs, l\u2019entitat convida a tots el socis i membres del Casal, aix\u00ed com tamb\u00e9 a externs per tal que puguin posar-se el dia. A l\u2019assemblea es fa un petit rep\u00e0s de les activitats que s\u2019han anat fent al llarg de l\u2019any, juntament amb la divulgaci\u00f3 del balan\u00e7 econ\u00f2mic de l\u2019associaci\u00f3 (despeses, subvencions rebudes, dest\u00ed de les partides,&#8230;) aix\u00ed com tamb\u00e9 es procedeix a l\u2019elecci\u00f3 dels membres de la junta i presid\u00e8ncia. Tanmateix, el que intentem des del Casal \u00e9s obrir les portes de l\u2019associaci\u00f3 a tothom qui ho desitgi i amb aquest objectiu volem animar la gent a col\u00b7laborar amb l\u2019organitzaci\u00f3 i participaci\u00f3 en tots els actes. I perqu\u00e8 no, tamb\u00e9 obrir la porta a noves propostes. Al capdavall, el Casal \u00e9s i volem que sigui sent un punt de trobada per a tots els socis i amics de l\u2019associaci\u00f3.<\/p>\n<p><b>Sant Joan:\u00a0<\/b> no hi ha una nit m\u00e9s m\u00e0gica que la nit de Sant Joan. Des del Casal sabem que els hiverns i les primaveres parisenques no s\u00f3n tan caloroses com les catalanes i \u00e9s per aix\u00f2 que ens agrada celebrar l\u2019arribada de l\u2019estiu. Des de fa uns anys, el Casal organitza un p\u00edcnic a la vora del Sena cada 23 de juny al vespre per retrobar-nos tots plegats. Tot i que no ho podem celebrar al voltant d\u2019una foguera, s&#8217;organitza un concurs de coques de Sant Joan i despr\u00e9s de la degustacio es dona un premi a l&#8217;autor\/autora de la coca guanyadorda. Per a molts ser\u00e0 el final de les activitats del Casal fins que no es reprenguin al proper setembre, de manera que \u00e9s una festa on no s\u2019hi pot faltar, ja sigui per desitjar-se bon estiu, bones vacances o simplement per acabar d\u2019organitzar alguna <i>soir\u00e9e <\/i>tot fent un p\u00edcnic d\u2019estiu en vistes a <i>Notre Dame <\/i>entre bons amics.<\/p>\n<p><b>Inauguraci\u00f3 del curs i celebraci\u00f3 de l\u201911 de setembre: <\/b>com molt b\u00e9 tots sabeu, l\u2019estiu \u00e9s un per\u00edode on el Casal disminueix el nombre d\u2019activitats, a causa principalment del per\u00edode de vacances. \u00c9s per aix\u00f2, que a partir de setembre, i justament aprofitant la nostra diada, el Casal us proposa reprendre les activitats tot donant la benvinguda als socis i tamb\u00e9 als nouvinguts a la capital francesa, amb una activitat especial per presentar a tothom les propostes del Casal pel curs que comen\u00e7a.<\/p>\n<p><b>Taller de panellets:<\/b> tot i que en un primer moment va ser pensada com a una activitat per als m\u00e9s petits, cada vegada es fa m\u00e9s evident que s\u2019ha convertit en un punt on petits i grans comparteixen un espai f\u00edsic i temporal on aprendre com es fan aquests dol\u00e7os tan t\u00edpics de les nostra cultura. Pel taller, proposem una trobada en un local que ens permeti coure els panellets per poder degustar-los tots plegats mentre prenem un caf\u00e8 o una beguda calenta, tot resguardant-nos del fred de la tardor.<\/p>\n<p><b>Dinar de Nadal: <\/b>com a acte de cloenda de l\u2019any, pels voltants de Nadal, el Casal us proposa un \u00e0pat de germanor per tal de retrobar-nos una vegada m\u00e9s tots plegats, membres del Casal i amics d\u2019aquest, i desitjar-nos unes bones festes, abans de dir a reveure als amics que tornen a la terra natal per passar les festes amb fam\u00edlia i menjar escudella i carn d\u2019olla. Aix\u00ed doncs, per apropar aquesta festa a la cultura catalana, el Casal us proposa un dinar on hi ha una actuaci\u00f3 castellera i que t\u00e9 com a traca final els tradicionals torrons i el ti\u00f3 per als m\u00e9s menuts.<\/p>\n<p><b>Voeux de No\u00ebl: <\/b>com ja \u00e9s habitual, a inicis d\u2019any la Delegaci\u00f3 de la Generalitat de Catalunya ens convida, juntament amb altres associacions catalanes i amigues de la nostra cultura, a la cerim\u00f2nia de <i>Voeux de No\u00ebl<\/i>, activitat en la qual el delegat\/delegada d\u00f3na la benvinguda al nou any. A part de fer un petit rep\u00e0s i un balan\u00e7 del que va ser i es va fer l\u2019any anterior, s&#8217;informa de les perspectives i activitats que es presenten pel nou any, sempre mirant el nostre pa\u00eds d\u2019origen i evidentment el d\u2019acollida. L\u2019acte finalitza amb un petit c\u00f2ctel on compartim les tradicionals <i>Galettes du Roi<\/i>, i on tothom convergeix en petites tert\u00falies.<\/p>\n<p><em>Espor\u00e0diques<\/em><\/p>\n<p><b>Caminades del Casal: <\/b>amb l&#8217;objectiu de buscar activitats alternatives a les que es poden realitzar dins la mateixa ciutat de Par\u00eds i amb l\u2019entusiasme per con\u00e8ixer nous indrets de l\u2019Ile de France, l\u2019associaci\u00f3 est\u00e0 organitzant peri\u00f2dicament una s\u00e8rie de <i>randonn\u00e9es <\/i>aptes per a tots els p\u00fablics (d\u2019entre 10km i 15km) en algun paratge proper a Par\u00eds i accessible amb transport p\u00fablic. En aquestes trobades, els excursionistes s\u2019acostumen a trobar d\u2019hora en alguna estaci\u00f3 de RER i all\u00e0 tots junts, inicien un trajecte fins al lloc d\u2019inici de l\u2019excursi\u00f3 on eventualment es troben altres membres, vinguts amb vehicle privat. Cada excursi\u00f3 t\u00e9 algun al\u00b7licient m\u00e9s a banda del paisatg\u00edstic, ja sigui algun <i>ch\u00e2teau<\/i>, poble pintoresc o l&#8217;opci\u00f3 de visitar algun monument cultural. De la mateixa manera, a mitja excursi\u00f3 o al final es fa un p\u00edcnic (sempre que la meteorologia ho permeti i sovint proper a una parada de RER, per tal que altres persones s\u2019hi puguin sumar) i es comparteix pica-pica, caf\u00e8 i postres entre tots el participants. Les excursions, ja siguin circulars o no, finalitzen en un indret on es pot agafar el transport p\u00fablic per tornar a Par\u00eds.<\/p>\n<p><b>Tarda de jocs de taula:<\/b> a la cerca d\u2019una activitat per substituir les caminades en el per\u00edode m\u00e9s fred de l\u2019hivern, el Casal organitza una tarda de jocs de taula per a grans i petits amb l\u2019objectiu de compartir lleure en fam\u00edlia i entre amics. En aquesta trobada, els participants es reuneixen en un bar on, entre tots, posem en com\u00fa els jocs de taula. Cadasc\u00fa pot fer les aportacions que cregui convenients (ja sigui perqu\u00e8 \u00e9s joc preferit, un joc on es necessiten molts participants o altres motius). Seguidament els participants s&#8217;agrupen en funci\u00f3 de prefer\u00e8ncies i edats per tal de jugar-hi i passar una bona tarda d\u2019una manera alternativa. Certament, des del Casal vam veure una resposta molt positiva per part de la gent i estem molt animats a repetir-la perqu\u00e8 genera una cohesi\u00f3 de grup molt interessant.<\/p>\n<p><b>Sardanes: <\/b>El Casal ha organitzat cursets de sardanes a la temporada 2021-2022 i 2022-2023. Actualment no hem repr\u00e8s aquesta activitat.<\/p>\n","protected":false},"excerpt":{"rendered":"<p>Si voleu apuntar-vos a la llista de difusi\u00f3 i rebre informaci\u00f3 de totes les activitats que fem, seguiu aquest enlla\u00e7. Memoria d&#8217;activitats 2021-2022 Memoria d&#8217;activitats 2022-2023 Memoria d&#8217;activitats 2024-2025.docx El Casal de Catalunya organitza moltes activitats al llarg de l&#8217;any. &hellip; <a href=\"https:\/\/casalparis.cat\/?page_id=68\">Continua llegint <span class=\"meta-nav\">&rarr;<\/span><\/a><\/p>\n","protected":false},"author":1,"featured_media":0,"parent":0,"menu_order":0,"comment_status":"closed","ping_status":"closed","template":"","meta":{"footnotes":""},"class_list":["post-68","page","type-page","status-publish","hentry"],"_links":{"self":[{"href":"https:\/\/casalparis.cat\/index.php?rest_route=\/wp\/v2\/pages\/68","targetHints":{"allow":["GET"]}}],"collection":[{"href":"https:\/\/casalparis.cat\/index.php?rest_route=\/wp\/v2\/pages"}],"about":[{"href":"https:\/\/casalparis.cat\/index.php?rest_route=\/wp\/v2\/types\/page"}],"author":[{"embeddable":true,"href":"https:\/\/casalparis.cat\/index.php?rest_route=\/wp\/v2\/users\/1"}],"replies":[{"embeddable":true,"href":"https:\/\/casalparis.cat\/index.php?rest_route=%2Fwp%2Fv2%2Fcomments&post=68"}],"version-history":[{"count":67,"href":"https:\/\/casalparis.cat\/index.php?rest_route=\/wp\/v2\/pages\/68\/revisions"}],"predecessor-version":[{"id":3648,"href":"https:\/\/casalparis.cat\/index.php?rest_route=\/wp\/v2\/pages\/68\/revisions\/3648"}],"wp:attachment":[{"href":"https:\/\/casalparis.cat\/index.php?rest_route=%2Fwp%2Fv2%2Fmedia&parent=68"}],"curies":[{"name":"wp","href":"https:\/\/api.w.org\/{rel}","templated":true}]}}