{"id":2812,"date":"2023-09-25T22:06:44","date_gmt":"2023-09-25T20:06:44","guid":{"rendered":"https:\/\/casalparis.cat\/?page_id=2812"},"modified":"2025-12-16T22:52:29","modified_gmt":"2025-12-16T21:52:29","slug":"aprendre-catala-recursos","status":"publish","type":"page","link":"https:\/\/casalparis.cat\/?page_id=2812","title":{"rendered":"APRENDRE EL CATAL\u00c0 &#8211; RECURSOS \/\/ APPRENDRE LE CATALAN &#8211; OUTILS"},"content":{"rendered":"\n<div data-wp-interactive=\"core\/file\" class=\"wp-block-file\"><object data-wp-bind--hidden=\"!state.hasPdfPreview\" hidden class=\"wp-block-file__embed\" data=\"https:\/\/casalparis.cat\/wp-content\/uploads\/2025\/07\/COURS-DE-CATALAN-2-1.pdf\" type=\"application\/pdf\" style=\"width:100%;height:600px\" aria-label=\"Incrustaci\u00f3 del fitxer COURS DE CATALAN-2-1.\"><\/object><a id=\"wp-block-file--media-2e3e4cdf-55a4-4244-8200-b84b0c4622a0\" href=\"https:\/\/casalparis.cat\/wp-content\/uploads\/2025\/07\/COURS-DE-CATALAN-2-1.pdf\">COURS DE CATALAN-2-1<\/a><a href=\"https:\/\/casalparis.cat\/wp-content\/uploads\/2025\/07\/COURS-DE-CATALAN-2-1.pdf\" class=\"wp-block-file__button wp-element-button\" download aria-describedby=\"wp-block-file--media-2e3e4cdf-55a4-4244-8200-b84b0c4622a0\">Baixa<\/a><\/div>\n\n\n\n<figure class=\"wp-block-image size-large\"><img loading=\"lazy\" decoding=\"async\" width=\"1024\" height=\"1024\" src=\"https:\/\/casalparis.cat\/wp-content\/uploads\/2025\/07\/Curs-de-catala-2025-2026-insta-1-1024x1024.png\" alt=\"\" class=\"wp-image-3494\" srcset=\"https:\/\/casalparis.cat\/wp-content\/uploads\/2025\/07\/Curs-de-catala-2025-2026-insta-1-1024x1024.png 1024w, https:\/\/casalparis.cat\/wp-content\/uploads\/2025\/07\/Curs-de-catala-2025-2026-insta-1-300x300.png 300w, https:\/\/casalparis.cat\/wp-content\/uploads\/2025\/07\/Curs-de-catala-2025-2026-insta-1-150x150.png 150w, https:\/\/casalparis.cat\/wp-content\/uploads\/2025\/07\/Curs-de-catala-2025-2026-insta-1-768x768.png 768w, https:\/\/casalparis.cat\/wp-content\/uploads\/2025\/07\/Curs-de-catala-2025-2026-insta-1.png 1080w\" sizes=\"auto, (max-width: 1024px) 100vw, 1024px\" \/><\/figure>\n\n\n\n<figure class=\"wp-block-table\"><table><tbody><tr><td><br><em><strong>Les inscriptions sont ouvertes depuis le 1er ao\u00fbt pour le cours de catalan.<\/strong>&nbsp;On vous propose un cours en pr\u00e9sentiel les mardis soir (hors vacances scolaires) de 19h00 \u00e0 20h30 dans les locaux du Mus\u00e9e Mundolignua 10 rue Servandoni 75006 Paris. Metro: Odeon ou Luxembourg.<\/em><br><br><em><strong>Le premier cours aura lieu le mardi 7 octobre<\/strong>. <em><strong>Les cours du mardi soir sont complets. Nous allons ouvrir un autre cours niveau d\u00e9butant les lundis de 19h00 \u00e0 20h30 au m\u00eame endroit, dans les locaux du Mundolingua.<\/strong><\/em> Alors, si cela vous tente, inscrivez-vous \u00e0 l&#8217;aventure pour la saison 2025-2026. Vous pouvez valider votre inscription sur ce lien helloasso:&nbsp;<a href=\"https:\/\/www.helloasso.com\/associations\/casal-de-catalunya-de-paris\/evenements\/cursos-de-catala-cours-de-catalan-2025-2026\" target=\"_blank\" rel=\"noreferrer noopener\">cours de catalan.<\/a><\/em><br><em>Adh\u00e9rents: 300 euros<\/em><br><em>Non adh\u00e9rents: 400 euros<\/em><br><em><br><\/em>Vous pouvez profiter pour adh\u00e9rer \u00e0 l&#8217;association.. La saison va de septembre \u00e0 ao\u00fbt \ud83d\ude09<br><br><em>Et si tu es int\u00e9ress\u00e9 par des cours en ligne, envoi un mail \u00e0&nbsp;<a href=\"mailto:casal@casalparis.cat\" target=\"_blank\" rel=\"noreferrer noopener\">casal@casalparis.cat<\/a>&nbsp;et on t&#8217;enverra quelques propositions.<\/em><\/td><\/tr><\/tbody><\/table><\/figure>\n\n\n\n<div class=\"wp-block-group\"><div class=\"wp-block-group__inner-container is-layout-constrained wp-block-group-is-layout-constrained\">\n<p>Les&nbsp;<strong>inscripcions pels cursos de catal\u00e0 estan obertes des de l&#8217;1 d&#8217;agost.<\/strong><br>Us proposem un curs presencial els dimarts al vespre (tret de les vacances escolars) de 19h00 a 20h30 al local del Museu Mundolingua, 10 rue Servandoni \u2013 75006 Par\u00eds. Metro: Odeon o Luxembourg.<\/p>\n\n\n\n<p>Nivell b\u00e0sic o nivell avan\u00e7at, intentarem fer un curs adaptat al grup com l&#8217;any passat.<\/p>\n\n\n\n<p>Un grup pels que descobreixen l&#8217;idioma i un altre pels que ja el parlen per\u00f2 volen ampliar vocabulari i millorar l&#8217;escrit. Com que treballaran en el mateix horari i espai, podran interaccionar segons l&#8217;activitat de manera enriquidora.<\/p>\n\n\n\n<p><strong><br>El primer curs tindr\u00e0 lloc el dimarts 7 d&#8217;octubre<\/strong>. <strong>Aquest curs est\u00e0 complet pero obrirem un altre curs de nivell b\u00e0sic els dilluns a la mateixa hora i al mateix lloc. De 19h00 \u00e0 20h30 al local del Mundolingua.<\/strong> Aix\u00ed que si us sembla b\u00e9, apunteu-vos a l&#8217;aventura pel curs 2025-2026. Podeu validar la vostra inscripci\u00f3 en aquest enlla\u00e7 de helloasso:&nbsp;<a href=\"https:\/\/www.helloasso.com\/associations\/casal-de-catalunya-de-paris\/evenements\/cursos-de-catala-cours-de-catalan-2025-2026\" target=\"_blank\" rel=\"noreferrer noopener\">Cursos de catal\u00e0.<\/a><\/p>\n\n\n\n<div class=\"wp-block-group\"><div class=\"wp-block-group__inner-container is-layout-constrained wp-block-group-is-layout-constrained\">\n<p>Socis: 300 euros<\/p>\n\n\n\n<p>No socis: 400 euros<\/p>\n<\/div><\/div>\n\n\n\n<p>Podeu aprofitar l&#8217;ocasio per fer-vos socis. La temporada va de setembre a agost \ud83d\ude09<\/p>\n<\/div><\/div>\n\n\n\n<p>*****************************<\/p>\n\n\n\n<p>T\u00e9ns ganes d&#8217;aprendre catal\u00e0? Hi ha mil maneres d&#8217;aprendre si les ganes hi son. Aqui et presentem algunes de les possibilitats. I si vols m\u00e9s detalls, no dubtis en escriure&#8217;ns un missatge a casal@casalparis.cat que t&#8217;ajudarem.<\/p>\n\n\n\n<p><em>Tu as envie d&#8217;aprendre le catalan? Il y a plein de formes d&#8217;apprentissage si tu as la motivation. Tu trouveras ci-dessous quelques propositions. Puis, si tu veux plus d&#8217;information, n&#8217;h\u00e9site pas \u00e0 nous \u00e9crire un mail \u00e0 casal@casalparis.cat.<\/em><\/p>\n\n\n\n<p><a href=\"https:\/\/drive.google.com\/file\/d\/1IvGN3dZmzWfThHHXt78R_3eM7p6oPoej\/view?usp=drive_link\">Recull de recursos \/ Compil des recours<\/a><\/p>\n\n\n\n<p>****** <strong>PRESENCIALMENT A PARIS \/ EN PR\u00c9SENTIEL A PARIS<\/strong> ******<\/p>\n\n\n\n<p><strong>Centre d\u2019\u00c9tudes Catalanes (Sorbonne Universit\u00e9)<\/strong><\/p>\n\n\n\n<p>Cursos d\u2019adults de diferents nivells (Dipl\u00f4me Universitaire de Catalan). Enlla\u00e7 per a les inscripcions 2025-2026, segona campanya, fins el 9 de setembre 2025 <\/p>\n\n\n\n<p><em>Cours pour adultes en diff\u00e9rents niveaux (Dipl\u00f4me Universitaire de Catalan). Lien pour les inscriptions, ouvertes, deuxi\u00e8me campagne, jusqu\u2019au 9 septembre 2025<\/em> :&nbsp; <a href=\"https:\/\/candidatures-2025.sorbonne-universite.fr\/#!accueilView\">https:\/\/candidatures-2025.sorbonne-universite.fr\/#!accueilView<\/a><br>+ Info: <a href=\"https:\/\/lettres.sorbonne-universite.fr\/formation\/inscription\/candidature-et-admission-en-lettres-langues-sciences-humaines-et-arts\">Site web<\/a><strong> \/&nbsp; <\/strong>9 rue Sainte-Croix de la Bretonnerie 75004 Paris\/ 01 42 77 65 69 \/ <a href=\"mailto:lettres-etudescatalanes-secretariat@sorbonne-universite.fr\">lettres-etudescatalanes-secretariat@sorbonne-universite.fr<\/a><\/p>\n\n\n\n<p><a href=\"https:\/\/candidatures-2023.sorbonne-universite.fr\">https:\/\/candidatures-2023.sorbonne-universite.fr<\/a><\/p>\n\n\n\n<p>+ Info: <a href=\"https:\/\/lettres.sorbonne-universite.fr\/faculte-des-lettres\/sites-campus-et-acces\/centre-detudes-catalanes\">Site web<\/a><strong> \/&nbsp; <\/strong>9 rue Sainte-Croix de la Bretonnerie 75004 Paris\/ 01 42 77 65 69 \/ <a href=\"mailto:lettres-etudescatalanes-secretariat@sorbonne-universite.fr\">lettres-etudescatalanes-secretariat@sorbonne-universite.fr<\/a><\/p>\n\n\n\n<p><strong>Universit\u00e9 Paris8 Vincennes-Saint-Denis<\/strong> &#8211; <a href=\"https:\/\/ufr-langues.univ-paris8.fr\/Etudes-catalanes\" data-type=\"link\" data-id=\"https:\/\/ufr-langues.univ-paris8.fr\/Etudes-catalanes\">M\u00e9s informacio \/ <em>Plus d&#8217;info<\/em><\/a><\/p>\n\n\n\n<p><strong>Universit\u00e9 Sorbonne Nouvelle<\/strong> &#8211; <a href=\"http:\/\/www.univ-paris3.fr\/departement-etudes-iberiques-et-latino-americaines-eila--24138.kjsp\" data-type=\"link\" data-id=\"http:\/\/www.univ-paris3.fr\/departement-etudes-iberiques-et-latino-americaines-eila--24138.kjsp\">M\u00e9s informacio \/ <em>Plus d&#8217;info<\/em><\/a><\/p>\n\n\n\n<p><strong>Aperitiu catal\u00e0 de Paris<\/strong> &#8211; <a href=\"mailto:aperitiu-catala-paris@googlegroups.com\">m\u00e9s info \/ <em>plus info<\/em><\/a><\/p>\n\n\n\n<p>Trobades mensuals informals per parlar catal\u00e0. Solen fer-se al centre de Par\u00eds i el lloc, data i hora s\u2019anuncien un dies abans a la llista de difusi\u00f3 <a href=\"mailto:aperitiu-catala-paris@googlegroups.com\">aperitiu-catala-paris@googlegroups.com<\/a> i als grups de facebook de Catalans a Par\u00eds i Valencians a Par\u00eds \/\/ Rencontres mensuelles pour pratiquer le catalan. <em>Normalement elles sont organis\u00e9es dans le centre de Paris. Le lieu, date et heure des rencontres s\u2019annonce quelques jours \u00e0 l\u2019avance sur <\/em><a href=\"mailto:aperitiu-catala-paris@googlegroups.com\"><em>aperitiu-catala-paris@googlegroups.com<\/em><\/a><em> et sur les groupes facebook Catalans a Par\u00eds et Valencians a Par\u00eds&nbsp;<\/em><\/p>\n\n\n\n<p><strong>Institut Ramon Llull, Par\u00eds<\/strong> &#8211; <a href=\"https:\/\/www.llull.cat\/francais\/home\/index.cfm\" data-type=\"link\" data-id=\"https:\/\/www.llull.cat\/francais\/home\/index.cfm\">m\u00e9s info \/ <em>plus d&#8217;info<\/em><\/a><\/p>\n\n\n\n<p>P\u00e0gina web i newsletter de l\u2019Institut Ramon Llull a Fran\u00e7a, amb informaci\u00f3 sobre actes acad\u00e8mics i culturals, convocat\u00f2ries de subvencions, certificacions oficials de catal\u00e0, etc., a Fran\u00e7a \/\/ <em>Site et newsletter de l\u2019Institut Ramon Llull en France, fournissant des informations sur des \u00e9v\u00e9nements culturels et acad\u00e9miques, appels \u00e0 projets, certifications officielles de catalan, etc., en France <\/em>: <a href=\"https:\/\/www.llull.cat\/francais\/home\/index.cfm\">https:\/\/www.llull.cat\/francais\/home\/index.cfm<\/a>&nbsp;<\/p>\n\n\n\n<p><strong>FICEP &#8211; Forum des Instituts Culturels \u00e0 Paris &#8211;<\/strong> <a href=\"https:\/\/www.ficep.info\/copie-de-programmation\">&#8220;Passeport pour les langues&#8221;<\/a><\/p>\n\n\n\n<p><\/p>\n\n\n\n<p><strong>***** EN LINIA \/ <em>EN LIGNE <\/em>******<\/strong><\/p>\n\n\n\n<p><strong>IOC &#8211; Institut Obert de Catalunya<\/strong><\/p>\n\n\n\n<p>El <a href=\"https:\/\/ioc.xtec.cat\/educacio\/cre\" data-type=\"link\" data-id=\"https:\/\/drive.google.com\/file\/d\/1OT9LhfzlnaB6184f1suv_IuP-1Xni3i7\/view?usp=drive_link\">Programa CRE<\/a>, acr\u00f2nim de Cursos de catal\u00e0 per a joves residents a l\u2019estranger, \u00e9s la soluci\u00f3 que esteu buscant. Aquesta iniciativa de l\u2019Institut Obert de Catalunya est\u00e0 dissenyada especialment per a joves de 12 a 17 anys de tot el m\u00f3n, amb l&#8217;objectiu de millorar la seva compet\u00e8ncia comunicativa en catal\u00e0, tant oral com escrita.<\/p>\n\n\n\n<p><em>Le <a href=\"https:\/\/ioc.xtec.cat\/educacio\/cre\" data-type=\"link\" data-id=\"https:\/\/drive.google.com\/file\/d\/1OT9LhfzlnaB6184f1suv_IuP-1Xni3i7\/view?usp=drive_link\">Programme CRE,<\/a> Cours de Catalan pour les jeunes residents \u00e0 l&#8217;\u00e9tranger, est la solucion que vous cherchez. Cette iniciative de IOC est con\u00e7ue specialement pour les jeunes de 12 \u00e0 17 ans de partout dans le monde pour une proposition en ligne qui permet d&#8217;am\u00e9liorer la communication en catalan tant \u00e0 l&#8217;oral comme \u00e0 l&#8217;\u00e9crit.<\/em><\/p>\n\n\n\n<p><strong>Parla.cat &#8211;<\/strong> <a href=\"https:\/\/www.parla.cat\/pres_catalaenlinia\/AppPHP\/login\/index.php\">enlla\u00e7 \/ <em>lien<\/em><\/a><\/p>\n\n\n\n<p>Curs d\u2019autoaprenentatge del catal\u00e0 en l\u00ednia, amb o sense tutoria \/\/ <em>Cours d\u2019autoapprentissage du catalan en ligne, avec ou sans tutorat<\/em> :&nbsp; <a href=\"https:\/\/www.parla.cat\/pres_catalaenlinia\/AppPHP\/login\/index.php\">https:\/\/www.parla.cat\/pres_catalaenlinia\/AppPHP\/login\/index.php<\/a>&nbsp;<\/p>\n\n\n\n<p><strong>Intercat<\/strong>&nbsp;&#8211; <a href=\"https:\/\/www.intercat.cat\/ca\" data-type=\"link\" data-id=\"https:\/\/www.intercat.cat\/ca\">enlla\u00e7 \/<em> lien<\/em><\/a><\/p>\n\n\n\n<p>P\u00e0gina web dels serveis ling\u00fc\u00edstics de les universitats catalanes que compila informaci\u00f3 i recursos per aprendre catal\u00e0, sobretot en l\u2019entorn universitari\/\/ <em>Site web des services linguistiques des universit\u00e9s catalanes, offrant des informations et des ressources pour l\u2019apprentissage du catalan, surtout \u00e0 l\u2019universit\u00e9<\/em> : <a href=\"https:\/\/www.intercat.cat\/ca\">https:\/\/www.intercat.cat\/ca<\/a>&nbsp;<\/p>\n\n\n\n<p><strong>Easy Catalan<\/strong> &#8211; <a href=\"https:\/\/www.easy-languages.org\/easy-catalan\" data-type=\"link\" data-id=\"https:\/\/www.easy-languages.org\/easy-catalan\">enlla\u00e7 \/<em> lien<\/em><\/a><\/p>\n\n\n\n<p>V\u00eddeos, podcasts, entre d\u2019altres recursos interactius per aprendre catal\u00e0 i formar part de la comunitat d\u2019aprenents d\u2019Easy Catalan \/\/ <em>Vid\u00e9os, podcasts, et d\u2019autres outils int\u00e9ractifs pour apprendre le catalan et faire partie de la communaut\u00e9 d\u2019apprenants d\u2019Easy Catalan<\/em> : <a href=\"https:\/\/www.easy-languages.org\/easy-catalan\">https:\/\/www.easy-languages.org\/easy-catalan<\/a>&nbsp;<\/p>\n\n\n\n<p><strong>Vull aprendre catal\u00e0, a Gencat.cat<\/strong> &#8211; <a href=\"https:\/\/llengua.gencat.cat\/ca\/serveis\/aprendre_catala\/index.html\">enlla\u00e7 \/<em> lien<\/em><\/a><\/p>\n\n\n\n<p>P\u00e0gina web de la Generalitat de Catalunya amb recursos diversos per aprendre, practicar, treballar amb la llengua catalana \/\/ <em>Site web de la Generalitat de Catalunya fournissant multiples ressources pour apprendre, pratiquer, travailler autour de la langue catalane : <\/em><a href=\"https:\/\/llengua.gencat.cat\/ca\/serveis\/aprendre_catala\/index.html\">https:\/\/web.gencat.cat\/ca\/temes\/llengua\/vull-aprendre-catala\/&nbsp;<\/a><\/p>\n\n\n\n<p>Aprendre catal\u00e0 a la resta del m\u00f3n <a href=\"https:\/\/llengua.gencat.cat\/ca\/serveis\/aprendre_catala\/al-mon\">https:\/\/llengua.gencat.cat\/ca\/serveis\/aprendre_catala\/al-mon<\/a><\/p>\n\n\n\n<p><strong>Endevina <\/strong>&#8211;<a href=\"https:\/\/llengua.gencat.cat\/ca\/serveis\/aprendre_catala\/a-catalunya\/aprendre-jugant\/endevina\/\" data-type=\"link\" data-id=\"https:\/\/llengua.gencat.cat\/ca\/serveis\/aprendre_catala\/a-catalunya\/aprendre-jugant\/endevina\/\"> enlla\u00e7 \/ <em>lien<\/em><\/a><\/p>\n\n\n\n<p>Programa per descarregar gratuitament per aprendre jugant \/\/ Programme \u00e0 t\u00e9l\u00e9charger gratuitement pour apprendre par le jeu.<\/p>\n\n\n\n<p><strong>Edu365 <\/strong>&#8211; <a href=\"https:\/\/www.edu365.cat\/\" data-type=\"link\" data-id=\"https:\/\/www.edu365.cat\/\">enlla\u00e7 \/<em> lien<\/em><\/a><\/p>\n\n\n\n<p>Portal educatiu. Departament d\u2019Educaci\u00f3 de la Generalitat de Catalunya \/\/ Portail \u00e9ducatif du D\u00e9partement de l\u2019\u00c9ducation de la Generalitat de Catalunya: <a href=\"https:\/\/www.edu365.cat\/\">https:\/\/www.edu365.cat\/<\/a>&nbsp;<\/p>\n\n\n\n<p><strong>4CATS&nbsp;<\/strong>&#8211; <a href=\"http:\/\/4cats.llull.cat\/4cats\/index.cfm\" data-type=\"link\" data-id=\"http:\/\/4cats.llull.cat\/4cats\/index.cfm\">enlla\u00e7 \/<em> lien<\/em><\/a><\/p>\n\n\n\n<p>S\u00e8rie de 20 cap\u00edtols per nivells (amb transcripci\u00f3, context, gram\u00e0tica i l\u00e8xic) \/\/ <em>S\u00e9rie de 20 \u00e9pisodes par niveaux (avec transcription, contexte, grammaire et lexique) : <\/em><a href=\"http:\/\/4cats.llull.cat\/4cats\/index.cfm\">http:\/\/4cats.llull.cat\/4cats\/index.cfm<\/a><\/p>\n\n\n\n<p><\/p>\n\n\n\n<p>****** <strong>MITJANS DE COMUNICACIO \/ MEDIAS *****<\/strong><\/p>\n\n\n\n<p><a href=\"https:\/\/www.ccma.cat\/\"><strong>3CAT.CAT<\/strong><\/a><\/p>\n\n\n\n<p>Web de la Corporaci\u00f3 Catalana de Mitjans Audiovisuals \/\/ <em>Site la Corporation catalane de m\u00e9dias audiovisuels<\/em> : <a href=\"https:\/\/www.3cat.cat\/3cat\/\">https:\/\/www.3cat.cat\/3cat\/<\/a><\/p>\n\n\n\n<p><a href=\"https:\/\/ib3.org\/\"><strong>IB3<\/strong><\/a><\/p>\n\n\n\n<p>Web de l\u2019Ens P\u00fablic de Radiotelevisi\u00f3 de les Illes Balears \/\/ <em>Site de la radiot\u00e9l\u00e9vision publique des \u00eeles Bal\u00e9ares<\/em> : <a href=\"https:\/\/ib3.org\/\">https:\/\/ib3.org\/<\/a><\/p>\n\n\n\n<p><a href=\"https:\/\/www.apuntmedia.es\/\"><strong>\u00c0 Punt<\/strong><\/a><\/p>\n\n\n\n<p>Web de la radiotelevisi\u00f3 i web d\u2019informaci\u00f3 valenciana<em> \/\/ Site la radiot\u00e9l\u00e9vision valencienne et site d&#8217;informations<\/em> : <a href=\"https:\/\/www.apuntmedia.es\/\">https:\/\/www.apuntmedia.es\/<\/a><\/p>\n\n\n\n<p><a href=\"https:\/\/www.andorradifusio.ad\/\"><strong>Andorra difusi\u00f3<\/strong><\/a><\/p>\n\n\n\n<p>Web de la r\u00e0dio i la televisi\u00f3 d\u2019Andorra \/\/ <em>Site de la radio et la t\u00e9l\u00e9vision de l\u2019Andorre<\/em> : <a href=\"https:\/\/www.andorradifusio.ad\/\">https:\/\/www.andorradifusio.ad\/<\/a><\/p>\n\n\n\n<p><a href=\"https:\/\/www.radioarrels.cat\/\"><strong>R\u00e0dio Arrels<\/strong><\/a><\/p>\n\n\n\n<p>La veu de la Catalunya Nord \/\/ <em>La voix de la Catalunya Nord : <\/em><a href=\"https:\/\/www.radioarrels.cat\/\">https:\/\/www.radioarrels.cat\/<\/a><\/p>\n\n\n\n<p><a href=\"http:\/\/www.rab.cat\"><strong>RAB R\u00e0dio<\/strong><\/a><\/p>\n\n\n\n<p>Emisora que t\u00e9 com a objectiu principal connectar la comunitat catalana a l&#8217;estranger amb la cultura, les noticies i els esdeveniments d&#8217;inter\u00e8s que es produeixen a Catalunya. Emet des de Barcelona i des de diverses capitals americanes i europees. \/\/ <em>Cette radio cherche a connecter la communaut\u00e9 catalane r\u00e9sidant \u00e0 l&#8217;\u00e9tranger avec la culture, les infos et les \u00e9v\u00e9nements d&#8217;int\u00e9r\u00eat qui ont lieu en Catalogne. Elle \u00e9met depuis Barcelone et depuis certaines capitales am\u00e9ricaines et europ\u00e9ennes.<\/em><\/p>\n\n\n\n<p><strong><a href=\"https:\/\/exterior.cat\/\">Exterior.cat<\/a><\/strong><\/p>\n\n\n\n<p>Tota l&#8217;actualitat sobre la Catalunya Exterior \/\/ <\/p>\n\n\n\n<p><em>Toute l&#8217;actualit\u00e9 sur la Catalogne Exterieur<\/em><\/p>\n\n\n\n<p><strong>**** INFORMACIO SOBRE LA LLENGUA CATALANA: HISTORIA I XIFRES ****<\/strong><\/p>\n\n\n\n<div data-wp-interactive=\"core\/file\" class=\"wp-block-file\"><object data-wp-bind--hidden=\"!state.hasPdfPreview\" hidden class=\"wp-block-file__embed\" data=\"https:\/\/casalparis.cat\/wp-content\/uploads\/2023\/09\/PPLLL-La-langue-catalane-FR.pdf\" type=\"application\/pdf\" style=\"width:100%;height:600px\" aria-label=\"Incrustaci\u00f3 del fitxer PPLLL-La-langue-catalane-FR.\"><\/object><a id=\"wp-block-file--media-ff16a553-3d87-4107-bfcc-919a5a333052\" href=\"https:\/\/casalparis.cat\/wp-content\/uploads\/2023\/09\/PPLLL-La-langue-catalane-FR.pdf\">PPLLL-La-langue-catalane-FR<\/a><a href=\"https:\/\/casalparis.cat\/wp-content\/uploads\/2023\/09\/PPLLL-La-langue-catalane-FR.pdf\" class=\"wp-block-file__button wp-element-button\" download aria-describedby=\"wp-block-file--media-ff16a553-3d87-4107-bfcc-919a5a333052\">Baixa<\/a><\/div>\n\n\n\n<div data-wp-interactive=\"core\/file\" class=\"wp-block-file\"><object data-wp-bind--hidden=\"!state.hasPdfPreview\" hidden class=\"wp-block-file__embed\" data=\"https:\/\/casalparis.cat\/wp-content\/uploads\/2023\/09\/La-langue-catalane_IRL.pdf\" type=\"application\/pdf\" style=\"width:100%;height:600px\" aria-label=\"Incrustaci\u00f3 del fitxer La-langue-catalane_IRL.\"><\/object><a id=\"wp-block-file--media-1f50a765-f059-4ba7-a991-049d10a1b2ce\" href=\"https:\/\/casalparis.cat\/wp-content\/uploads\/2023\/09\/La-langue-catalane_IRL.pdf\">La-langue-catalane_IRL<\/a><a href=\"https:\/\/casalparis.cat\/wp-content\/uploads\/2023\/09\/La-langue-catalane_IRL.pdf\" class=\"wp-block-file__button wp-element-button\" download aria-describedby=\"wp-block-file--media-1f50a765-f059-4ba7-a991-049d10a1b2ce\">Baixa<\/a><\/div>\n\n\n\n<div data-wp-interactive=\"core\/file\" class=\"wp-block-file\"><object data-wp-bind--hidden=\"!state.hasPdfPreview\" hidden class=\"wp-block-file__embed\" data=\"https:\/\/casalparis.cat\/wp-content\/uploads\/2023\/09\/PPLLL-Informe-CAT_50-dades-sobre-la-llengua-2017.pdf\" type=\"application\/pdf\" style=\"width:100%;height:600px\" aria-label=\"Incrustaci\u00f3 del fitxer PPLLL-Informe-CAT_50-dades-sobre-la-llengua-2017.\"><\/object><a id=\"wp-block-file--media-e60f76e1-77cc-4cd8-9b36-2c0fc672c0fe\" href=\"https:\/\/casalparis.cat\/wp-content\/uploads\/2023\/09\/PPLLL-Informe-CAT_50-dades-sobre-la-llengua-2017.pdf\">PPLLL-Informe-CAT_50-dades-sobre-la-llengua-2017<\/a><a href=\"https:\/\/casalparis.cat\/wp-content\/uploads\/2023\/09\/PPLLL-Informe-CAT_50-dades-sobre-la-llengua-2017.pdf\" class=\"wp-block-file__button wp-element-button\" download aria-describedby=\"wp-block-file--media-e60f76e1-77cc-4cd8-9b36-2c0fc672c0fe\">Baixa<\/a><\/div>\n\n\n\n<div data-wp-interactive=\"core\/file\" class=\"wp-block-file\"><object data-wp-bind--hidden=\"!state.hasPdfPreview\" hidden class=\"wp-block-file__embed\" data=\"https:\/\/casalparis.cat\/wp-content\/uploads\/2023\/09\/PPLLL-The-catalan-language_Key-facts-2017.pdf\" type=\"application\/pdf\" style=\"width:100%;height:600px\" aria-label=\"Incrustaci\u00f3 del fitxer PPLLL-The-catalan-language_Key-facts-2017.\"><\/object><a id=\"wp-block-file--media-7b8985c6-6194-4df6-b5ce-d0920d7951ab\" href=\"https:\/\/casalparis.cat\/wp-content\/uploads\/2023\/09\/PPLLL-The-catalan-language_Key-facts-2017.pdf\">PPLLL-The-catalan-language_Key-facts-2017<\/a><a href=\"https:\/\/casalparis.cat\/wp-content\/uploads\/2023\/09\/PPLLL-The-catalan-language_Key-facts-2017.pdf\" class=\"wp-block-file__button wp-element-button\" download aria-describedby=\"wp-block-file--media-7b8985c6-6194-4df6-b5ce-d0920d7951ab\">Baixa<\/a><\/div>\n\n\n\n<p><\/p>\n","protected":false},"excerpt":{"rendered":"<p>Les inscriptions sont ouvertes depuis le 1er ao\u00fbt pour le cours de catalan.&nbsp;On vous propose un cours en pr\u00e9sentiel les mardis soir (hors vacances scolaires) de 19h00 \u00e0 20h30 dans les locaux du Mus\u00e9e Mundolignua 10 rue Servandoni 75006 Paris. &hellip; <a href=\"https:\/\/casalparis.cat\/?page_id=2812\">Continua llegint <span class=\"meta-nav\">&rarr;<\/span><\/a><\/p>\n","protected":false},"author":1,"featured_media":0,"parent":75,"menu_order":0,"comment_status":"closed","ping_status":"closed","template":"","meta":{"footnotes":""},"class_list":["post-2812","page","type-page","status-publish","hentry"],"_links":{"self":[{"href":"https:\/\/casalparis.cat\/index.php?rest_route=\/wp\/v2\/pages\/2812","targetHints":{"allow":["GET"]}}],"collection":[{"href":"https:\/\/casalparis.cat\/index.php?rest_route=\/wp\/v2\/pages"}],"about":[{"href":"https:\/\/casalparis.cat\/index.php?rest_route=\/wp\/v2\/types\/page"}],"author":[{"embeddable":true,"href":"https:\/\/casalparis.cat\/index.php?rest_route=\/wp\/v2\/users\/1"}],"replies":[{"embeddable":true,"href":"https:\/\/casalparis.cat\/index.php?rest_route=%2Fwp%2Fv2%2Fcomments&post=2812"}],"version-history":[{"count":23,"href":"https:\/\/casalparis.cat\/index.php?rest_route=\/wp\/v2\/pages\/2812\/revisions"}],"predecessor-version":[{"id":3583,"href":"https:\/\/casalparis.cat\/index.php?rest_route=\/wp\/v2\/pages\/2812\/revisions\/3583"}],"up":[{"embeddable":true,"href":"https:\/\/casalparis.cat\/index.php?rest_route=\/wp\/v2\/pages\/75"}],"wp:attachment":[{"href":"https:\/\/casalparis.cat\/index.php?rest_route=%2Fwp%2Fv2%2Fmedia&parent=2812"}],"curies":[{"name":"wp","href":"https:\/\/api.w.org\/{rel}","templated":true}]}}