{"id":938,"date":"2019-10-31T01:22:38","date_gmt":"2019-10-31T00:22:38","guid":{"rendered":"http:\/\/casalparis.cat\/?post_type=tribe_events&#038;p=938"},"modified":"2019-10-31T01:22:38","modified_gmt":"2019-10-31T00:22:38","slug":"30-11-2019-casal-de-xics","status":"publish","type":"tribe_events","link":"http:\/\/casalparis.cat\/?tribe_events=30-11-2019-casal-de-xics","title":{"rendered":"30\/11\/2019 Casal de Xics"},"content":{"rendered":"<p><a href=\"http:\/\/casalparis.cat\/wp-content\/uploads\/2019\/10\/CASAL-XICS1.png\"><img loading=\"lazy\" decoding=\"async\" class=\"aligncenter size-medium wp-image-940\" src=\"http:\/\/casalparis.cat\/wp-content\/uploads\/2019\/10\/CASAL-XICS1-300x300.png\" alt=\"\" width=\"300\" height=\"300\" srcset=\"https:\/\/casalparis.cat\/wp-content\/uploads\/2019\/10\/CASAL-XICS1-300x300.png 300w, https:\/\/casalparis.cat\/wp-content\/uploads\/2019\/10\/CASAL-XICS1-150x150.png 150w, https:\/\/casalparis.cat\/wp-content\/uploads\/2019\/10\/CASAL-XICS1-768x768.png 768w, https:\/\/casalparis.cat\/wp-content\/uploads\/2019\/10\/CASAL-XICS1-1024x1024.png 1024w, https:\/\/casalparis.cat\/wp-content\/uploads\/2019\/10\/CASAL-XICS1.png 1080w\" sizes=\"auto, (max-width: 300px) 100vw, 300px\" \/><\/a>Estimats pares i mares,<\/p>\n<p>Tornem a trobar-nos aquest dissabte al Coll\u00e8ge Hector Berlioz de 15h a 18h amb la canalla per comen\u00e7ar el nostre viatge en el temps.<\/p>\n<p>La m\u00e0quina ja est\u00e0 a punt, nom\u00e9s falta posar-la en marxa i embarcar. On ens portar\u00e0?<\/p>\n<p>Aquest \u00e9s el misteri del dia!<\/p>\n<p>Nens i nenes veniu a jugar!!!!!<\/p>\n<p>Us agra\u00efriem un mail per confirmar la vostra assist\u00e8ncia al mail\u00a0<a href=\"mailto:casal@casalparis.cat\">casal@casalparis.cat<\/a>.<\/p>\n<p>Moltes gr\u00e0cies<\/p>\n<p>Les monitores i la Junta del Casal de Catalunya de Paris<\/p>\n","protected":false},"excerpt":{"rendered":"<p>Estimats pares i mares, Tornem a trobar-nos aquest dissabte al Coll\u00e8ge Hector Berlioz de 15h a 18h amb la canalla per comen\u00e7ar el nostre viatge en el temps. La m\u00e0quina ja est\u00e0 a punt, nom\u00e9s falta posar-la en marxa i &hellip; <a href=\"http:\/\/casalparis.cat\/?tribe_events=30-11-2019-casal-de-xics\">Continua llegint <span class=\"meta-nav\">&rarr;<\/span><\/a><\/p>\n","protected":false},"author":1,"featured_media":940,"template":"","meta":{"_tribe_events_status":"","_tribe_events_status_reason":"","footnotes":""},"tags":[67,17,23,22],"tribe_events_cat":[68],"class_list":["post-938","tribe_events","type-tribe_events","status-publish","has-post-thumbnail","hentry","tag-agenda","tag-casal-xics","tag-casalparis","tag-somcasal","tribe_events_cat-agenda","cat_agenda"],"_links":{"self":[{"href":"http:\/\/casalparis.cat\/index.php?rest_route=\/wp\/v2\/tribe_events\/938","targetHints":{"allow":["GET"]}}],"collection":[{"href":"http:\/\/casalparis.cat\/index.php?rest_route=\/wp\/v2\/tribe_events"}],"about":[{"href":"http:\/\/casalparis.cat\/index.php?rest_route=\/wp\/v2\/types\/tribe_events"}],"author":[{"embeddable":true,"href":"http:\/\/casalparis.cat\/index.php?rest_route=\/wp\/v2\/users\/1"}],"version-history":[{"count":2,"href":"http:\/\/casalparis.cat\/index.php?rest_route=\/wp\/v2\/tribe_events\/938\/revisions"}],"predecessor-version":[{"id":945,"href":"http:\/\/casalparis.cat\/index.php?rest_route=\/wp\/v2\/tribe_events\/938\/revisions\/945"}],"wp:featuredmedia":[{"embeddable":true,"href":"http:\/\/casalparis.cat\/index.php?rest_route=\/wp\/v2\/media\/940"}],"wp:attachment":[{"href":"http:\/\/casalparis.cat\/index.php?rest_route=%2Fwp%2Fv2%2Fmedia&parent=938"}],"wp:term":[{"taxonomy":"post_tag","embeddable":true,"href":"http:\/\/casalparis.cat\/index.php?rest_route=%2Fwp%2Fv2%2Ftags&post=938"},{"taxonomy":"tribe_events_cat","embeddable":true,"href":"http:\/\/casalparis.cat\/index.php?rest_route=%2Fwp%2Fv2%2Ftribe_events_cat&post=938"}],"curies":[{"name":"wp","href":"https:\/\/api.w.org\/{rel}","templated":true}]}}

<p><a href="http://casalparis.cat/wp-content/uploads/2019/10/CASAL-XICS1.png"><img loading="lazy" decoding="async" class="aligncenter size-medium wp-image-940" src="http://casalparis.cat/wp-content/uploads/2019/10/CASAL-XICS1-300x300.png" alt="" width="300" height="300" srcset="https://casalparis.cat/wp-content/uploads/2019/10/CASAL-XICS1-300x300.png 300w, https://casalparis.cat/wp-content/uploads/2019/10/CASAL-XICS1-150x150.png 150w, https://casalparis.cat/wp-content/uploads/2019/10/CASAL-XICS1-768x768.png 768w, https://casalparis.cat/wp-content/uploads/2019/10/CASAL-XICS1-1024x1024.png 1024w, https://casalparis.cat/wp-content/uploads/2019/10/CASAL-XICS1.png 1080w" sizes="auto, (max-width: 300px) 100vw, 300px" /></a>Estimats pares i mares,</p>
<p>Tornem a trobar-nos aquest dissabte al Collège Hector Berlioz de 15h a 18h amb la canalla per començar el nostre viatge en el temps.</p>
<p>La màquina ja està a punt, només falta posar-la en marxa i embarcar. On ens portarà?</p>
<p>Aquest és el misteri del dia!</p>
<p>Nens i nenes veniu a jugar!!!!!</p>
<p>Us agraïriem un mail per confirmar la vostra assistència al mail <a href="mailto:casal@casalparis.cat">casal@casalparis.cat</a>.</p>
<p>Moltes gràcies</p>
<p>Les monitores i la Junta del Casal de Catalunya de Paris</p>

<p>Estimats pares i mares, Tornem a trobar-nos aquest dissabte al Collège Hector Berlioz de 15h a 18h amb la canalla per començar el nostre viatge en el temps. La màquina ja està a punt, només falta posar-la en marxa i &hellip; <a href="http://casalparis.cat/?tribe_events=30-11-2019-casal-de-xics">Continua llegint <span class="meta-nav">&rarr;</span></a></p>
