{"id":813,"date":"2019-09-12T23:46:15","date_gmt":"2019-09-12T21:46:15","guid":{"rendered":"http:\/\/casalparis.cat\/?post_type=tribe_events&#038;p=813"},"modified":"2019-09-30T22:17:36","modified_gmt":"2019-09-30T20:17:36","slug":"05-10-2019-assamblea-general","status":"publish","type":"tribe_events","link":"http:\/\/casalparis.cat\/?tribe_events=05-10-2019-assamblea-general","title":{"rendered":"05\/10\/2019 &#8211; Assamblea General"},"content":{"rendered":"<p><a href=\"http:\/\/casalparis.cat\/wp-content\/uploads\/2019\/09\/Assamblea.jpeg\"><img loading=\"lazy\" decoding=\"async\" class=\"aligncenter size-full wp-image-814\" src=\"http:\/\/casalparis.cat\/wp-content\/uploads\/2019\/09\/Assamblea.jpeg\" alt=\"\" width=\"213\" height=\"208\" \/><\/a><\/p>\n<p>Us convoquem a l&#8217;Assemblea General Ordin\u00e0ria del Casal de Catalunya de Par\u00eds, que tindr\u00e0 lloc el dissabte 5 d&#8217;octubre a les 18\u202fh a la Maison Ouverte de Montreuil (17, rue Hoche &#8211; 93100 Montreuil. Metro: Mairie de Montreuil). Adjunt trobareu el document amb la convocat\u00f2ria oficial i l&#8217;ordre del dia.<\/p>\n<p>La proposta no s&#8217;acaba aqu\u00ed. Tal com vam fer l&#8217;any passat, un pica-pica ens acompanyar\u00e0 durant l&#8217;assamblea i us proposem continuar la vesprada amb un sopar de germanor amb una mica de pa amb tom\u00e0quet, embotit, formatge, alguna altra sorpresa de la terra i bon beure.<\/p>\n<p>Si creus que al Casal li manquen activitats i en vols proposar de noves vine a dir-hi la teva!<\/p>\n<p>Segur que ens podeu donar noves idees, propostes de llocs que heu visitat, de locals que coneixeu que ens poguessin acollir per a les nostres trobades, i fer una mica de cr\u00edtica del curs passat per poder millorar el curs que comen\u00e7a.<\/p>\n<p>Si voleu quedar-vos al sopar cal que ens envieu un mail indicant quants sereu per poder calcular la quantitat a preparar.<\/p>\n<p>Volem que el Casal sigui a la mida de tothom. Si teniu ganes de participar-hi una mica m\u00e9s, no tingueu mandra, ni por, ni vergonya. Si podeu dedicar-hi el (poc) temps que tingueu de tant en tant: tothom hi \u00e9s benvingut i nosaltres estarem m\u00e9s que encantats!<\/p>\n<p>Recordeu que \u00e9s<u><b> important la pres\u00e8ncia dels socis a l&#8217;assamblea<\/b><\/u> per aprovar les decisions. I si pel que fos no podeu venir, podeu omplir el poder que us adjuntem i retornar-lo al nostre mail o entregar-lo a un altre soci per tal que us pugui representar.<\/p>\n<p>Aix\u00ed doncs, amb moltes ganes de trobar-vos, us enviem una forta abra\u00e7ada.<\/p>\n<p><a href=\"http:\/\/casalparis.cat\/wp-content\/uploads\/2019\/09\/Convocato\u0300ria_AG-2019.pdf\">Convocato\u0300ria_AG 2019<\/a> <a href=\"http:\/\/casalparis.cat\/wp-content\/uploads\/2019\/09\/Poder_candidatures-2019.pdf\">Poder_candidatures 2019<\/a><\/p>\n<p><a href=\"http:\/\/casalparis.cat\/wp-content\/uploads\/2019\/09\/Poder_candidatures-2019.pdf\">Poder_candidatures 2019<\/a><\/p>\n","protected":false},"excerpt":{"rendered":"<p>Us convoquem a l&#8217;Assemblea General Ordin\u00e0ria del Casal de Catalunya de Par\u00eds, que tindr\u00e0 lloc el dissabte 5 d&#8217;octubre a les 18\u202fh a la Maison Ouverte de Montreuil (17, rue Hoche &#8211; 93100 Montreuil. Metro: Mairie de Montreuil). Adjunt trobareu &hellip; <a href=\"http:\/\/casalparis.cat\/?tribe_events=05-10-2019-assamblea-general\">Continua llegint <span class=\"meta-nav\">&rarr;<\/span><\/a><\/p>\n","protected":false},"author":1,"featured_media":814,"template":"","meta":{"_tribe_events_status":"","_tribe_events_status_reason":"","footnotes":""},"tags":[67,118,7],"tribe_events_cat":[68],"class_list":["post-813","tribe_events","type-tribe_events","status-publish","has-post-thumbnail","hentry","tag-agenda","tag-assamblea","tag-casal","tribe_events_cat-agenda","cat_agenda"],"_links":{"self":[{"href":"http:\/\/casalparis.cat\/index.php?rest_route=\/wp\/v2\/tribe_events\/813","targetHints":{"allow":["GET"]}}],"collection":[{"href":"http:\/\/casalparis.cat\/index.php?rest_route=\/wp\/v2\/tribe_events"}],"about":[{"href":"http:\/\/casalparis.cat\/index.php?rest_route=\/wp\/v2\/types\/tribe_events"}],"author":[{"embeddable":true,"href":"http:\/\/casalparis.cat\/index.php?rest_route=\/wp\/v2\/users\/1"}],"version-history":[{"count":3,"href":"http:\/\/casalparis.cat\/index.php?rest_route=\/wp\/v2\/tribe_events\/813\/revisions"}],"predecessor-version":[{"id":850,"href":"http:\/\/casalparis.cat\/index.php?rest_route=\/wp\/v2\/tribe_events\/813\/revisions\/850"}],"wp:featuredmedia":[{"embeddable":true,"href":"http:\/\/casalparis.cat\/index.php?rest_route=\/wp\/v2\/media\/814"}],"wp:attachment":[{"href":"http:\/\/casalparis.cat\/index.php?rest_route=%2Fwp%2Fv2%2Fmedia&parent=813"}],"wp:term":[{"taxonomy":"post_tag","embeddable":true,"href":"http:\/\/casalparis.cat\/index.php?rest_route=%2Fwp%2Fv2%2Ftags&post=813"},{"taxonomy":"tribe_events_cat","embeddable":true,"href":"http:\/\/casalparis.cat\/index.php?rest_route=%2Fwp%2Fv2%2Ftribe_events_cat&post=813"}],"curies":[{"name":"wp","href":"https:\/\/api.w.org\/{rel}","templated":true}]}}

<p><a href="http://casalparis.cat/wp-content/uploads/2019/09/Assamblea.jpeg"><img loading="lazy" decoding="async" class="aligncenter size-full wp-image-814" src="http://casalparis.cat/wp-content/uploads/2019/09/Assamblea.jpeg" alt="" width="213" height="208" /></a></p>
<p>Us convoquem a l&#8217;Assemblea General Ordinària del Casal de Catalunya de París, que tindrà lloc el dissabte 5 d&#8217;octubre a les 18 h a la Maison Ouverte de Montreuil (17, rue Hoche &#8211; 93100 Montreuil. Metro: Mairie de Montreuil). Adjunt trobareu el document amb la convocatòria oficial i l&#8217;ordre del dia.</p>
<p>La proposta no s&#8217;acaba aquí. Tal com vam fer l&#8217;any passat, un pica-pica ens acompanyarà durant l&#8217;assamblea i us proposem continuar la vesprada amb un sopar de germanor amb una mica de pa amb tomàquet, embotit, formatge, alguna altra sorpresa de la terra i bon beure.</p>
<p>Si creus que al Casal li manquen activitats i en vols proposar de noves vine a dir-hi la teva!</p>
<p>Segur que ens podeu donar noves idees, propostes de llocs que heu visitat, de locals que coneixeu que ens poguessin acollir per a les nostres trobades, i fer una mica de crítica del curs passat per poder millorar el curs que comença.</p>
<p>Si voleu quedar-vos al sopar cal que ens envieu un mail indicant quants sereu per poder calcular la quantitat a preparar.</p>
<p>Volem que el Casal sigui a la mida de tothom. Si teniu ganes de participar-hi una mica més, no tingueu mandra, ni por, ni vergonya. Si podeu dedicar-hi el (poc) temps que tingueu de tant en tant: tothom hi és benvingut i nosaltres estarem més que encantats!</p>
<p>Recordeu que és<u><b> important la presència dels socis a l&#8217;assamblea</b></u> per aprovar les decisions. I si pel que fos no podeu venir, podeu omplir el poder que us adjuntem i retornar-lo al nostre mail o entregar-lo a un altre soci per tal que us pugui representar.</p>
<p>Així doncs, amb moltes ganes de trobar-vos, us enviem una forta abraçada.</p>
<p><a href="http://casalparis.cat/wp-content/uploads/2019/09/Convocatòria_AG-2019.pdf">Convocatòria_AG 2019</a> <a href="http://casalparis.cat/wp-content/uploads/2019/09/Poder_candidatures-2019.pdf">Poder_candidatures 2019</a></p>
<p><a href="http://casalparis.cat/wp-content/uploads/2019/09/Poder_candidatures-2019.pdf">Poder_candidatures 2019</a></p>

<p>Us convoquem a l&#8217;Assemblea General Ordinària del Casal de Catalunya de París, que tindrà lloc el dissabte 5 d&#8217;octubre a les 18 h a la Maison Ouverte de Montreuil (17, rue Hoche &#8211; 93100 Montreuil. Metro: Mairie de Montreuil). Adjunt trobareu &hellip; <a href="http://casalparis.cat/?tribe_events=05-10-2019-assamblea-general">Continua llegint <span class="meta-nav">&rarr;</span></a></p>
