{"id":806,"date":"2019-09-12T22:47:40","date_gmt":"2019-09-12T20:47:40","guid":{"rendered":"http:\/\/casalparis.cat\/?post_type=tribe_events&#038;p=806"},"modified":"2019-09-13T00:24:23","modified_gmt":"2019-09-12T22:24:23","slug":"festival-des-langues-a-avon","status":"publish","type":"tribe_events","link":"http:\/\/casalparis.cat\/?tribe_events=festival-des-langues-a-avon","title":{"rendered":"27 i 28\/09\/2019 &#8211; Festival des Langues \u00e0 Avon"},"content":{"rendered":"<div>El\u00a0<u><b>dissabte 28 de setembre<\/b><\/u> el Casal participar\u00e0 al VI\u00e8 Festival des Langues et des Cultures d&#8217;Avon\u00a0Maison dans la Vall\u00e9e. Us podeu creure que es parlen m\u00e9s de 50 lleng\u00fces diferents a la ciutat d&#8217;Avon! I una d&#8217;elles \u00e9s el catal\u00e0&#8230; aquesta \u00e9s una de les raons de la nostra relaci\u00f3 des de fa anys amb l&#8217;associaci\u00f3 l&#8217;Amicale des Catalans de France. Enguany la llengua convidada \u00e9s R\u00fassia.<\/div>\n<div>Els Castellers de Paris tamb\u00e9 hi participaran fent una demostraci\u00f3 castellera.<\/div>\n<div>Animeu-vos a participar-hi! Veniu a fer pinya!<\/div>\n<div><\/div>\n<div>\u2022 A partir de les 10h : espectacles de danses, inciacions, tallers, animacions, cuina d&#8217;arreu del m\u00f3n, degustacions d&#8217;especialitats regionals, exposicions, confer\u00e8ncies, xerrades, jocs tradicionals, &#8230; <br class=\"autobr\" \/>\u2022 20h : concert de Stargorod \u2013 grup folcl\u00f2ric rus<br class=\"autobr\" \/>Le grup Stargorod, originari de la regi\u00f3 del Volga a Russia, esta format per varis m\u00fasics coneguts que dominen perfectament l&#8217;art dels instruments folcl\u00f2rics russos (domra, domra alto, bayan, balala\u00efka-contrebaix\u2026). Revisiten de manera original obres de g\u00e8neres musicals diferents\u00a0 (jazz, folk, classic, pop, etc.).<\/div>\n<div><u>Lloc<\/u>: Maison dans la Vall\u00e9e, (27 rue du Vieux Ru, Avon)<\/div>\n<div><a href=\"http:\/\/casalparis.cat\/wp-content\/uploads\/2019\/09\/festival_langues_et_cultures_2019-2-9e753.jpg\"><img loading=\"lazy\" decoding=\"async\" class=\"aligncenter size-medium wp-image-807\" src=\"http:\/\/casalparis.cat\/wp-content\/uploads\/2019\/09\/festival_langues_et_cultures_2019-2-9e753-212x300.jpg\" alt=\"\" width=\"212\" height=\"300\" srcset=\"https:\/\/casalparis.cat\/wp-content\/uploads\/2019\/09\/festival_langues_et_cultures_2019-2-9e753-212x300.jpg 212w, https:\/\/casalparis.cat\/wp-content\/uploads\/2019\/09\/festival_langues_et_cultures_2019-2-9e753.jpg 600w\" sizes=\"auto, (max-width: 212px) 100vw, 212px\" \/><\/a><\/div>\n<div><\/div>\n<div>I ell divendres 27 de setembre a les 20h30, en el marc de la festa, es prepara una xerrada entorn de l&#8217;exili dels republicans. En Gentil Puig-Moreno presentar\u00e0 el seu llibre &#8220;Fils de l&#8217;exil &#8211; Itineraires d&#8217;un fils d&#8217;exili\u00e9 r\u00e9publicain catalan&#8221;. Organitzat per l&#8217;associaci\u00f3 Les amis de Jorge Semprun i l&#8217;associaci\u00f3 24 ao\u00fbt 1944.<\/div>\n<div><\/div>\n<div><a href=\"http:\/\/casalparis.cat\/wp-content\/uploads\/2019\/09\/Avon-27-septembre-2019.jpg\"><img loading=\"lazy\" decoding=\"async\" class=\"aligncenter size-medium wp-image-793\" src=\"http:\/\/casalparis.cat\/wp-content\/uploads\/2019\/09\/Avon-27-septembre-2019-212x300.jpg\" alt=\"\" width=\"212\" height=\"300\" srcset=\"https:\/\/casalparis.cat\/wp-content\/uploads\/2019\/09\/Avon-27-septembre-2019-212x300.jpg 212w, https:\/\/casalparis.cat\/wp-content\/uploads\/2019\/09\/Avon-27-septembre-2019.jpg 679w\" sizes=\"auto, (max-width: 212px) 100vw, 212px\" \/><\/a><\/div>\n","protected":false},"excerpt":{"rendered":"<p>El\u00a0dissabte 28 de setembre el Casal participar\u00e0 al VI\u00e8 Festival des Langues et des Cultures d&#8217;Avon\u00a0Maison dans la Vall\u00e9e. Us podeu creure que es parlen m\u00e9s de 50 lleng\u00fces diferents a la ciutat d&#8217;Avon! I una d&#8217;elles \u00e9s el catal\u00e0&#8230; &hellip; <a href=\"http:\/\/casalparis.cat\/?tribe_events=festival-des-langues-a-avon\">Continua llegint <span class=\"meta-nav\">&rarr;<\/span><\/a><\/p>\n","protected":false},"author":1,"featured_media":807,"template":"","meta":{"_tribe_events_status":"","_tribe_events_status_reason":"","footnotes":""},"tags":[67,15,5,66,115,116,117],"tribe_events_cat":[68],"class_list":["post-806","tribe_events","type-tribe_events","status-publish","has-post-thumbnail","hentry","tag-agenda","tag-avon","tag-castellers","tag-exili","tag-festivaldeslangues","tag-llibres","tag-republicans","tribe_events_cat-agenda","cat_agenda"],"_links":{"self":[{"href":"http:\/\/casalparis.cat\/index.php?rest_route=\/wp\/v2\/tribe_events\/806","targetHints":{"allow":["GET"]}}],"collection":[{"href":"http:\/\/casalparis.cat\/index.php?rest_route=\/wp\/v2\/tribe_events"}],"about":[{"href":"http:\/\/casalparis.cat\/index.php?rest_route=\/wp\/v2\/types\/tribe_events"}],"author":[{"embeddable":true,"href":"http:\/\/casalparis.cat\/index.php?rest_route=\/wp\/v2\/users\/1"}],"version-history":[{"count":2,"href":"http:\/\/casalparis.cat\/index.php?rest_route=\/wp\/v2\/tribe_events\/806\/revisions"}],"predecessor-version":[{"id":817,"href":"http:\/\/casalparis.cat\/index.php?rest_route=\/wp\/v2\/tribe_events\/806\/revisions\/817"}],"wp:featuredmedia":[{"embeddable":true,"href":"http:\/\/casalparis.cat\/index.php?rest_route=\/wp\/v2\/media\/807"}],"wp:attachment":[{"href":"http:\/\/casalparis.cat\/index.php?rest_route=%2Fwp%2Fv2%2Fmedia&parent=806"}],"wp:term":[{"taxonomy":"post_tag","embeddable":true,"href":"http:\/\/casalparis.cat\/index.php?rest_route=%2Fwp%2Fv2%2Ftags&post=806"},{"taxonomy":"tribe_events_cat","embeddable":true,"href":"http:\/\/casalparis.cat\/index.php?rest_route=%2Fwp%2Fv2%2Ftribe_events_cat&post=806"}],"curies":[{"name":"wp","href":"https:\/\/api.w.org\/{rel}","templated":true}]}}

27 i 28/09/2019 &#8211; Festival des Langues à Avon

<div>El <u><b>dissabte 28 de setembre</b></u> el Casal participarà al VIè Festival des Langues et des Cultures d&#8217;Avon Maison dans la Vallée. Us podeu creure que es parlen més de 50 llengües diferents a la ciutat d&#8217;Avon! I una d&#8217;elles és el català&#8230; aquesta és una de les raons de la nostra relació des de fa anys amb l&#8217;associació l&#8217;Amicale des Catalans de France. Enguany la llengua convidada és Rússia.</div>
<div>Els Castellers de Paris també hi participaran fent una demostració castellera.</div>
<div>Animeu-vos a participar-hi! Veniu a fer pinya!</div>
<div></div>
<div>• A partir de les 10h : espectacles de danses, inciacions, tallers, animacions, cuina d&#8217;arreu del món, degustacions d&#8217;especialitats regionals, exposicions, conferències, xerrades, jocs tradicionals, &#8230; <br class="autobr" />• 20h : concert de Stargorod – grup folclòric rus<br class="autobr" />Le grup Stargorod, originari de la regió del Volga a Russia, esta format per varis músics coneguts que dominen perfectament l&#8217;art dels instruments folclòrics russos (domra, domra alto, bayan, balalaïka-contrebaix…). Revisiten de manera original obres de gèneres musicals diferents  (jazz, folk, classic, pop, etc.).</div>
<div><u>Lloc</u>: Maison dans la Vallée, (27 rue du Vieux Ru, Avon)</div>
<div><a href="http://casalparis.cat/wp-content/uploads/2019/09/festival_langues_et_cultures_2019-2-9e753.jpg"><img loading="lazy" decoding="async" class="aligncenter size-medium wp-image-807" src="http://casalparis.cat/wp-content/uploads/2019/09/festival_langues_et_cultures_2019-2-9e753-212x300.jpg" alt="" width="212" height="300" srcset="https://casalparis.cat/wp-content/uploads/2019/09/festival_langues_et_cultures_2019-2-9e753-212x300.jpg 212w, https://casalparis.cat/wp-content/uploads/2019/09/festival_langues_et_cultures_2019-2-9e753.jpg 600w" sizes="auto, (max-width: 212px) 100vw, 212px" /></a></div>
<div></div>
<div>I ell divendres 27 de setembre a les 20h30, en el marc de la festa, es prepara una xerrada entorn de l&#8217;exili dels republicans. En Gentil Puig-Moreno presentarà el seu llibre &#8220;Fils de l&#8217;exil &#8211; Itineraires d&#8217;un fils d&#8217;exilié républicain catalan&#8221;. Organitzat per l&#8217;associació Les amis de Jorge Semprun i l&#8217;associació 24 août 1944.</div>
<div></div>
<div><a href="http://casalparis.cat/wp-content/uploads/2019/09/Avon-27-septembre-2019.jpg"><img loading="lazy" decoding="async" class="aligncenter size-medium wp-image-793" src="http://casalparis.cat/wp-content/uploads/2019/09/Avon-27-septembre-2019-212x300.jpg" alt="" width="212" height="300" srcset="https://casalparis.cat/wp-content/uploads/2019/09/Avon-27-septembre-2019-212x300.jpg 212w, https://casalparis.cat/wp-content/uploads/2019/09/Avon-27-septembre-2019.jpg 679w" sizes="auto, (max-width: 212px) 100vw, 212px" /></a></div>

<p>El dissabte 28 de setembre el Casal participarà al VIè Festival des Langues et des Cultures d&#8217;Avon Maison dans la Vallée. Us podeu creure que es parlen més de 50 llengües diferents a la ciutat d&#8217;Avon! I una d&#8217;elles és el català&#8230; &hellip; <a href="http://casalparis.cat/?tribe_events=festival-des-langues-a-avon">Continua llegint <span class="meta-nav">&rarr;</span></a></p>
