{"id":412,"date":"2019-03-12T00:11:09","date_gmt":"2019-03-11T23:11:09","guid":{"rendered":"http:\/\/casalparis.cat\/?post_type=tribe_events&#038;p=412"},"modified":"2019-04-06T11:37:07","modified_gmt":"2019-04-06T09:37:07","slug":"24-03-2018-caminada","status":"publish","type":"tribe_events","link":"http:\/\/casalparis.cat\/?tribe_events=24-03-2018-caminada","title":{"rendered":"24\/03\/2018 &#8211; Caminada"},"content":{"rendered":"<p>Sembla que l&#8217;hivern es va acabant&#8230; Salteu <a href=\"http:\/\/casalparis.cat\/wp-content\/uploads\/2019\/03\/nen-motxilla-final.jpg\"><img loading=\"lazy\" decoding=\"async\" class=\" wp-image-413 alignright\" src=\"http:\/\/casalparis.cat\/wp-content\/uploads\/2019\/03\/nen-motxilla-final-300x226.jpg\" alt=\"\" width=\"246\" height=\"188\" \/><\/a>del llit, poseu-vos les botes de caminar, la motxilla a l&#8217;esquena, i &#8230;. apa, d&#8217;excursi\u00f3.<\/p>\n<p>Aquest diumenge 24 de Mar\u00e7, us proposem una caminada circular de <span class=\"hiddenSpellError\">15Km<\/span>, amb poc desnivell, a partir de la localitat de <span class=\"hiddenSpellError\">Trilport<\/span> (<span class=\"hiddenSpellError\">Seine<\/span> <span class=\"hiddenGrammarError\">et<\/span> Marne).<\/p>\n<p><strong>Ens trobarem a les <span class=\"hiddenGrammarError\">9h<\/span> del mat\u00ed a la <span class=\"hiddenSpellError\">Gare<\/span> de l&#8217;Est, directament a l&#8217;andana<\/strong>, per agafar el tren de les <span class=\"hiddenSpellError\">9h37<\/span> direcci\u00f3 &#8220;La <span class=\"hiddenSpellError\">Fert\u00e9<\/span>&#8211;<span class=\"hiddenSpellError\">Milo<\/span>&#8220;. Arribada a <span class=\"hiddenSpellError\">Trilport<\/span> a les 10<span class=\"hiddenSpellError\">h07<\/span>.<\/p>\n<p>Comen\u00e7arem a caminar cap a <span class=\"hiddenSpellError\">Montceaux<\/span>&#8211;<span class=\"hiddenSpellError\">l\u00e8s<\/span>-Meaux, on podrem veure a la pla\u00e7a de l&#8217;ajuntament, un &#8220;beffroi&#8221; (campanar), amb una campana de l&#8217;any 1364. Continuarem per la &#8220;<span class=\"hiddenSpellError\">For\u00eat<\/span> <span class=\"hiddenSpellError\">Domaniale<\/span> de <span class=\"hiddenSpellError\">Montceaux<\/span>&#8220;, seguint el <span class=\"hiddenSpellError\">GR11<\/span>, i farem una paradeta per dinar i agafar forces en una \u00e0rea de p\u00edcnic. Un cop tips, i despr\u00e9s d&#8217;una migdiada o una partideta de cartes, tornarem cap a <span class=\"hiddenSpellError\">Trilport<\/span> per agafar el tren de tornada. (Trens cada hora, a partir de les <span class=\"hiddenSpellError\">16h38<\/span>)<span class=\"hiddenGrammarError\">.<\/span><\/p>\n<p><strong><span class=\"hiddenGrammarError\">Si<\/span> penseu venir, aviseu-nos i deixeu-nos un <span class=\"hiddenSpellError\">n\u00b0<\/span> de tel\u00e8fon, per si <span class=\"hiddenGrammarError\">hi<\/span> haguessin canvis d&#8217;\u00faltima hora, deguts al mal temps.<\/strong><\/p>\n<p>Els que teniu <span class=\"hiddenSpellError\">facebook<\/span>, esteu atents a les publicacions d&#8217;\u00faltima hora.<\/p>\n<p>Bona setmana a tots, i fins diumenge pels valents que <span class=\"hiddenGrammarError\">s&#8217;<\/span>apuntaran a caminar.<\/p>\n<p>Salut i Casal!<\/p>\n<p><a href=\"http:\/\/casalparis.cat\/wp-content\/uploads\/2019\/03\/Trilport-Caminada.png\"><img loading=\"lazy\" decoding=\"async\" class=\"aligncenter size-medium wp-image-464\" src=\"http:\/\/casalparis.cat\/wp-content\/uploads\/2019\/03\/Trilport-Caminada-300x147.png\" alt=\"\" width=\"300\" height=\"147\" srcset=\"https:\/\/casalparis.cat\/wp-content\/uploads\/2019\/03\/Trilport-Caminada-300x147.png 300w, https:\/\/casalparis.cat\/wp-content\/uploads\/2019\/03\/Trilport-Caminada-500x245.png 500w, https:\/\/casalparis.cat\/wp-content\/uploads\/2019\/03\/Trilport-Caminada.png 764w\" sizes=\"auto, (max-width: 300px) 100vw, 300px\" \/><\/a><\/p>\n<p>Un record de la caminada&#8230;..<\/p>\n<p><a href=\"http:\/\/casalparis.cat\/wp-content\/uploads\/2019\/03\/WhatsApp-Image-2019-03-27-at-14.11.08.jpeg\"><img loading=\"lazy\" decoding=\"async\" class=\"aligncenter size-medium wp-image-508\" src=\"http:\/\/casalparis.cat\/wp-content\/uploads\/2019\/03\/WhatsApp-Image-2019-03-27-at-14.11.08-300x169.jpeg\" alt=\"\" width=\"300\" height=\"169\" srcset=\"https:\/\/casalparis.cat\/wp-content\/uploads\/2019\/03\/WhatsApp-Image-2019-03-27-at-14.11.08-300x169.jpeg 300w, https:\/\/casalparis.cat\/wp-content\/uploads\/2019\/03\/WhatsApp-Image-2019-03-27-at-14.11.08-768x432.jpeg 768w, https:\/\/casalparis.cat\/wp-content\/uploads\/2019\/03\/WhatsApp-Image-2019-03-27-at-14.11.08-1024x576.jpeg 1024w, https:\/\/casalparis.cat\/wp-content\/uploads\/2019\/03\/WhatsApp-Image-2019-03-27-at-14.11.08-500x281.jpeg 500w, https:\/\/casalparis.cat\/wp-content\/uploads\/2019\/03\/WhatsApp-Image-2019-03-27-at-14.11.08.jpeg 1600w\" sizes=\"auto, (max-width: 300px) 100vw, 300px\" \/><\/a><\/p>\n<p><a href=\"http:\/\/casalparis.cat\/wp-content\/uploads\/2019\/03\/WhatsApp_Image_2019-03-24_at_16-removebg1.png\"><img loading=\"lazy\" decoding=\"async\" class=\"size-medium wp-image-507 aligncenter\" src=\"http:\/\/casalparis.cat\/wp-content\/uploads\/2019\/03\/WhatsApp_Image_2019-03-24_at_16-removebg1-225x300.png\" alt=\"\" width=\"225\" height=\"300\" srcset=\"https:\/\/casalparis.cat\/wp-content\/uploads\/2019\/03\/WhatsApp_Image_2019-03-24_at_16-removebg1-225x300.png 225w, https:\/\/casalparis.cat\/wp-content\/uploads\/2019\/03\/WhatsApp_Image_2019-03-24_at_16-removebg1.png 433w\" sizes=\"auto, (max-width: 225px) 100vw, 225px\" \/><\/a><\/p>\n<p>&nbsp;<\/p>\n<p>&nbsp;<\/p>\n<p>&nbsp;<\/p>\n<p>&nbsp;<\/p>\n<p>&nbsp;<\/p>\n<p>&nbsp;<\/p>\n<p>&nbsp;<\/p>\n<p>&nbsp;<\/p>\n<p>&nbsp;<\/p>\n<p>&nbsp;<\/p>\n<p>&nbsp;<\/p>\n<p>&nbsp;<\/p>\n","protected":false},"excerpt":{"rendered":"<p>Sembla que l&#8217;hivern es va acabant&#8230; Salteu del llit, poseu-vos les botes de caminar, la motxilla a l&#8217;esquena, i &#8230;. apa, d&#8217;excursi\u00f3. Aquest diumenge 24 de Mar\u00e7, us proposem una caminada circular de 15Km, amb poc desnivell, a partir de &hellip; <a href=\"http:\/\/casalparis.cat\/?tribe_events=24-03-2018-caminada\">Continua llegint <span class=\"meta-nav\">&rarr;<\/span><\/a><\/p>\n","protected":false},"author":1,"featured_media":0,"template":"","meta":{"_tribe_events_status":"","_tribe_events_status_reason":"","footnotes":""},"tags":[67],"tribe_events_cat":[68],"class_list":["post-412","tribe_events","type-tribe_events","status-publish","hentry","tag-agenda","tribe_events_cat-agenda","cat_agenda"],"_links":{"self":[{"href":"http:\/\/casalparis.cat\/index.php?rest_route=\/wp\/v2\/tribe_events\/412","targetHints":{"allow":["GET"]}}],"collection":[{"href":"http:\/\/casalparis.cat\/index.php?rest_route=\/wp\/v2\/tribe_events"}],"about":[{"href":"http:\/\/casalparis.cat\/index.php?rest_route=\/wp\/v2\/types\/tribe_events"}],"author":[{"embeddable":true,"href":"http:\/\/casalparis.cat\/index.php?rest_route=\/wp\/v2\/users\/1"}],"version-history":[{"count":5,"href":"http:\/\/casalparis.cat\/index.php?rest_route=\/wp\/v2\/tribe_events\/412\/revisions"}],"predecessor-version":[{"id":509,"href":"http:\/\/casalparis.cat\/index.php?rest_route=\/wp\/v2\/tribe_events\/412\/revisions\/509"}],"wp:attachment":[{"href":"http:\/\/casalparis.cat\/index.php?rest_route=%2Fwp%2Fv2%2Fmedia&parent=412"}],"wp:term":[{"taxonomy":"post_tag","embeddable":true,"href":"http:\/\/casalparis.cat\/index.php?rest_route=%2Fwp%2Fv2%2Ftags&post=412"},{"taxonomy":"tribe_events_cat","embeddable":true,"href":"http:\/\/casalparis.cat\/index.php?rest_route=%2Fwp%2Fv2%2Ftribe_events_cat&post=412"}],"curies":[{"name":"wp","href":"https:\/\/api.w.org\/{rel}","templated":true}]}}

<p>Sembla que l&#8217;hivern es va acabant&#8230; Salteu <a href="http://casalparis.cat/wp-content/uploads/2019/03/nen-motxilla-final.jpg"><img loading="lazy" decoding="async" class=" wp-image-413 alignright" src="http://casalparis.cat/wp-content/uploads/2019/03/nen-motxilla-final-300x226.jpg" alt="" width="246" height="188" /></a>del llit, poseu-vos les botes de caminar, la motxilla a l&#8217;esquena, i &#8230;. apa, d&#8217;excursió.</p>
<p>Aquest diumenge 24 de Març, us proposem una caminada circular de <span class="hiddenSpellError">15Km</span>, amb poc desnivell, a partir de la localitat de <span class="hiddenSpellError">Trilport</span> (<span class="hiddenSpellError">Seine</span> <span class="hiddenGrammarError">et</span> Marne).</p>
<p><strong>Ens trobarem a les <span class="hiddenGrammarError">9h</span> del matí a la <span class="hiddenSpellError">Gare</span> de l&#8217;Est, directament a l&#8217;andana</strong>, per agafar el tren de les <span class="hiddenSpellError">9h37</span> direcció &#8220;La <span class="hiddenSpellError">Ferté</span>&#8211;<span class="hiddenSpellError">Milo</span>&#8220;. Arribada a <span class="hiddenSpellError">Trilport</span> a les 10<span class="hiddenSpellError">h07</span>.</p>
<p>Començarem a caminar cap a <span class="hiddenSpellError">Montceaux</span>&#8211;<span class="hiddenSpellError">lès</span>-Meaux, on podrem veure a la plaça de l&#8217;ajuntament, un &#8220;beffroi&#8221; (campanar), amb una campana de l&#8217;any 1364. Continuarem per la &#8220;<span class="hiddenSpellError">Forêt</span> <span class="hiddenSpellError">Domaniale</span> de <span class="hiddenSpellError">Montceaux</span>&#8220;, seguint el <span class="hiddenSpellError">GR11</span>, i farem una paradeta per dinar i agafar forces en una àrea de pícnic. Un cop tips, i després d&#8217;una migdiada o una partideta de cartes, tornarem cap a <span class="hiddenSpellError">Trilport</span> per agafar el tren de tornada. (Trens cada hora, a partir de les <span class="hiddenSpellError">16h38</span>)<span class="hiddenGrammarError">.</span></p>
<p><strong><span class="hiddenGrammarError">Si</span> penseu venir, aviseu-nos i deixeu-nos un <span class="hiddenSpellError">n°</span> de telèfon, per si <span class="hiddenGrammarError">hi</span> haguessin canvis d&#8217;última hora, deguts al mal temps.</strong></p>
<p>Els que teniu <span class="hiddenSpellError">facebook</span>, esteu atents a les publicacions d&#8217;última hora.</p>
<p>Bona setmana a tots, i fins diumenge pels valents que <span class="hiddenGrammarError">s&#8217;</span>apuntaran a caminar.</p>
<p>Salut i Casal!</p>
<p><a href="http://casalparis.cat/wp-content/uploads/2019/03/Trilport-Caminada.png"><img loading="lazy" decoding="async" class="aligncenter size-medium wp-image-464" src="http://casalparis.cat/wp-content/uploads/2019/03/Trilport-Caminada-300x147.png" alt="" width="300" height="147" srcset="https://casalparis.cat/wp-content/uploads/2019/03/Trilport-Caminada-300x147.png 300w, https://casalparis.cat/wp-content/uploads/2019/03/Trilport-Caminada-500x245.png 500w, https://casalparis.cat/wp-content/uploads/2019/03/Trilport-Caminada.png 764w" sizes="auto, (max-width: 300px) 100vw, 300px" /></a></p>
<p>Un record de la caminada&#8230;..</p>
<p><a href="http://casalparis.cat/wp-content/uploads/2019/03/WhatsApp-Image-2019-03-27-at-14.11.08.jpeg"><img loading="lazy" decoding="async" class="aligncenter size-medium wp-image-508" src="http://casalparis.cat/wp-content/uploads/2019/03/WhatsApp-Image-2019-03-27-at-14.11.08-300x169.jpeg" alt="" width="300" height="169" srcset="https://casalparis.cat/wp-content/uploads/2019/03/WhatsApp-Image-2019-03-27-at-14.11.08-300x169.jpeg 300w, https://casalparis.cat/wp-content/uploads/2019/03/WhatsApp-Image-2019-03-27-at-14.11.08-768x432.jpeg 768w, https://casalparis.cat/wp-content/uploads/2019/03/WhatsApp-Image-2019-03-27-at-14.11.08-1024x576.jpeg 1024w, https://casalparis.cat/wp-content/uploads/2019/03/WhatsApp-Image-2019-03-27-at-14.11.08-500x281.jpeg 500w, https://casalparis.cat/wp-content/uploads/2019/03/WhatsApp-Image-2019-03-27-at-14.11.08.jpeg 1600w" sizes="auto, (max-width: 300px) 100vw, 300px" /></a></p>
<p><a href="http://casalparis.cat/wp-content/uploads/2019/03/WhatsApp_Image_2019-03-24_at_16-removebg1.png"><img loading="lazy" decoding="async" class="size-medium wp-image-507 aligncenter" src="http://casalparis.cat/wp-content/uploads/2019/03/WhatsApp_Image_2019-03-24_at_16-removebg1-225x300.png" alt="" width="225" height="300" srcset="https://casalparis.cat/wp-content/uploads/2019/03/WhatsApp_Image_2019-03-24_at_16-removebg1-225x300.png 225w, https://casalparis.cat/wp-content/uploads/2019/03/WhatsApp_Image_2019-03-24_at_16-removebg1.png 433w" sizes="auto, (max-width: 225px) 100vw, 225px" /></a></p>
<p>&nbsp;</p>
<p>&nbsp;</p>
<p>&nbsp;</p>
<p>&nbsp;</p>
<p>&nbsp;</p>
<p>&nbsp;</p>
<p>&nbsp;</p>
<p>&nbsp;</p>
<p>&nbsp;</p>
<p>&nbsp;</p>
<p>&nbsp;</p>
<p>&nbsp;</p>

<p>Sembla que l&#8217;hivern es va acabant&#8230; Salteu del llit, poseu-vos les botes de caminar, la motxilla a l&#8217;esquena, i &#8230;. apa, d&#8217;excursió. Aquest diumenge 24 de Març, us proposem una caminada circular de 15Km, amb poc desnivell, a partir de &hellip; <a href="http://casalparis.cat/?tribe_events=24-03-2018-caminada">Continua llegint <span class="meta-nav">&rarr;</span></a></p>
