{"id":403,"date":"2019-03-11T22:51:35","date_gmt":"2019-03-11T21:51:35","guid":{"rendered":"http:\/\/casalparis.cat\/?post_type=tribe_events&#038;p=403"},"modified":"2019-04-19T08:56:47","modified_gmt":"2019-04-19T06:56:47","slug":"07-04-2019-calcotada","status":"publish","type":"tribe_events","link":"http:\/\/casalparis.cat\/?tribe_events=07-04-2019-calcotada","title":{"rendered":"07\/04\/2019 &#8211; Cal\u00e7otada"},"content":{"rendered":"<div>Aquest any&#8230; la cal\u00e7otada del Casal ha sortit a TV3&#8230; no us ho perdeu (minut 1,40 aprox.)<\/div>\n<div><\/div>\n<div><a href=\"https:\/\/www.ccma.cat\/tv3\/alacarta\/telenoticies-vespre\/la-volta-al-mon-fent-calcotades\/video\/5845260\/\">https:\/\/www.ccma.cat\/tv3\/alacarta\/telenoticies-vespre\/la-volta-al-mon-fent-calcotades\/video\/5845260\/<\/a><\/div>\n<div><\/div>\n<div>*************************************<\/div>\n<div><\/div>\n<div><\/div>\n<div><\/div>\n<div><span style=\"font-family: arial,sans-serif; font-size: medium;\"><span lang=\"ca\">Benvolguts socis i amics,<\/span><\/span><\/div>\n<div><a href=\"http:\/\/casalparis.cat\/wp-content\/uploads\/2019\/03\/IMG-20180423-WA0019.jpg\"><img loading=\"lazy\" decoding=\"async\" class=\"size-medium wp-image-405 alignright\" src=\"http:\/\/casalparis.cat\/wp-content\/uploads\/2019\/03\/IMG-20180423-WA0019-300x225.jpg\" alt=\"\" width=\"300\" height=\"225\" srcset=\"https:\/\/casalparis.cat\/wp-content\/uploads\/2019\/03\/IMG-20180423-WA0019-300x225.jpg 300w, https:\/\/casalparis.cat\/wp-content\/uploads\/2019\/03\/IMG-20180423-WA0019-768x576.jpg 768w, https:\/\/casalparis.cat\/wp-content\/uploads\/2019\/03\/IMG-20180423-WA0019-1024x768.jpg 1024w, https:\/\/casalparis.cat\/wp-content\/uploads\/2019\/03\/IMG-20180423-WA0019-400x300.jpg 400w, https:\/\/casalparis.cat\/wp-content\/uploads\/2019\/03\/IMG-20180423-WA0019.jpg 1600w\" sizes=\"auto, (max-width: 300px) 100vw, 300px\" \/><\/a><\/div>\n<div><span style=\"font-family: arial,sans-serif; font-size: medium;\"><span lang=\"ca\">Enguany si que s&#8217;ha fet esperar molt, per\u00f2 finalment ja \u00e9s aqu\u00ed. C<\/span><\/span><span style=\"font-family: arial,sans-serif; font-size: medium;\"><span lang=\"ca\">omencen les inscripcions per a la\u00a0<\/span><\/span><span style=\"font-family: arial,sans-serif; font-size: medium;\"><span lang=\"ca\"><b>Cal\u00e7otada\u00a0del Casal<\/b><\/span><\/span><span style=\"font-family: arial,sans-serif; font-size: medium;\"><span lang=\"ca\">!<\/span><\/span><\/div>\n<div><span style=\"font-family: arial,sans-serif; font-size: medium;\"><span lang=\"ca\">El dia ja et teniu reservat, ho sabem:\u00a0<\/span><\/span><span style=\"font-family: arial,sans-serif; font-size: medium;\"><span lang=\"ca\"><u>Diumenge 7 d&#8217;abril<\/u><\/span><\/span><\/div>\n<div><span style=\"font-family: arial,sans-serif; font-size: medium;\"><span lang=\"ca\">I el lloc com sempre: al Bois Fleuri a <\/span><\/span><span style=\"font-family: arial,sans-serif; font-size: medium;\"><span lang=\"ca\"><u>Avon<\/u><\/span><\/span><span style=\"font-family: arial,sans-serif; font-size: medium;\"><span lang=\"ca\">.<\/span><\/span><\/div>\n<div><span style=\"font-family: arial,sans-serif; font-size: medium;\"><span lang=\"ca\">Per\u00f2\u00a0<u>llegiu-vos b\u00e9 la comunicaci\u00f3 adjunta<\/u>, all\u00e0 hi trobareu UNA NOVETAT, les instruccions i tots els detalls per no quedar-vos sense cal\u00e7ots ni sense salsa.\u00a0<\/span><\/span><\/div>\n<div><span style=\"font-family: arial,sans-serif; font-size: medium;\"><span lang=\"ca\">Les inscripcions comencen avui dilluns 11 de mar\u00e7. <\/span><\/span><\/div>\n<div><\/div>\n<div><span style=\"font-family: arial,sans-serif; font-size: medium;\"><span lang=\"ca\">Els socistenen prioritat de reserva del dia 11 de mar\u00e7 fins el dia 23 (podeu aprofitar l&#8217;ocasi\u00f3 per a pagar la quota o fer-vos socis). <\/span><\/span><\/div>\n<div><span style=\"font-family: arial,sans-serif; font-size: medium;\"><span lang=\"ca\">La resta de demandes seran tractades en funci\u00f3 de les places que quedin disponibles.<\/span><\/span><\/div>\n<div><span style=\"font-family: arial,sans-serif; font-size: medium;\"><span lang=\"ca\">Preu:<\/span><\/span><\/div>\n<div><span style=\"font-family: arial,sans-serif; font-size: medium;\"><span lang=\"ca\">Socis adults: 22\u20ac<\/span><\/span><\/div>\n<div><span style=\"font-family: arial,sans-serif; font-size: medium;\"><span lang=\"ca\">No-socis: 30\u20ac<\/span><\/span><\/div>\n<div><span style=\"font-family: arial,sans-serif; font-size: medium;\"><span lang=\"ca\">Nens(5-11anys): 8\u20ac<\/span><\/span><\/div>\n<div><span style=\"font-family: arial,sans-serif; font-size: medium;\"><span lang=\"ca\">Nens (0-4anys): gratu\u00eft<\/span><\/span><\/div>\n<div><\/div>\n<div><span style=\"font-family: arial,sans-serif; font-size: medium;\"><span lang=\"ca\">Esperem impacients els vostres\u00a0<\/span><\/span><span style=\"font-family: arial,sans-serif; font-size: medium;\"><span lang=\"ca\"><i>mails<\/i><\/span><\/span><span style=\"font-family: arial,sans-serif; font-size: medium;\"><span lang=\"ca\">\u00a0reservant pla\u00e7a, prometem respondre amb el mateix amor i empenta que sempre!<\/span><\/span><\/div>\n<div><\/div>\n<div><span style=\"font-family: arial,sans-serif; font-size: medium;\"><span lang=\"ca\">Salut i cal\u00e7ots!<\/span><\/span><\/div>\n<div><\/div>\n<div><a href=\"http:\/\/casalparis.cat\/wp-content\/uploads\/2019\/03\/Calc\u0327otada2019.pdf\">Calc\u0327otada2019<\/a><\/div>\n","protected":false},"excerpt":{"rendered":"<p>Aquest any&#8230; la cal\u00e7otada del Casal ha sortit a TV3&#8230; no us ho perdeu (minut 1,40 aprox.) https:\/\/www.ccma.cat\/tv3\/alacarta\/telenoticies-vespre\/la-volta-al-mon-fent-calcotades\/video\/5845260\/ ************************************* Benvolguts socis i amics, Enguany si que s&#8217;ha fet esperar molt, per\u00f2 finalment ja \u00e9s aqu\u00ed. Comencen les inscripcions per a &hellip; <a href=\"http:\/\/casalparis.cat\/?tribe_events=07-04-2019-calcotada\">Continua llegint <span class=\"meta-nav\">&rarr;<\/span><\/a><\/p>\n","protected":false},"author":1,"featured_media":0,"template":"","meta":{"_tribe_events_status":"","_tribe_events_status_reason":"","footnotes":""},"tags":[67],"tribe_events_cat":[68],"class_list":["post-403","tribe_events","type-tribe_events","status-publish","hentry","tag-agenda","tribe_events_cat-agenda","cat_agenda"],"_links":{"self":[{"href":"http:\/\/casalparis.cat\/index.php?rest_route=\/wp\/v2\/tribe_events\/403","targetHints":{"allow":["GET"]}}],"collection":[{"href":"http:\/\/casalparis.cat\/index.php?rest_route=\/wp\/v2\/tribe_events"}],"about":[{"href":"http:\/\/casalparis.cat\/index.php?rest_route=\/wp\/v2\/types\/tribe_events"}],"author":[{"embeddable":true,"href":"http:\/\/casalparis.cat\/index.php?rest_route=\/wp\/v2\/users\/1"}],"version-history":[{"count":4,"href":"http:\/\/casalparis.cat\/index.php?rest_route=\/wp\/v2\/tribe_events\/403\/revisions"}],"predecessor-version":[{"id":604,"href":"http:\/\/casalparis.cat\/index.php?rest_route=\/wp\/v2\/tribe_events\/403\/revisions\/604"}],"wp:attachment":[{"href":"http:\/\/casalparis.cat\/index.php?rest_route=%2Fwp%2Fv2%2Fmedia&parent=403"}],"wp:term":[{"taxonomy":"post_tag","embeddable":true,"href":"http:\/\/casalparis.cat\/index.php?rest_route=%2Fwp%2Fv2%2Ftags&post=403"},{"taxonomy":"tribe_events_cat","embeddable":true,"href":"http:\/\/casalparis.cat\/index.php?rest_route=%2Fwp%2Fv2%2Ftribe_events_cat&post=403"}],"curies":[{"name":"wp","href":"https:\/\/api.w.org\/{rel}","templated":true}]}}

07/04/2019 &#8211; Calçotada

<div>Aquest any&#8230; la calçotada del Casal ha sortit a TV3&#8230; no us ho perdeu (minut 1,40 aprox.)</div>
<div></div>
<div><a href="https://www.ccma.cat/tv3/alacarta/telenoticies-vespre/la-volta-al-mon-fent-calcotades/video/5845260/">https://www.ccma.cat/tv3/alacarta/telenoticies-vespre/la-volta-al-mon-fent-calcotades/video/5845260/</a></div>
<div></div>
<div>*************************************</div>
<div></div>
<div></div>
<div></div>
<div><span style="font-family: arial,sans-serif; font-size: medium;"><span lang="ca">Benvolguts socis i amics,</span></span></div>
<div><a href="http://casalparis.cat/wp-content/uploads/2019/03/IMG-20180423-WA0019.jpg"><img loading="lazy" decoding="async" class="size-medium wp-image-405 alignright" src="http://casalparis.cat/wp-content/uploads/2019/03/IMG-20180423-WA0019-300x225.jpg" alt="" width="300" height="225" srcset="https://casalparis.cat/wp-content/uploads/2019/03/IMG-20180423-WA0019-300x225.jpg 300w, https://casalparis.cat/wp-content/uploads/2019/03/IMG-20180423-WA0019-768x576.jpg 768w, https://casalparis.cat/wp-content/uploads/2019/03/IMG-20180423-WA0019-1024x768.jpg 1024w, https://casalparis.cat/wp-content/uploads/2019/03/IMG-20180423-WA0019-400x300.jpg 400w, https://casalparis.cat/wp-content/uploads/2019/03/IMG-20180423-WA0019.jpg 1600w" sizes="auto, (max-width: 300px) 100vw, 300px" /></a></div>
<div><span style="font-family: arial,sans-serif; font-size: medium;"><span lang="ca">Enguany si que s&#8217;ha fet esperar molt, però finalment ja és aquí. C</span></span><span style="font-family: arial,sans-serif; font-size: medium;"><span lang="ca">omencen les inscripcions per a la </span></span><span style="font-family: arial,sans-serif; font-size: medium;"><span lang="ca"><b>Calçotada del Casal</b></span></span><span style="font-family: arial,sans-serif; font-size: medium;"><span lang="ca">!</span></span></div>
<div><span style="font-family: arial,sans-serif; font-size: medium;"><span lang="ca">El dia ja et teniu reservat, ho sabem: </span></span><span style="font-family: arial,sans-serif; font-size: medium;"><span lang="ca"><u>Diumenge 7 d&#8217;abril</u></span></span></div>
<div><span style="font-family: arial,sans-serif; font-size: medium;"><span lang="ca">I el lloc com sempre: al Bois Fleuri a </span></span><span style="font-family: arial,sans-serif; font-size: medium;"><span lang="ca"><u>Avon</u></span></span><span style="font-family: arial,sans-serif; font-size: medium;"><span lang="ca">.</span></span></div>
<div><span style="font-family: arial,sans-serif; font-size: medium;"><span lang="ca">Però <u>llegiu-vos bé la comunicació adjunta</u>, allà hi trobareu UNA NOVETAT, les instruccions i tots els detalls per no quedar-vos sense calçots ni sense salsa. </span></span></div>
<div><span style="font-family: arial,sans-serif; font-size: medium;"><span lang="ca">Les inscripcions comencen avui dilluns 11 de març. </span></span></div>
<div></div>
<div><span style="font-family: arial,sans-serif; font-size: medium;"><span lang="ca">Els socistenen prioritat de reserva del dia 11 de març fins el dia 23 (podeu aprofitar l&#8217;ocasió per a pagar la quota o fer-vos socis). </span></span></div>
<div><span style="font-family: arial,sans-serif; font-size: medium;"><span lang="ca">La resta de demandes seran tractades en funció de les places que quedin disponibles.</span></span></div>
<div><span style="font-family: arial,sans-serif; font-size: medium;"><span lang="ca">Preu:</span></span></div>
<div><span style="font-family: arial,sans-serif; font-size: medium;"><span lang="ca">Socis adults: 22€</span></span></div>
<div><span style="font-family: arial,sans-serif; font-size: medium;"><span lang="ca">No-socis: 30€</span></span></div>
<div><span style="font-family: arial,sans-serif; font-size: medium;"><span lang="ca">Nens(5-11anys): 8€</span></span></div>
<div><span style="font-family: arial,sans-serif; font-size: medium;"><span lang="ca">Nens (0-4anys): gratuït</span></span></div>
<div></div>
<div><span style="font-family: arial,sans-serif; font-size: medium;"><span lang="ca">Esperem impacients els vostres </span></span><span style="font-family: arial,sans-serif; font-size: medium;"><span lang="ca"><i>mails</i></span></span><span style="font-family: arial,sans-serif; font-size: medium;"><span lang="ca"> reservant plaça, prometem respondre amb el mateix amor i empenta que sempre!</span></span></div>
<div></div>
<div><span style="font-family: arial,sans-serif; font-size: medium;"><span lang="ca">Salut i calçots!</span></span></div>
<div></div>
<div><a href="http://casalparis.cat/wp-content/uploads/2019/03/Calçotada2019.pdf">Calçotada2019</a></div>

<p>Aquest any&#8230; la calçotada del Casal ha sortit a TV3&#8230; no us ho perdeu (minut 1,40 aprox.) https://www.ccma.cat/tv3/alacarta/telenoticies-vespre/la-volta-al-mon-fent-calcotades/video/5845260/ ************************************* Benvolguts socis i amics, Enguany si que s&#8217;ha fet esperar molt, però finalment ja és aquí. Comencen les inscripcions per a &hellip; <a href="http://casalparis.cat/?tribe_events=07-04-2019-calcotada">Continua llegint <span class="meta-nav">&rarr;</span></a></p>
