{"id":3607,"date":"2026-01-25T09:36:41","date_gmt":"2026-01-25T08:36:41","guid":{"rendered":"https:\/\/casalparis.cat\/?post_type=tribe_events&#038;p=3607"},"modified":"2026-01-25T09:36:41","modified_gmt":"2026-01-25T08:36:41","slug":"27-01-2026-aperitiu-catala","status":"publish","type":"tribe_events","link":"http:\/\/casalparis.cat\/?tribe_events=27-01-2026-aperitiu-catala","title":{"rendered":"27\/01\/2026 Aperitiu catal\u00e0"},"content":{"rendered":"<p><img loading=\"lazy\" decoding=\"async\" class=\"alignnone size-medium wp-image-3610\" src=\"https:\/\/casalparis.cat\/wp-content\/uploads\/2026\/01\/27-gener-aperitiu-catala-300x300.jpg\" alt=\"\" width=\"300\" height=\"300\" srcset=\"https:\/\/casalparis.cat\/wp-content\/uploads\/2026\/01\/27-gener-aperitiu-catala-300x300.jpg 300w, https:\/\/casalparis.cat\/wp-content\/uploads\/2026\/01\/27-gener-aperitiu-catala-1024x1024.jpg 1024w, https:\/\/casalparis.cat\/wp-content\/uploads\/2026\/01\/27-gener-aperitiu-catala-150x150.jpg 150w, https:\/\/casalparis.cat\/wp-content\/uploads\/2026\/01\/27-gener-aperitiu-catala-768x768.jpg 768w, https:\/\/casalparis.cat\/wp-content\/uploads\/2026\/01\/27-gener-aperitiu-catala.jpg 1080w\" sizes=\"auto, (max-width: 300px) 100vw, 300px\" \/><\/p>\n<p>Els amics organitzadors dels aperitius catalans proposen una trobada.<\/p>\n<p>Tant si passeu per\u00a0Par\u00eds com si us hi esteu, la trobada \u00e9s oberta a tothom.<\/p>\n<p>Aqu\u00ed teniu la informaci\u00f3 clau:<br \/>\nQuan: dimarts<strong> 27 de gener a partir de les 7:30 del vespre<\/strong><br \/>\nOn: <strong><em>Lizard Lounge<\/em><\/strong><em> 18, rue du Bourg Tibourg, 75004 Paris\u00a0<\/em>\u00a0Point de rencontre<\/p>\n<p><span class=\"x193iq5w xeuugli x13faqbe x1vvkbs xlh3980 xvmahel x1n0sxbx x1lliihq x1s928wv xhkezso x1gmr53x x1cpjm7i x1fgarty x1943h6x xudqn12 x3x7a5m x6prxxf xvq8zen xo1l8bm xzsf02u\" dir=\"auto\" lang=\"ca-ES\">I per si ho voleu apuntar amb antelaci\u00f3, la trobada seg\u00fcent ser\u00e0 el 17 de febrer!<\/span><\/p>\n<p>**************<\/p>\n<p><em>Les amis organisateurs des ap\u00e9ritifs catalans proposent une nouvelle rencontre.<\/em><\/p>\n<p><em>Si vous \u00eates de passage ou si vous vivez \u00e0 Paris, vous \u00eates tous les bienvenus. La rencontre est ouverte \u00e0 tous.\u00a0<\/em><\/p>\n<p><em>Ci-dessous les informations clef:<\/em><br \/>\n<em>Quand: <\/em><strong><em>mardi 27 janvier \u00e0 partir de 19h30<\/em><\/strong><br \/>\n<em>O\u00f9: <\/em><strong><em>Lizard Lounge<\/em><\/strong><em> 18, rue du Bourg Tibourg, 75004 Paris\u00a0<\/em>\u00a0Point de rencontre<\/p>\n<p><em>Et si vous voulez preparer votre agenda, le prochain rendez-vous est pr\u00e9vu pour le <span class=\"x193iq5w xeuugli x13faqbe x1vvkbs xlh3980 xvmahel x1n0sxbx x1lliihq x1s928wv xhkezso x1gmr53x x1cpjm7i x1fgarty x1943h6x xudqn12 x3x7a5m x6prxxf xvq8zen xo1l8bm xzsf02u\" dir=\"auto\" lang=\"ca-ES\">17 f\u00e9vrier.<\/span><\/em><\/p>\n","protected":false},"excerpt":{"rendered":"<p>Els amics organitzadors dels aperitius catalans proposen una trobada. Tant si passeu per\u00a0Par\u00eds com si us hi esteu, la trobada \u00e9s oberta a tothom. Aqu\u00ed teniu la informaci\u00f3 clau: Quan: dimarts 27 de gener a partir de les 7:30 del &hellip; <a href=\"http:\/\/casalparis.cat\/?tribe_events=27-01-2026-aperitiu-catala\">Continua llegint <span class=\"meta-nav\">&rarr;<\/span><\/a><\/p>\n","protected":false},"author":1,"featured_media":3610,"template":"","meta":{"_tribe_events_status":"","_tribe_events_status_reason":"","footnotes":""},"tags":[67,556,23,474,38,501],"tribe_events_cat":[68],"class_list":["post-3607","tribe_events","type-tribe_events","status-publish","has-post-thumbnail","hentry","tag-agenda","tag-aperitiucatala","tag-casalparis","tag-centreetudescatalanes","tag-paris","tag-parlemcatala","tribe_events_cat-agenda","cat_agenda"],"_links":{"self":[{"href":"http:\/\/casalparis.cat\/index.php?rest_route=\/wp\/v2\/tribe_events\/3607","targetHints":{"allow":["GET"]}}],"collection":[{"href":"http:\/\/casalparis.cat\/index.php?rest_route=\/wp\/v2\/tribe_events"}],"about":[{"href":"http:\/\/casalparis.cat\/index.php?rest_route=\/wp\/v2\/types\/tribe_events"}],"author":[{"embeddable":true,"href":"http:\/\/casalparis.cat\/index.php?rest_route=\/wp\/v2\/users\/1"}],"version-history":[{"count":1,"href":"http:\/\/casalparis.cat\/index.php?rest_route=\/wp\/v2\/tribe_events\/3607\/revisions"}],"predecessor-version":[{"id":3611,"href":"http:\/\/casalparis.cat\/index.php?rest_route=\/wp\/v2\/tribe_events\/3607\/revisions\/3611"}],"wp:featuredmedia":[{"embeddable":true,"href":"http:\/\/casalparis.cat\/index.php?rest_route=\/wp\/v2\/media\/3610"}],"wp:attachment":[{"href":"http:\/\/casalparis.cat\/index.php?rest_route=%2Fwp%2Fv2%2Fmedia&parent=3607"}],"wp:term":[{"taxonomy":"post_tag","embeddable":true,"href":"http:\/\/casalparis.cat\/index.php?rest_route=%2Fwp%2Fv2%2Ftags&post=3607"},{"taxonomy":"tribe_events_cat","embeddable":true,"href":"http:\/\/casalparis.cat\/index.php?rest_route=%2Fwp%2Fv2%2Ftribe_events_cat&post=3607"}],"curies":[{"name":"wp","href":"https:\/\/api.w.org\/{rel}","templated":true}]}}

27/01/2026 Aperitiu català

<p><img loading="lazy" decoding="async" class="alignnone size-medium wp-image-3610" src="https://casalparis.cat/wp-content/uploads/2026/01/27-gener-aperitiu-catala-300x300.jpg" alt="" width="300" height="300" srcset="https://casalparis.cat/wp-content/uploads/2026/01/27-gener-aperitiu-catala-300x300.jpg 300w, https://casalparis.cat/wp-content/uploads/2026/01/27-gener-aperitiu-catala-1024x1024.jpg 1024w, https://casalparis.cat/wp-content/uploads/2026/01/27-gener-aperitiu-catala-150x150.jpg 150w, https://casalparis.cat/wp-content/uploads/2026/01/27-gener-aperitiu-catala-768x768.jpg 768w, https://casalparis.cat/wp-content/uploads/2026/01/27-gener-aperitiu-catala.jpg 1080w" sizes="auto, (max-width: 300px) 100vw, 300px" /></p>
<p>Els amics organitzadors dels aperitius catalans proposen una trobada.</p>
<p>Tant si passeu per París com si us hi esteu, la trobada és oberta a tothom.</p>
<p>Aquí teniu la informació clau:<br />
Quan: dimarts<strong> 27 de gener a partir de les 7:30 del vespre</strong><br />
On: <strong><em>Lizard Lounge</em></strong><em> 18, rue du Bourg Tibourg, 75004 Paris </em> Point de rencontre</p>
<p><span class="x193iq5w xeuugli x13faqbe x1vvkbs xlh3980 xvmahel x1n0sxbx x1lliihq x1s928wv xhkezso x1gmr53x x1cpjm7i x1fgarty x1943h6x xudqn12 x3x7a5m x6prxxf xvq8zen xo1l8bm xzsf02u" dir="auto" lang="ca-ES">I per si ho voleu apuntar amb antelació, la trobada següent serà el 17 de febrer!</span></p>
<p>**************</p>
<p><em>Les amis organisateurs des apéritifs catalans proposent une nouvelle rencontre.</em></p>
<p><em>Si vous êtes de passage ou si vous vivez à Paris, vous êtes tous les bienvenus. La rencontre est ouverte à tous. </em></p>
<p><em>Ci-dessous les informations clef:</em><br />
<em>Quand: </em><strong><em>mardi 27 janvier à partir de 19h30</em></strong><br />
<em>Où: </em><strong><em>Lizard Lounge</em></strong><em> 18, rue du Bourg Tibourg, 75004 Paris </em> Point de rencontre</p>
<p><em>Et si vous voulez preparer votre agenda, le prochain rendez-vous est prévu pour le <span class="x193iq5w xeuugli x13faqbe x1vvkbs xlh3980 xvmahel x1n0sxbx x1lliihq x1s928wv xhkezso x1gmr53x x1cpjm7i x1fgarty x1943h6x xudqn12 x3x7a5m x6prxxf xvq8zen xo1l8bm xzsf02u" dir="auto" lang="ca-ES">17 février.</span></em></p>

<p>Els amics organitzadors dels aperitius catalans proposen una trobada. Tant si passeu per París com si us hi esteu, la trobada és oberta a tothom. Aquí teniu la informació clau: Quan: dimarts 27 de gener a partir de les 7:30 del &hellip; <a href="http://casalparis.cat/?tribe_events=27-01-2026-aperitiu-catala">Continua llegint <span class="meta-nav">&rarr;</span></a></p>
