{"id":3387,"date":"2025-03-02T13:21:08","date_gmt":"2025-03-02T12:21:08","guid":{"rendered":"https:\/\/casalparis.cat\/?post_type=tribe_events&#038;p=3387"},"modified":"2025-03-11T18:09:47","modified_gmt":"2025-03-11T17:09:47","slug":"11-03-2025-festival-omnium-de-cinema-foc-2025","status":"publish","type":"tribe_events","link":"http:\/\/casalparis.cat\/?tribe_events=11-03-2025-festival-omnium-de-cinema-foc-2025","title":{"rendered":"11\/03\/2025 Festival Omnium de Cinema &#8211; FOC 2025 (sessi\u00f3 anul.lada)"},"content":{"rendered":"<p><img loading=\"lazy\" decoding=\"async\" class=\"aligncenter wp-image-3407 size-large\" src=\"https:\/\/casalparis.cat\/wp-content\/uploads\/2025\/03\/FOC-2025-xarxes-FR-cxl-1024x1024.png\" alt=\"\" width=\"584\" height=\"584\" srcset=\"https:\/\/casalparis.cat\/wp-content\/uploads\/2025\/03\/FOC-2025-xarxes-FR-cxl-1024x1024.png 1024w, https:\/\/casalparis.cat\/wp-content\/uploads\/2025\/03\/FOC-2025-xarxes-FR-cxl-300x300.png 300w, https:\/\/casalparis.cat\/wp-content\/uploads\/2025\/03\/FOC-2025-xarxes-FR-cxl-150x150.png 150w, https:\/\/casalparis.cat\/wp-content\/uploads\/2025\/03\/FOC-2025-xarxes-FR-cxl-768x768.png 768w, https:\/\/casalparis.cat\/wp-content\/uploads\/2025\/03\/FOC-2025-xarxes-FR-cxl.png 1080w\" sizes=\"auto, (max-width: 584px) 100vw, 584px\" \/><\/p>\n<p>Sentim anunciar-vos a ultima hora que per un problema t\u00e8cnic no podrem fer la projecci\u00f3 de cinema prevista aquest vespre a l&#8217;espace Saint Michel.<\/p>\n<p>Mantenim la projecci\u00f3 del diumenge.<\/p>\n<p>Disculpeu les mol\u00e8sties.<\/p>\n<p>***************<\/p>\n<p><em>Nous sommes contraints de vous annoncer \u00e0 la derni\u00e8re minute l&#8217;annulation de la s\u00e9ance de cin\u00e9ma pr\u00e9vue pour ce soir \u00e0 l&#8217;Espace Saint Michel.<\/em><\/p>\n<p><em>La s\u00e9ance de dimanche est maintenue.<\/em><\/p>\n<p><em>Veuillez nous excuser pour ce d\u00e9sagr\u00e9ment.\u00a0<\/em><\/p>\n","protected":false},"excerpt":{"rendered":"<p>Sentim anunciar-vos a ultima hora que per un problema t\u00e8cnic no podrem fer la projecci\u00f3 de cinema prevista aquest vespre a l&#8217;espace Saint Michel. Mantenim la projecci\u00f3 del diumenge. Disculpeu les mol\u00e8sties. *************** Nous sommes contraints de vous annoncer \u00e0 &hellip; <a href=\"http:\/\/casalparis.cat\/?tribe_events=11-03-2025-festival-omnium-de-cinema-foc-2025\">Continua llegint <span class=\"meta-nav\">&rarr;<\/span><\/a><\/p>\n","protected":false},"author":1,"featured_media":3407,"template":"","meta":{"_tribe_events_status":"","_tribe_events_status_reason":"","footnotes":""},"tags":[67,23,405,16,570,571,483,38,22],"tribe_events_cat":[68],"class_list":["post-3387","tribe_events","type-tribe_events","status-publish","has-post-thumbnail","hentry","tag-agenda","tag-casalparis","tag-cinemaencatala","tag-cultura","tag-festivaldecinema","tag-festivalomniumdecinema","tag-omniumcultural","tag-paris","tag-somcasal","tribe_events_cat-agenda","cat_agenda"],"_links":{"self":[{"href":"http:\/\/casalparis.cat\/index.php?rest_route=\/wp\/v2\/tribe_events\/3387","targetHints":{"allow":["GET"]}}],"collection":[{"href":"http:\/\/casalparis.cat\/index.php?rest_route=\/wp\/v2\/tribe_events"}],"about":[{"href":"http:\/\/casalparis.cat\/index.php?rest_route=\/wp\/v2\/types\/tribe_events"}],"author":[{"embeddable":true,"href":"http:\/\/casalparis.cat\/index.php?rest_route=\/wp\/v2\/users\/1"}],"version-history":[{"count":5,"href":"http:\/\/casalparis.cat\/index.php?rest_route=\/wp\/v2\/tribe_events\/3387\/revisions"}],"predecessor-version":[{"id":3408,"href":"http:\/\/casalparis.cat\/index.php?rest_route=\/wp\/v2\/tribe_events\/3387\/revisions\/3408"}],"wp:featuredmedia":[{"embeddable":true,"href":"http:\/\/casalparis.cat\/index.php?rest_route=\/wp\/v2\/media\/3407"}],"wp:attachment":[{"href":"http:\/\/casalparis.cat\/index.php?rest_route=%2Fwp%2Fv2%2Fmedia&parent=3387"}],"wp:term":[{"taxonomy":"post_tag","embeddable":true,"href":"http:\/\/casalparis.cat\/index.php?rest_route=%2Fwp%2Fv2%2Ftags&post=3387"},{"taxonomy":"tribe_events_cat","embeddable":true,"href":"http:\/\/casalparis.cat\/index.php?rest_route=%2Fwp%2Fv2%2Ftribe_events_cat&post=3387"}],"curies":[{"name":"wp","href":"https:\/\/api.w.org\/{rel}","templated":true}]}}

11/03/2025 Festival Omnium de Cinema &#8211; FOC 2025 (sessió anul.lada)

<p><img loading="lazy" decoding="async" class="aligncenter wp-image-3407 size-large" src="https://casalparis.cat/wp-content/uploads/2025/03/FOC-2025-xarxes-FR-cxl-1024x1024.png" alt="" width="584" height="584" srcset="https://casalparis.cat/wp-content/uploads/2025/03/FOC-2025-xarxes-FR-cxl-1024x1024.png 1024w, https://casalparis.cat/wp-content/uploads/2025/03/FOC-2025-xarxes-FR-cxl-300x300.png 300w, https://casalparis.cat/wp-content/uploads/2025/03/FOC-2025-xarxes-FR-cxl-150x150.png 150w, https://casalparis.cat/wp-content/uploads/2025/03/FOC-2025-xarxes-FR-cxl-768x768.png 768w, https://casalparis.cat/wp-content/uploads/2025/03/FOC-2025-xarxes-FR-cxl.png 1080w" sizes="auto, (max-width: 584px) 100vw, 584px" /></p>
<p>Sentim anunciar-vos a ultima hora que per un problema tècnic no podrem fer la projecció de cinema prevista aquest vespre a l&#8217;espace Saint Michel.</p>
<p>Mantenim la projecció del diumenge.</p>
<p>Disculpeu les molèsties.</p>
<p>***************</p>
<p><em>Nous sommes contraints de vous annoncer à la dernière minute l&#8217;annulation de la séance de cinéma prévue pour ce soir à l&#8217;Espace Saint Michel.</em></p>
<p><em>La séance de dimanche est maintenue.</em></p>
<p><em>Veuillez nous excuser pour ce désagrément. </em></p>

<p>Sentim anunciar-vos a ultima hora que per un problema tècnic no podrem fer la projecció de cinema prevista aquest vespre a l&#8217;espace Saint Michel. Mantenim la projecció del diumenge. Disculpeu les molèsties. *************** Nous sommes contraints de vous annoncer à &hellip; <a href="http://casalparis.cat/?tribe_events=11-03-2025-festival-omnium-de-cinema-foc-2025">Continua llegint <span class="meta-nav">&rarr;</span></a></p>
