{"id":2272,"date":"2022-06-26T23:10:19","date_gmt":"2022-06-26T21:10:19","guid":{"rendered":"https:\/\/casalparis.cat\/?post_type=tribe_events&#038;p=2272"},"modified":"2022-06-26T23:10:19","modified_gmt":"2022-06-26T21:10:19","slug":"18-09-2022-concert-lluis-gavalda-i-joan-pau-chaves","status":"publish","type":"tribe_events","link":"http:\/\/casalparis.cat\/?tribe_events=18-09-2022-concert-lluis-gavalda-i-joan-pau-chaves","title":{"rendered":"18\/09\/2022 CONCERT: LLU\u00cdS GAVALD\u00c0 I JOAN-PAU CHAVES"},"content":{"rendered":"<p>Tenim sort i hem pogut reprogramar el concert d&#8217;en Llu\u00eds Gavald\u00e0 i Joan Pau Chaves!!!<br \/>\nEls podrem escoltar el\u00a0<strong>diumenge 18 de setembre\u00a0<\/strong>a les\u00a0<strong>17:30\u00a0<\/strong>a la\u00a0<strong>peniche Antipode<\/strong>, barri XIX de Paris.<br \/>\nUn concert en format ac\u00fastic\u00a0i \u00edntim a la capital francesa. L&#8217;aforament \u00e9s limitat.<br \/>\nAix\u00ed que si esteu interessats a venir, afanyeu-vos a <a href=\"https:\/\/www.helloasso.com\/associations\/casal-de-catalunya-de-paris\/evenements\/concert-lluis-gavalda-i-joan-pau-chaves\">comprar l&#8217;entrada.<\/a><\/p>\n<p><img loading=\"lazy\" decoding=\"async\" class=\"alignnone size-medium wp-image-2273\" src=\"http:\/\/casalparis.cat\/wp-content\/uploads\/2022\/06\/Publication-Instagram-Noir-et-Blanc-Inspirant-Futuriste-Sensibilisation-et-Information-2-300x300.png\" alt=\"\" width=\"300\" height=\"300\" srcset=\"https:\/\/casalparis.cat\/wp-content\/uploads\/2022\/06\/Publication-Instagram-Noir-et-Blanc-Inspirant-Futuriste-Sensibilisation-et-Information-2-300x300.png 300w, https:\/\/casalparis.cat\/wp-content\/uploads\/2022\/06\/Publication-Instagram-Noir-et-Blanc-Inspirant-Futuriste-Sensibilisation-et-Information-2-1024x1024.png 1024w, https:\/\/casalparis.cat\/wp-content\/uploads\/2022\/06\/Publication-Instagram-Noir-et-Blanc-Inspirant-Futuriste-Sensibilisation-et-Information-2-150x150.png 150w, https:\/\/casalparis.cat\/wp-content\/uploads\/2022\/06\/Publication-Instagram-Noir-et-Blanc-Inspirant-Futuriste-Sensibilisation-et-Information-2-768x768.png 768w, https:\/\/casalparis.cat\/wp-content\/uploads\/2022\/06\/Publication-Instagram-Noir-et-Blanc-Inspirant-Futuriste-Sensibilisation-et-Information-2.png 1080w\" sizes=\"auto, (max-width: 300px) 100vw, 300px\" \/><\/p>\n<p>Llu\u00eds Gavald\u00e0 i Joan Pau Chaves ofereixen un concert \u00edntim i especial, on sonaran can\u00e7ons d\u2019 Els Pets i tamb\u00e9 altres composicions i versions m\u00e9s amagades. Pensat per audi\u00e8ncies petites, l\u2019esperit del concert busca un ambient proper. Un joc de complicitats que descobrir\u00e0 an\u00e8cdotes i potser tamb\u00e9 alguna intimitat. Un espectacle \u00fanic i imprevisible. Places assegudes.<\/p>\n","protected":false},"excerpt":{"rendered":"<p>Tenim sort i hem pogut reprogramar el concert d&#8217;en Llu\u00eds Gavald\u00e0 i Joan Pau Chaves!!! Els podrem escoltar el\u00a0diumenge 18 de setembre\u00a0a les\u00a017:30\u00a0a la\u00a0peniche Antipode, barri XIX de Paris. Un concert en format ac\u00fastic\u00a0i \u00edntim a la capital francesa. L&#8217;aforament &hellip; <a href=\"http:\/\/casalparis.cat\/?tribe_events=18-09-2022-concert-lluis-gavalda-i-joan-pau-chaves\">Continua llegint <span class=\"meta-nav\">&rarr;<\/span><\/a><\/p>\n","protected":false},"author":1,"featured_media":2273,"template":"","meta":{"_tribe_events_status":"","_tribe_events_status_reason":"","footnotes":""},"tags":[67,23,93,412,411,38,410,22],"tribe_events_cat":[68],"class_list":["post-2272","tribe_events","type-tribe_events","status-publish","has-post-thumbnail","hentry","tag-agenda","tag-casalparis","tag-concert","tag-joanpauchaves","tag-lluisgavalda","tag-paris","tag-rockcatala","tag-somcasal","tribe_events_cat-agenda","cat_agenda"],"_links":{"self":[{"href":"http:\/\/casalparis.cat\/index.php?rest_route=\/wp\/v2\/tribe_events\/2272","targetHints":{"allow":["GET"]}}],"collection":[{"href":"http:\/\/casalparis.cat\/index.php?rest_route=\/wp\/v2\/tribe_events"}],"about":[{"href":"http:\/\/casalparis.cat\/index.php?rest_route=\/wp\/v2\/types\/tribe_events"}],"author":[{"embeddable":true,"href":"http:\/\/casalparis.cat\/index.php?rest_route=\/wp\/v2\/users\/1"}],"version-history":[{"count":1,"href":"http:\/\/casalparis.cat\/index.php?rest_route=\/wp\/v2\/tribe_events\/2272\/revisions"}],"predecessor-version":[{"id":2274,"href":"http:\/\/casalparis.cat\/index.php?rest_route=\/wp\/v2\/tribe_events\/2272\/revisions\/2274"}],"wp:featuredmedia":[{"embeddable":true,"href":"http:\/\/casalparis.cat\/index.php?rest_route=\/wp\/v2\/media\/2273"}],"wp:attachment":[{"href":"http:\/\/casalparis.cat\/index.php?rest_route=%2Fwp%2Fv2%2Fmedia&parent=2272"}],"wp:term":[{"taxonomy":"post_tag","embeddable":true,"href":"http:\/\/casalparis.cat\/index.php?rest_route=%2Fwp%2Fv2%2Ftags&post=2272"},{"taxonomy":"tribe_events_cat","embeddable":true,"href":"http:\/\/casalparis.cat\/index.php?rest_route=%2Fwp%2Fv2%2Ftribe_events_cat&post=2272"}],"curies":[{"name":"wp","href":"https:\/\/api.w.org\/{rel}","templated":true}]}}

18/09/2022 CONCERT: LLUÍS GAVALDÀ I JOAN-PAU CHAVES

<p>Tenim sort i hem pogut reprogramar el concert d&#8217;en Lluís Gavaldà i Joan Pau Chaves!!!<br />
Els podrem escoltar el <strong>diumenge 18 de setembre </strong>a les <strong>17:30 </strong>a la <strong>peniche Antipode</strong>, barri XIX de Paris.<br />
Un concert en format acústic i íntim a la capital francesa. L&#8217;aforament és limitat.<br />
Així que si esteu interessats a venir, afanyeu-vos a <a href="https://www.helloasso.com/associations/casal-de-catalunya-de-paris/evenements/concert-lluis-gavalda-i-joan-pau-chaves">comprar l&#8217;entrada.</a></p>
<p><img loading="lazy" decoding="async" class="alignnone size-medium wp-image-2273" src="http://casalparis.cat/wp-content/uploads/2022/06/Publication-Instagram-Noir-et-Blanc-Inspirant-Futuriste-Sensibilisation-et-Information-2-300x300.png" alt="" width="300" height="300" srcset="https://casalparis.cat/wp-content/uploads/2022/06/Publication-Instagram-Noir-et-Blanc-Inspirant-Futuriste-Sensibilisation-et-Information-2-300x300.png 300w, https://casalparis.cat/wp-content/uploads/2022/06/Publication-Instagram-Noir-et-Blanc-Inspirant-Futuriste-Sensibilisation-et-Information-2-1024x1024.png 1024w, https://casalparis.cat/wp-content/uploads/2022/06/Publication-Instagram-Noir-et-Blanc-Inspirant-Futuriste-Sensibilisation-et-Information-2-150x150.png 150w, https://casalparis.cat/wp-content/uploads/2022/06/Publication-Instagram-Noir-et-Blanc-Inspirant-Futuriste-Sensibilisation-et-Information-2-768x768.png 768w, https://casalparis.cat/wp-content/uploads/2022/06/Publication-Instagram-Noir-et-Blanc-Inspirant-Futuriste-Sensibilisation-et-Information-2.png 1080w" sizes="auto, (max-width: 300px) 100vw, 300px" /></p>
<p>Lluís Gavaldà i Joan Pau Chaves ofereixen un concert íntim i especial, on sonaran cançons d’ Els Pets i també altres composicions i versions més amagades. Pensat per audiències petites, l’esperit del concert busca un ambient proper. Un joc de complicitats que descobrirà anècdotes i potser també alguna intimitat. Un espectacle únic i imprevisible. Places assegudes.</p>

<p>Tenim sort i hem pogut reprogramar el concert d&#8217;en Lluís Gavaldà i Joan Pau Chaves!!! Els podrem escoltar el diumenge 18 de setembre a les 17:30 a la peniche Antipode, barri XIX de Paris. Un concert en format acústic i íntim a la capital francesa. L&#8217;aforament &hellip; <a href="http://casalparis.cat/?tribe_events=18-09-2022-concert-lluis-gavalda-i-joan-pau-chaves">Continua llegint <span class="meta-nav">&rarr;</span></a></p>
