{"id":2268,"date":"2022-06-25T11:13:41","date_gmt":"2022-06-25T09:13:41","guid":{"rendered":"https:\/\/casalparis.cat\/?post_type=tribe_events&#038;p=2268"},"modified":"2022-06-25T11:13:41","modified_gmt":"2022-06-25T09:13:41","slug":"25-06-2022-els-geperuts-participen-a-la-marche-des-fiertes","status":"publish","type":"tribe_events","link":"http:\/\/casalparis.cat\/?tribe_events=25-06-2022-els-geperuts-participen-a-la-marche-des-fiertes","title":{"rendered":"25\/06\/2022 &#8211; Els geperuts participen a la &#8220;Marche des fiert\u00e9s&#8221;"},"content":{"rendered":"<div class=\"kvgmc6g5 cxmmr5t8 oygrvhab hcukyx3x c1et5uql ii04i59q\">\n<div dir=\"auto\"><img loading=\"lazy\" decoding=\"async\" class=\"size-medium wp-image-2269 alignleft\" src=\"http:\/\/casalparis.cat\/wp-content\/uploads\/2022\/06\/Marche-fiertes-2022-300x300.jpg\" alt=\"\" width=\"300\" height=\"300\" srcset=\"https:\/\/casalparis.cat\/wp-content\/uploads\/2022\/06\/Marche-fiertes-2022-300x300.jpg 300w, https:\/\/casalparis.cat\/wp-content\/uploads\/2022\/06\/Marche-fiertes-2022-150x150.jpg 150w, https:\/\/casalparis.cat\/wp-content\/uploads\/2022\/06\/Marche-fiertes-2022-768x768.jpg 768w, https:\/\/casalparis.cat\/wp-content\/uploads\/2022\/06\/Marche-fiertes-2022.jpg 896w\" sizes=\"auto, (max-width: 300px) 100vw, 300px\" \/><img loading=\"lazy\" decoding=\"async\" class=\"size-medium wp-image-2270 alignright\" src=\"http:\/\/casalparis.cat\/wp-content\/uploads\/2022\/06\/Marche-des-fiertes-300x300.jpg\" alt=\"\" width=\"300\" height=\"300\" srcset=\"https:\/\/casalparis.cat\/wp-content\/uploads\/2022\/06\/Marche-des-fiertes-300x300.jpg 300w, https:\/\/casalparis.cat\/wp-content\/uploads\/2022\/06\/Marche-des-fiertes-150x150.jpg 150w, https:\/\/casalparis.cat\/wp-content\/uploads\/2022\/06\/Marche-des-fiertes.jpg 756w\" sizes=\"auto, (max-width: 300px) 100vw, 300px\" \/><\/div>\n<div dir=\"auto\"><\/div>\n<div dir=\"auto\"><\/div>\n<div dir=\"auto\">Els castellers ja van participar en la #marche\u00a0<span class=\"hiddenGrammarError\">des<\/span>\u00a0<span class=\"hiddenSpellError\">fiert\u00e9s<\/span>\u00a0<span class=\"hiddenGrammarError\">al 2019<\/span>. Aquest any estan molt contents de tornar a assajar i participar\u00a0en aquest\u00a0esdeveniment solidari de defensa dels drets de totes les persones.<\/div>\n<div dir=\"auto\"><\/div>\n<div dir=\"auto\"><\/div>\n<div dir=\"auto\"><\/div>\n<div dir=\"auto\"><\/div>\n<div dir=\"auto\"><\/div>\n<div dir=\"auto\">El circuit:<br \/>\n14h00 Sortida de\u00a0<span class=\"hiddenSpellError\">Michel<\/span>\u00a0<span class=\"hiddenSpellError\">Bizot<\/span>\u00a0(al\u00a0nivell\u00a0del\u00a0n\u00famero\u00a0242 avinguda\u00a0<span class=\"hiddenSpellError\">Daumesnil<\/span>)<\/div>\n<\/div>\n<div dir=\"auto\">Avinguda Daumesnil<\/div>\n<div dir=\"auto\">Carrer de Lyon<\/div>\n<div dir=\"auto\">Pla\u00e7a de la Bastilla<\/div>\n<div dir=\"auto\">Boulevard Beaumarchais<\/div>\n<div dir=\"auto\">Boulevard Filles du Calvaire<\/div>\n<div dir=\"auto\">Boulevard du Temple<\/div>\n<div dir=\"auto\">Entre 17h i les 20h, Arrivada a la Pla\u00e7a de la Republica<\/div>\n<div dir=\"auto\"><\/div>\n<div class=\"kvgmc6g5 cxmmr5t8 oygrvhab hcukyx3x c1et5uql ii04i59q\">\n<div dir=\"auto\">************************<\/div>\n<div dir=\"auto\"><\/div>\n<div dir=\"auto\">En 2019 les castellers ont particip\u00e9 \u00e0 la <a class=\"oajrlxb2 g5ia77u1 qu0x051f esr5mh6w e9989ue4 r7d6kgcz rq0escxv nhd2j8a9 nc684nl6 p7hjln8o kvgmc6g5 cxmmr5t8 oygrvhab hcukyx3x jb3vyjys rz4wbd8a qt6c0cv9 a8nywdso i1ao9s8h esuyzwwr f1sip0of lzcic4wl gpro0wi8 q66pz984 b1v8xokw\" tabindex=\"0\" role=\"link\" href=\"https:\/\/www.facebook.com\/hashtag\/marchedesfiert%C3%A9s?__eep__=6&amp;__cft__[0]=AZWu1fnnLuS8n2a9qXvYfH53xFvLwyLCSX2h9l-xVys1qIXm_EpBT4ukQdBxQc5cT-6EdHSoj39IXqR--YtKYnIMd_4uLvussWHl8rskL5vxN3ihg-en-WHDWR8lKPqoeRSId4BarYSUsZOxjfIEsbTup8h80RqBcUhnFa40nfheKQc4BgdBxgfYYHJg0vS182VJy4_VG5yJFgA7E8rBtXPU&amp;__tn__=*NK-y-R\">#marchedesfiert\u00e9s<\/a> pour la derni\u00e8re fois. Ils sont tr\u00e8s heureux de pouvoir reprendre ses activit\u00e9s et de montrer \u00e0 nouveau leur soutien aux droits de toutes les personnes.<\/div>\n<\/div>\n<div class=\"cxmmr5t8 oygrvhab hcukyx3x c1et5uql o9v6fnle ii04i59q\">\n<div dir=\"auto\">P A R C O U R S<\/div>\n<div dir=\"auto\">D\u00e9part de Michel Bizot (242 av. Daumesnil)<\/div>\n<div dir=\"auto\">Av. Daumesnil<\/div>\n<div dir=\"auto\">Rue de Lyon<\/div>\n<div dir=\"auto\">Place de Bastille<\/div>\n<div dir=\"auto\">Bd Beaumarchais<\/div>\n<div dir=\"auto\">Bd des Filles du Calvaire<\/div>\n<div dir=\"auto\">Bd du Temple<\/div>\n<div dir=\"auto\">Arriv\u00e9e Place de la R\u00e9publique<\/div>\n<\/div>\n<div class=\"cxmmr5t8 oygrvhab hcukyx3x c1et5uql o9v6fnle ii04i59q\">\n<div dir=\"auto\">D E R O U L \u00c9 D E L A J O U R N \u00c9 E<\/div>\n<div dir=\"auto\">13h00 Prises de paroles \u00e0 la banderole<\/div>\n<div dir=\"auto\">13h45 Chaque char se pr\u00e9pare au d\u00e9part<\/div>\n<div dir=\"auto\">14h00 D\u00e9part de la marche<\/div>\n<div dir=\"auto\">16h30 3 minutes de silence en hommage aux victimes du VIH &#8211; SIDA<\/div>\n<div dir=\"auto\">17h00-20h00 Arriv\u00e9e du cort\u00e8ge \u00e0 R\u00e9publique<\/div>\n<\/div>\n<div class=\"cxmmr5t8 oygrvhab hcukyx3x c1et5uql o9v6fnle ii04i59q\">\n<div dir=\"auto\"><a class=\"oajrlxb2 g5ia77u1 qu0x051f esr5mh6w e9989ue4 r7d6kgcz rq0escxv nhd2j8a9 nc684nl6 p7hjln8o kvgmc6g5 cxmmr5t8 oygrvhab hcukyx3x jb3vyjys rz4wbd8a qt6c0cv9 a8nywdso i1ao9s8h esuyzwwr f1sip0of lzcic4wl gpro0wi8 q66pz984 b1v8xokw\" tabindex=\"0\" role=\"link\" href=\"https:\/\/www.facebook.com\/hashtag\/loveislove?__eep__=6&amp;__cft__[0]=AZWu1fnnLuS8n2a9qXvYfH53xFvLwyLCSX2h9l-xVys1qIXm_EpBT4ukQdBxQc5cT-6EdHSoj39IXqR--YtKYnIMd_4uLvussWHl8rskL5vxN3ihg-en-WHDWR8lKPqoeRSId4BarYSUsZOxjfIEsbTup8h80RqBcUhnFa40nfheKQc4BgdBxgfYYHJg0vS182VJy4_VG5yJFgA7E8rBtXPU&amp;__tn__=*NK-y-R\">#loveislove<\/a> <a class=\"oajrlxb2 g5ia77u1 qu0x051f esr5mh6w e9989ue4 r7d6kgcz rq0escxv nhd2j8a9 nc684nl6 p7hjln8o kvgmc6g5 cxmmr5t8 oygrvhab hcukyx3x jb3vyjys rz4wbd8a qt6c0cv9 a8nywdso i1ao9s8h esuyzwwr f1sip0of lzcic4wl gpro0wi8 q66pz984 b1v8xokw\" tabindex=\"0\" role=\"link\" href=\"https:\/\/www.facebook.com\/hashtag\/castellersdeparis?__eep__=6&amp;__cft__[0]=AZWu1fnnLuS8n2a9qXvYfH53xFvLwyLCSX2h9l-xVys1qIXm_EpBT4ukQdBxQc5cT-6EdHSoj39IXqR--YtKYnIMd_4uLvussWHl8rskL5vxN3ihg-en-WHDWR8lKPqoeRSId4BarYSUsZOxjfIEsbTup8h80RqBcUhnFa40nfheKQc4BgdBxgfYYHJg0vS182VJy4_VG5yJFgA7E8rBtXPU&amp;__tn__=*NK-y-R\">#castellersdeparis<\/a> <a class=\"oajrlxb2 g5ia77u1 qu0x051f esr5mh6w e9989ue4 r7d6kgcz rq0escxv nhd2j8a9 nc684nl6 p7hjln8o kvgmc6g5 cxmmr5t8 oygrvhab hcukyx3x jb3vyjys rz4wbd8a qt6c0cv9 a8nywdso i1ao9s8h esuyzwwr f1sip0of lzcic4wl gpro0wi8 q66pz984 b1v8xokw\" tabindex=\"0\" role=\"link\" href=\"https:\/\/www.facebook.com\/hashtag\/castellers?__eep__=6&amp;__cft__[0]=AZWu1fnnLuS8n2a9qXvYfH53xFvLwyLCSX2h9l-xVys1qIXm_EpBT4ukQdBxQc5cT-6EdHSoj39IXqR--YtKYnIMd_4uLvussWHl8rskL5vxN3ihg-en-WHDWR8lKPqoeRSId4BarYSUsZOxjfIEsbTup8h80RqBcUhnFa40nfheKQc4BgdBxgfYYHJg0vS182VJy4_VG5yJFgA7E8rBtXPU&amp;__tn__=*NK-y-R\">#castellers<\/a> <a class=\"oajrlxb2 g5ia77u1 qu0x051f esr5mh6w e9989ue4 r7d6kgcz rq0escxv nhd2j8a9 nc684nl6 p7hjln8o kvgmc6g5 cxmmr5t8 oygrvhab hcukyx3x jb3vyjys rz4wbd8a qt6c0cv9 a8nywdso i1ao9s8h esuyzwwr f1sip0of lzcic4wl gpro0wi8 q66pz984 b1v8xokw\" tabindex=\"0\" role=\"link\" href=\"https:\/\/www.facebook.com\/hashtag\/gaypride?__eep__=6&amp;__cft__[0]=AZWu1fnnLuS8n2a9qXvYfH53xFvLwyLCSX2h9l-xVys1qIXm_EpBT4ukQdBxQc5cT-6EdHSoj39IXqR--YtKYnIMd_4uLvussWHl8rskL5vxN3ihg-en-WHDWR8lKPqoeRSId4BarYSUsZOxjfIEsbTup8h80RqBcUhnFa40nfheKQc4BgdBxgfYYHJg0vS182VJy4_VG5yJFgA7E8rBtXPU&amp;__tn__=*NK-y-R\">#gaypride<\/a><\/div>\n<\/div>\n","protected":false},"excerpt":{"rendered":"<p>Els castellers ja van participar en la #marche\u00a0des\u00a0fiert\u00e9s\u00a0al 2019. Aquest any estan molt contents de tornar a assajar i participar\u00a0en aquest\u00a0esdeveniment solidari de defensa dels drets de totes les persones. El circuit: 14h00 Sortida de\u00a0Michel\u00a0Bizot\u00a0(al\u00a0nivell\u00a0del\u00a0n\u00famero\u00a0242 avinguda\u00a0Daumesnil) Avinguda Daumesnil Carrer de &hellip; <a href=\"http:\/\/casalparis.cat\/?tribe_events=25-06-2022-els-geperuts-participen-a-la-marche-des-fiertes\">Continua llegint <span class=\"meta-nav\">&rarr;<\/span><\/a><\/p>\n","protected":false},"author":1,"featured_media":2270,"template":"","meta":{"_tribe_events_status":"","_tribe_events_status_reason":"","footnotes":""},"tags":[67,23,5,150,409,38,22],"tribe_events_cat":[68],"class_list":["post-2268","tribe_events","type-tribe_events","status-publish","has-post-thumbnail","hentry","tag-agenda","tag-casalparis","tag-castellers","tag-geperuts","tag-marchedesfiertes","tag-paris","tag-somcasal","tribe_events_cat-agenda","cat_agenda"],"_links":{"self":[{"href":"http:\/\/casalparis.cat\/index.php?rest_route=\/wp\/v2\/tribe_events\/2268","targetHints":{"allow":["GET"]}}],"collection":[{"href":"http:\/\/casalparis.cat\/index.php?rest_route=\/wp\/v2\/tribe_events"}],"about":[{"href":"http:\/\/casalparis.cat\/index.php?rest_route=\/wp\/v2\/types\/tribe_events"}],"author":[{"embeddable":true,"href":"http:\/\/casalparis.cat\/index.php?rest_route=\/wp\/v2\/users\/1"}],"version-history":[{"count":1,"href":"http:\/\/casalparis.cat\/index.php?rest_route=\/wp\/v2\/tribe_events\/2268\/revisions"}],"predecessor-version":[{"id":2271,"href":"http:\/\/casalparis.cat\/index.php?rest_route=\/wp\/v2\/tribe_events\/2268\/revisions\/2271"}],"wp:featuredmedia":[{"embeddable":true,"href":"http:\/\/casalparis.cat\/index.php?rest_route=\/wp\/v2\/media\/2270"}],"wp:attachment":[{"href":"http:\/\/casalparis.cat\/index.php?rest_route=%2Fwp%2Fv2%2Fmedia&parent=2268"}],"wp:term":[{"taxonomy":"post_tag","embeddable":true,"href":"http:\/\/casalparis.cat\/index.php?rest_route=%2Fwp%2Fv2%2Ftags&post=2268"},{"taxonomy":"tribe_events_cat","embeddable":true,"href":"http:\/\/casalparis.cat\/index.php?rest_route=%2Fwp%2Fv2%2Ftribe_events_cat&post=2268"}],"curies":[{"name":"wp","href":"https:\/\/api.w.org\/{rel}","templated":true}]}}

25/06/2022 &#8211; Els geperuts participen a la &#8220;Marche des fiertés&#8221;

<div class="kvgmc6g5 cxmmr5t8 oygrvhab hcukyx3x c1et5uql ii04i59q">
<div dir="auto"><img loading="lazy" decoding="async" class="size-medium wp-image-2269 alignleft" src="http://casalparis.cat/wp-content/uploads/2022/06/Marche-fiertes-2022-300x300.jpg" alt="" width="300" height="300" srcset="https://casalparis.cat/wp-content/uploads/2022/06/Marche-fiertes-2022-300x300.jpg 300w, https://casalparis.cat/wp-content/uploads/2022/06/Marche-fiertes-2022-150x150.jpg 150w, https://casalparis.cat/wp-content/uploads/2022/06/Marche-fiertes-2022-768x768.jpg 768w, https://casalparis.cat/wp-content/uploads/2022/06/Marche-fiertes-2022.jpg 896w" sizes="auto, (max-width: 300px) 100vw, 300px" /><img loading="lazy" decoding="async" class="size-medium wp-image-2270 alignright" src="http://casalparis.cat/wp-content/uploads/2022/06/Marche-des-fiertes-300x300.jpg" alt="" width="300" height="300" srcset="https://casalparis.cat/wp-content/uploads/2022/06/Marche-des-fiertes-300x300.jpg 300w, https://casalparis.cat/wp-content/uploads/2022/06/Marche-des-fiertes-150x150.jpg 150w, https://casalparis.cat/wp-content/uploads/2022/06/Marche-des-fiertes.jpg 756w" sizes="auto, (max-width: 300px) 100vw, 300px" /></div>
<div dir="auto"></div>
<div dir="auto"></div>
<div dir="auto">Els castellers ja van participar en la #marche <span class="hiddenGrammarError">des</span> <span class="hiddenSpellError">fiertés</span> <span class="hiddenGrammarError">al 2019</span>. Aquest any estan molt contents de tornar a assajar i participar en aquest esdeveniment solidari de defensa dels drets de totes les persones.</div>
<div dir="auto"></div>
<div dir="auto"></div>
<div dir="auto"></div>
<div dir="auto"></div>
<div dir="auto"></div>
<div dir="auto">El circuit:<br />
14h00 Sortida de <span class="hiddenSpellError">Michel</span> <span class="hiddenSpellError">Bizot</span> (al nivell del número 242 avinguda <span class="hiddenSpellError">Daumesnil</span>)</div>
</div>
<div dir="auto">Avinguda Daumesnil</div>
<div dir="auto">Carrer de Lyon</div>
<div dir="auto">Plaça de la Bastilla</div>
<div dir="auto">Boulevard Beaumarchais</div>
<div dir="auto">Boulevard Filles du Calvaire</div>
<div dir="auto">Boulevard du Temple</div>
<div dir="auto">Entre 17h i les 20h, Arrivada a la Plaça de la Republica</div>
<div dir="auto"></div>
<div class="kvgmc6g5 cxmmr5t8 oygrvhab hcukyx3x c1et5uql ii04i59q">
<div dir="auto">************************</div>
<div dir="auto"></div>
<div dir="auto">En 2019 les castellers ont participé à la <a class="oajrlxb2 g5ia77u1 qu0x051f esr5mh6w e9989ue4 r7d6kgcz rq0escxv nhd2j8a9 nc684nl6 p7hjln8o kvgmc6g5 cxmmr5t8 oygrvhab hcukyx3x jb3vyjys rz4wbd8a qt6c0cv9 a8nywdso i1ao9s8h esuyzwwr f1sip0of lzcic4wl gpro0wi8 q66pz984 b1v8xokw" tabindex="0" role="link" href="https://www.facebook.com/hashtag/marchedesfiert%C3%A9s?__eep__=6&amp;__cft__[0]=AZWu1fnnLuS8n2a9qXvYfH53xFvLwyLCSX2h9l-xVys1qIXm_EpBT4ukQdBxQc5cT-6EdHSoj39IXqR--YtKYnIMd_4uLvussWHl8rskL5vxN3ihg-en-WHDWR8lKPqoeRSId4BarYSUsZOxjfIEsbTup8h80RqBcUhnFa40nfheKQc4BgdBxgfYYHJg0vS182VJy4_VG5yJFgA7E8rBtXPU&amp;__tn__=*NK-y-R">#marchedesfiertés</a> pour la dernière fois. Ils sont très heureux de pouvoir reprendre ses activités et de montrer à nouveau leur soutien aux droits de toutes les personnes.</div>
</div>
<div class="cxmmr5t8 oygrvhab hcukyx3x c1et5uql o9v6fnle ii04i59q">
<div dir="auto">P A R C O U R S</div>
<div dir="auto">Départ de Michel Bizot (242 av. Daumesnil)</div>
<div dir="auto">Av. Daumesnil</div>
<div dir="auto">Rue de Lyon</div>
<div dir="auto">Place de Bastille</div>
<div dir="auto">Bd Beaumarchais</div>
<div dir="auto">Bd des Filles du Calvaire</div>
<div dir="auto">Bd du Temple</div>
<div dir="auto">Arrivée Place de la République</div>
</div>
<div class="cxmmr5t8 oygrvhab hcukyx3x c1et5uql o9v6fnle ii04i59q">
<div dir="auto">D E R O U L É D E L A J O U R N É E</div>
<div dir="auto">13h00 Prises de paroles à la banderole</div>
<div dir="auto">13h45 Chaque char se prépare au départ</div>
<div dir="auto">14h00 Départ de la marche</div>
<div dir="auto">16h30 3 minutes de silence en hommage aux victimes du VIH &#8211; SIDA</div>
<div dir="auto">17h00-20h00 Arrivée du cortège à République</div>
</div>
<div class="cxmmr5t8 oygrvhab hcukyx3x c1et5uql o9v6fnle ii04i59q">
<div dir="auto"><a class="oajrlxb2 g5ia77u1 qu0x051f esr5mh6w e9989ue4 r7d6kgcz rq0escxv nhd2j8a9 nc684nl6 p7hjln8o kvgmc6g5 cxmmr5t8 oygrvhab hcukyx3x jb3vyjys rz4wbd8a qt6c0cv9 a8nywdso i1ao9s8h esuyzwwr f1sip0of lzcic4wl gpro0wi8 q66pz984 b1v8xokw" tabindex="0" role="link" href="https://www.facebook.com/hashtag/loveislove?__eep__=6&amp;__cft__[0]=AZWu1fnnLuS8n2a9qXvYfH53xFvLwyLCSX2h9l-xVys1qIXm_EpBT4ukQdBxQc5cT-6EdHSoj39IXqR--YtKYnIMd_4uLvussWHl8rskL5vxN3ihg-en-WHDWR8lKPqoeRSId4BarYSUsZOxjfIEsbTup8h80RqBcUhnFa40nfheKQc4BgdBxgfYYHJg0vS182VJy4_VG5yJFgA7E8rBtXPU&amp;__tn__=*NK-y-R">#loveislove</a> <a class="oajrlxb2 g5ia77u1 qu0x051f esr5mh6w e9989ue4 r7d6kgcz rq0escxv nhd2j8a9 nc684nl6 p7hjln8o kvgmc6g5 cxmmr5t8 oygrvhab hcukyx3x jb3vyjys rz4wbd8a qt6c0cv9 a8nywdso i1ao9s8h esuyzwwr f1sip0of lzcic4wl gpro0wi8 q66pz984 b1v8xokw" tabindex="0" role="link" href="https://www.facebook.com/hashtag/castellersdeparis?__eep__=6&amp;__cft__[0]=AZWu1fnnLuS8n2a9qXvYfH53xFvLwyLCSX2h9l-xVys1qIXm_EpBT4ukQdBxQc5cT-6EdHSoj39IXqR--YtKYnIMd_4uLvussWHl8rskL5vxN3ihg-en-WHDWR8lKPqoeRSId4BarYSUsZOxjfIEsbTup8h80RqBcUhnFa40nfheKQc4BgdBxgfYYHJg0vS182VJy4_VG5yJFgA7E8rBtXPU&amp;__tn__=*NK-y-R">#castellersdeparis</a> <a class="oajrlxb2 g5ia77u1 qu0x051f esr5mh6w e9989ue4 r7d6kgcz rq0escxv nhd2j8a9 nc684nl6 p7hjln8o kvgmc6g5 cxmmr5t8 oygrvhab hcukyx3x jb3vyjys rz4wbd8a qt6c0cv9 a8nywdso i1ao9s8h esuyzwwr f1sip0of lzcic4wl gpro0wi8 q66pz984 b1v8xokw" tabindex="0" role="link" href="https://www.facebook.com/hashtag/castellers?__eep__=6&amp;__cft__[0]=AZWu1fnnLuS8n2a9qXvYfH53xFvLwyLCSX2h9l-xVys1qIXm_EpBT4ukQdBxQc5cT-6EdHSoj39IXqR--YtKYnIMd_4uLvussWHl8rskL5vxN3ihg-en-WHDWR8lKPqoeRSId4BarYSUsZOxjfIEsbTup8h80RqBcUhnFa40nfheKQc4BgdBxgfYYHJg0vS182VJy4_VG5yJFgA7E8rBtXPU&amp;__tn__=*NK-y-R">#castellers</a> <a class="oajrlxb2 g5ia77u1 qu0x051f esr5mh6w e9989ue4 r7d6kgcz rq0escxv nhd2j8a9 nc684nl6 p7hjln8o kvgmc6g5 cxmmr5t8 oygrvhab hcukyx3x jb3vyjys rz4wbd8a qt6c0cv9 a8nywdso i1ao9s8h esuyzwwr f1sip0of lzcic4wl gpro0wi8 q66pz984 b1v8xokw" tabindex="0" role="link" href="https://www.facebook.com/hashtag/gaypride?__eep__=6&amp;__cft__[0]=AZWu1fnnLuS8n2a9qXvYfH53xFvLwyLCSX2h9l-xVys1qIXm_EpBT4ukQdBxQc5cT-6EdHSoj39IXqR--YtKYnIMd_4uLvussWHl8rskL5vxN3ihg-en-WHDWR8lKPqoeRSId4BarYSUsZOxjfIEsbTup8h80RqBcUhnFa40nfheKQc4BgdBxgfYYHJg0vS182VJy4_VG5yJFgA7E8rBtXPU&amp;__tn__=*NK-y-R">#gaypride</a></div>
</div>

<p>Els castellers ja van participar en la #marche des fiertés al 2019. Aquest any estan molt contents de tornar a assajar i participar en aquest esdeveniment solidari de defensa dels drets de totes les persones. El circuit: 14h00 Sortida de Michel Bizot (al nivell del número 242 avinguda Daumesnil) Avinguda Daumesnil Carrer de &hellip; <a href="http://casalparis.cat/?tribe_events=25-06-2022-els-geperuts-participen-a-la-marche-des-fiertes">Continua llegint <span class="meta-nav">&rarr;</span></a></p>
