{"id":2199,"date":"2022-04-24T22:12:33","date_gmt":"2022-04-24T20:12:33","guid":{"rendered":"https:\/\/casalparis.cat\/?post_type=tribe_events&#038;p=2199"},"modified":"2022-04-24T22:16:27","modified_gmt":"2022-04-24T20:16:27","slug":"24-04-2022-entrega-premis-concurs-literari-europeu","status":"publish","type":"tribe_events","link":"http:\/\/casalparis.cat\/?tribe_events=24-04-2022-entrega-premis-concurs-literari-europeu","title":{"rendered":"24\/04\/2022 Entrega premis concurs literari europeu"},"content":{"rendered":"<p>Avui, Dia Internacional de la Catalunya Exterior, la FIEC (Federaci\u00f3 Internacional d&#8217;Entitats Catalanes) ha anunciat els guanyadors del concurs literari europeu en un acte online.<\/p>\n<p>La Sabrina Martinez, representant del Centre Catal\u00e0 de Lausana, ha guanyat en la categoria de narrativa!\u00a0<strong>Enhorabona Sabrina!!!<\/strong><\/p>\n<p>Podeu llegir la seva obra\u00a0<a href=\"https:\/\/catalansasuissa.us6.list-manage.com\/track\/click?u=095b21ab4b2ee95145234e747&amp;id=b44ae14def&amp;e=1365a9e7aa\" target=\"_blank\" rel=\"noopener\" data-saferedirecturl=\"https:\/\/www.google.com\/url?q=https:\/\/catalansasuissa.us6.list-manage.com\/track\/click?u%3D095b21ab4b2ee95145234e747%26id%3Db44ae14def%26e%3D1365a9e7aa&amp;source=gmail&amp;ust=1650915235559000&amp;usg=AOvVaw0Kcvaqkndb9LDH49ExToYP\">&#8220;Svoboda&#8221;<\/a>\u00a0en aquest enlla\u00e7.<\/p>\n<p><img loading=\"lazy\" decoding=\"async\" class=\"alignnone size-medium wp-image-2200\" src=\"http:\/\/casalparis.cat\/wp-content\/uploads\/2022\/04\/concurs-literari-europeu-300x251.jpg\" alt=\"\" width=\"300\" height=\"251\" srcset=\"https:\/\/casalparis.cat\/wp-content\/uploads\/2022\/04\/concurs-literari-europeu-300x251.jpg 300w, https:\/\/casalparis.cat\/wp-content\/uploads\/2022\/04\/concurs-literari-europeu-768x644.jpg 768w, https:\/\/casalparis.cat\/wp-content\/uploads\/2022\/04\/concurs-literari-europeu-358x300.jpg 358w, https:\/\/casalparis.cat\/wp-content\/uploads\/2022\/04\/concurs-literari-europeu.jpg 939w\" sizes=\"auto, (max-width: 300px) 100vw, 300px\" \/><\/p>\n<p>*****<\/p>\n<p>Aujourd&#8217;hui, jour international de la Catalogne Ext\u00e9rieur, la FIEC a annonc\u00e9 les gagnants du concours litt\u00e9raire europ\u00e9en lors d&#8217;un \u00e9v\u00e9nement en ligne.<\/p>\n<p>&nbsp;<\/p>\n","protected":false},"excerpt":{"rendered":"<p>Avui, Dia Internacional de la Catalunya Exterior, la FIEC (Federaci\u00f3 Internacional d&#8217;Entitats Catalanes) ha anunciat els guanyadors del concurs literari europeu en un acte online. La Sabrina Martinez, representant del Centre Catal\u00e0 de Lausana, ha guanyat en la categoria de &hellip; <a href=\"http:\/\/casalparis.cat\/?tribe_events=24-04-2022-entrega-premis-concurs-literari-europeu\">Continua llegint <span class=\"meta-nav\">&rarr;<\/span><\/a><\/p>\n","protected":false},"author":1,"featured_media":0,"template":"","meta":{"_tribe_events_status":"","_tribe_events_status_reason":"","footnotes":""},"tags":[67,97,193,211,323,43,33,322],"tribe_events_cat":[68],"class_list":["post-2199","tribe_events","type-tribe_events","status-publish","hentry","tag-agenda","tag-catala","tag-cce","tag-cceguanyadorsconcurs","tag-concursliterari","tag-escriure","tag-fiec","tag-santjordi","tribe_events_cat-agenda","cat_agenda"],"_links":{"self":[{"href":"http:\/\/casalparis.cat\/index.php?rest_route=\/wp\/v2\/tribe_events\/2199","targetHints":{"allow":["GET"]}}],"collection":[{"href":"http:\/\/casalparis.cat\/index.php?rest_route=\/wp\/v2\/tribe_events"}],"about":[{"href":"http:\/\/casalparis.cat\/index.php?rest_route=\/wp\/v2\/types\/tribe_events"}],"author":[{"embeddable":true,"href":"http:\/\/casalparis.cat\/index.php?rest_route=\/wp\/v2\/users\/1"}],"version-history":[{"count":1,"href":"http:\/\/casalparis.cat\/index.php?rest_route=\/wp\/v2\/tribe_events\/2199\/revisions"}],"predecessor-version":[{"id":2201,"href":"http:\/\/casalparis.cat\/index.php?rest_route=\/wp\/v2\/tribe_events\/2199\/revisions\/2201"}],"wp:attachment":[{"href":"http:\/\/casalparis.cat\/index.php?rest_route=%2Fwp%2Fv2%2Fmedia&parent=2199"}],"wp:term":[{"taxonomy":"post_tag","embeddable":true,"href":"http:\/\/casalparis.cat\/index.php?rest_route=%2Fwp%2Fv2%2Ftags&post=2199"},{"taxonomy":"tribe_events_cat","embeddable":true,"href":"http:\/\/casalparis.cat\/index.php?rest_route=%2Fwp%2Fv2%2Ftribe_events_cat&post=2199"}],"curies":[{"name":"wp","href":"https:\/\/api.w.org\/{rel}","templated":true}]}}

<p>Avui, Dia Internacional de la Catalunya Exterior, la FIEC (Federació Internacional d&#8217;Entitats Catalanes) ha anunciat els guanyadors del concurs literari europeu en un acte online.</p>
<p>La Sabrina Martinez, representant del Centre Català de Lausana, ha guanyat en la categoria de narrativa! <strong>Enhorabona Sabrina!!!</strong></p>
<p>Podeu llegir la seva obra <a href="https://catalansasuissa.us6.list-manage.com/track/click?u=095b21ab4b2ee95145234e747&amp;id=b44ae14def&amp;e=1365a9e7aa" target="_blank" rel="noopener" data-saferedirecturl="https://www.google.com/url?q=https://catalansasuissa.us6.list-manage.com/track/click?u%3D095b21ab4b2ee95145234e747%26id%3Db44ae14def%26e%3D1365a9e7aa&amp;source=gmail&amp;ust=1650915235559000&amp;usg=AOvVaw0Kcvaqkndb9LDH49ExToYP">&#8220;Svoboda&#8221;</a> en aquest enllaç.</p>
<p><img loading="lazy" decoding="async" class="alignnone size-medium wp-image-2200" src="http://casalparis.cat/wp-content/uploads/2022/04/concurs-literari-europeu-300x251.jpg" alt="" width="300" height="251" srcset="https://casalparis.cat/wp-content/uploads/2022/04/concurs-literari-europeu-300x251.jpg 300w, https://casalparis.cat/wp-content/uploads/2022/04/concurs-literari-europeu-768x644.jpg 768w, https://casalparis.cat/wp-content/uploads/2022/04/concurs-literari-europeu-358x300.jpg 358w, https://casalparis.cat/wp-content/uploads/2022/04/concurs-literari-europeu.jpg 939w" sizes="auto, (max-width: 300px) 100vw, 300px" /></p>
<p>*****</p>
<p>Aujourd&#8217;hui, jour international de la Catalogne Extérieur, la FIEC a annoncé les gagnants du concours littéraire européen lors d&#8217;un événement en ligne.</p>
<p>&nbsp;</p>

<p>Avui, Dia Internacional de la Catalunya Exterior, la FIEC (Federació Internacional d&#8217;Entitats Catalanes) ha anunciat els guanyadors del concurs literari europeu en un acte online. La Sabrina Martinez, representant del Centre Català de Lausana, ha guanyat en la categoria de &hellip; <a href="http://casalparis.cat/?tribe_events=24-04-2022-entrega-premis-concurs-literari-europeu">Continua llegint <span class="meta-nav">&rarr;</span></a></p>
