{"id":2138,"date":"2022-03-19T20:14:09","date_gmt":"2022-03-19T19:14:09","guid":{"rendered":"https:\/\/casalparis.cat\/?post_type=tribe_events&#038;p=2138"},"modified":"2022-04-03T17:13:18","modified_gmt":"2022-04-03T15:13:18","slug":"concurs-literari-sant-jordi-2022","status":"publish","type":"tribe_events","link":"http:\/\/casalparis.cat\/?tribe_events=concurs-literari-sant-jordi-2022","title":{"rendered":"Concurs literari Sant Jordi 2022"},"content":{"rendered":"<p><img loading=\"lazy\" decoding=\"async\" class=\"alignnone size-medium wp-image-2140\" src=\"http:\/\/casalparis.cat\/wp-content\/uploads\/2022\/03\/Instagram-Concurs-literari-2021-2-300x300.jpg\" alt=\"\" width=\"300\" height=\"300\" srcset=\"https:\/\/casalparis.cat\/wp-content\/uploads\/2022\/03\/Instagram-Concurs-literari-2021-2-300x300.jpg 300w, https:\/\/casalparis.cat\/wp-content\/uploads\/2022\/03\/Instagram-Concurs-literari-2021-2-1024x1024.jpg 1024w, https:\/\/casalparis.cat\/wp-content\/uploads\/2022\/03\/Instagram-Concurs-literari-2021-2-150x150.jpg 150w, https:\/\/casalparis.cat\/wp-content\/uploads\/2022\/03\/Instagram-Concurs-literari-2021-2-768x768.jpg 768w, https:\/\/casalparis.cat\/wp-content\/uploads\/2022\/03\/Instagram-Concurs-literari-2021-2.jpg 1080w\" sizes=\"auto, (max-width: 300px) 100vw, 300px\" \/><\/p>\n<p>Estimats amics i amigues,<\/p>\n<p>Els dies s&#8217;allarguen i el bullir de la primera s&#8217;apropa &#8230; aprofiteu per fer brollar la imaginaci\u00f3\u00a0i presentar la vostra obra al concurs literari del Casal.<\/p>\n<p>Hi ha\u00a0<strong>tres categories<\/strong>\u00a0amb tem\u00e0tica lliure<\/p>\n<p><strong>Relat curt<\/strong> : 500 \/ 1000 paraules<\/p>\n<p><strong>Poesia<\/strong>: format lliure<\/p>\n<p><strong>Dibuix<\/strong>\u00a0(per a participants fins a 12 anys)<\/p>\n<p>Podeu presentar les votres obres fins l&#8217;11\u00a0d&#8217;abril a mitjanit. Els guanyadors seran presentats el divendres 22\u00a0d&#8217;abril. A m\u00e9s a m\u00e9s, el guanyador de la categoria relat curt, representar\u00e0 autom\u00e0ticament el nostre Casal al\u00a0<strong>concurs literari europeu<\/strong>\u00a0organitzat per la FIEC (Federaci\u00f3\u00a0Internacional d&#8217;Entitats Catalanes).<\/p>\n<p><strong>Premis:<\/strong><\/p>\n<p>Per a les categories\u00a0<em>Narrativa curta<\/em>\u00a0i\u00a0<em>Poesia<\/em>\u00a0\u00e9s un val d\u2019un valor de 40 euros per a la compra de llibres, i per a la categoria infantil\u00a0<em>Dibuix<\/em>\u00a0un pack de llibres.<\/p>\n<p>Bases de participaci\u00f3 al concurs:\u00a0<a href=\"https:\/\/casalparis.us20.list-manage.com\/track\/click?u=96a9db3e75b82e56483f6ec68&amp;id=0faea692b2&amp;e=c61df58c8a\" target=\"_blank\" rel=\"noreferrer noopener\" data-saferedirecturl=\"https:\/\/www.google.com\/url?q=https:\/\/casalparis.us20.list-manage.com\/track\/click?u%3D96a9db3e75b82e56483f6ec68%26id%3D0faea692b2%26e%3Dc61df58c8a&amp;source=gmail&amp;ust=1647803103790000&amp;usg=AOvVaw1iW7HLgKWXzBqZNoo6ZZZ7\">BASES DEL CONCURS LITERARI 2022<\/a><\/p>\n<p dir=\"ltr\"><strong id=\"m_9209477424639829844docs-internal-guid-95445fdb-7fff-8a9f-6ef2-77c0d77b1ce3\">\u00a0<\/strong>PRESENTACI\u00d3 I TRAMESA D\u2019OBRES<\/p>\n<p dir=\"ltr\">En els originals hi ha de constar el t\u00edtol per\u00f2 no l\u2019autor (nom\u00e9s el Pseud\u00f2nim). S\u2019ha de presentar per correu electr\u00f2nic mitjan\u00e7ant un document adjunt. Cal enviar el missatge a l\u2019adre\u00e7a\u00a0<a href=\"mailto:casal@casalparis.cat\" target=\"_blank\" rel=\"noopener\">casal@casalparis.cat<\/a>\u00a0, indicant<strong>:\u00a0<\/strong><\/p>\n<p dir=\"ltr\"><strong id=\"m_9209477424639829844docs-internal-guid-95445fdb-7fff-8a9f-6ef2-77c0d77b1ce3\">a.\u00a0<\/strong>Categoria<\/p>\n<p dir=\"ltr\"><strong id=\"m_9209477424639829844docs-internal-guid-95445fdb-7fff-8a9f-6ef2-77c0d77b1ce3\">b.\u00a0<\/strong>Nom i Cognoms<\/p>\n<p dir=\"ltr\"><strong id=\"m_9209477424639829844docs-internal-guid-95445fdb-7fff-8a9f-6ef2-77c0d77b1ce3\">c.\u00a0<\/strong>Pseud\u00f2nim<\/p>\n<p dir=\"ltr\"><strong id=\"m_9209477424639829844docs-internal-guid-95445fdb-7fff-8a9f-6ef2-77c0d77b1ce3\">d.\u00a0<\/strong>Correu Electr\u00f2nic<\/p>\n<p dir=\"ltr\"><strong id=\"m_9209477424639829844docs-internal-guid-95445fdb-7fff-8a9f-6ef2-77c0d77b1ce3\">e.\u00a0<\/strong>N\u00famero de tel\u00e8fon<\/p>\n<p dir=\"ltr\"><strong id=\"m_9209477424639829844docs-internal-guid-95445fdb-7fff-8a9f-6ef2-77c0d77b1ce3\">f.\u00a0\u00a0<\/strong>Adjuntar l\u2019arxiu amb el relat signat nom\u00e9s amb el pseud\u00f2nim en format PDF<strong>.<\/strong><\/p>\n<p>Grans i menuts, animeu-vos i envieu les vostres obres! I compartiu la informaci\u00f3\u00a0&#8230; que no es perdi cap talent literari! Fem viure la nostra llengua.<\/p>\n","protected":false},"excerpt":{"rendered":"<p>Estimats amics i amigues, Els dies s&#8217;allarguen i el bullir de la primera s&#8217;apropa &#8230; aprofiteu per fer brollar la imaginaci\u00f3\u00a0i presentar la vostra obra al concurs literari del Casal. Hi ha\u00a0tres categories\u00a0amb tem\u00e0tica lliure Relat curt : 500 \/ &hellip; <a href=\"http:\/\/casalparis.cat\/?tribe_events=concurs-literari-sant-jordi-2022\">Continua llegint <span class=\"meta-nav\">&rarr;<\/span><\/a><\/p>\n","protected":false},"author":1,"featured_media":2140,"template":"","meta":{"_tribe_events_status":"","_tribe_events_status_reason":"","footnotes":""},"tags":[67,23,193,242,33,122,72,288],"tribe_events_cat":[68],"class_list":["post-2138","tribe_events","type-tribe_events","status-publish","has-post-thumbnail","hentry","tag-agenda","tag-casalparis","tag-cce","tag-concurs-literari","tag-fiec","tag-llegir-i-escriure","tag-sant-jordi","tag-somcasals","tribe_events_cat-agenda","cat_agenda"],"_links":{"self":[{"href":"http:\/\/casalparis.cat\/index.php?rest_route=\/wp\/v2\/tribe_events\/2138","targetHints":{"allow":["GET"]}}],"collection":[{"href":"http:\/\/casalparis.cat\/index.php?rest_route=\/wp\/v2\/tribe_events"}],"about":[{"href":"http:\/\/casalparis.cat\/index.php?rest_route=\/wp\/v2\/types\/tribe_events"}],"author":[{"embeddable":true,"href":"http:\/\/casalparis.cat\/index.php?rest_route=\/wp\/v2\/users\/1"}],"version-history":[{"count":1,"href":"http:\/\/casalparis.cat\/index.php?rest_route=\/wp\/v2\/tribe_events\/2138\/revisions"}],"predecessor-version":[{"id":2141,"href":"http:\/\/casalparis.cat\/index.php?rest_route=\/wp\/v2\/tribe_events\/2138\/revisions\/2141"}],"wp:featuredmedia":[{"embeddable":true,"href":"http:\/\/casalparis.cat\/index.php?rest_route=\/wp\/v2\/media\/2140"}],"wp:attachment":[{"href":"http:\/\/casalparis.cat\/index.php?rest_route=%2Fwp%2Fv2%2Fmedia&parent=2138"}],"wp:term":[{"taxonomy":"post_tag","embeddable":true,"href":"http:\/\/casalparis.cat\/index.php?rest_route=%2Fwp%2Fv2%2Ftags&post=2138"},{"taxonomy":"tribe_events_cat","embeddable":true,"href":"http:\/\/casalparis.cat\/index.php?rest_route=%2Fwp%2Fv2%2Ftribe_events_cat&post=2138"}],"curies":[{"name":"wp","href":"https:\/\/api.w.org\/{rel}","templated":true}]}}

<p><img loading="lazy" decoding="async" class="alignnone size-medium wp-image-2140" src="http://casalparis.cat/wp-content/uploads/2022/03/Instagram-Concurs-literari-2021-2-300x300.jpg" alt="" width="300" height="300" srcset="https://casalparis.cat/wp-content/uploads/2022/03/Instagram-Concurs-literari-2021-2-300x300.jpg 300w, https://casalparis.cat/wp-content/uploads/2022/03/Instagram-Concurs-literari-2021-2-1024x1024.jpg 1024w, https://casalparis.cat/wp-content/uploads/2022/03/Instagram-Concurs-literari-2021-2-150x150.jpg 150w, https://casalparis.cat/wp-content/uploads/2022/03/Instagram-Concurs-literari-2021-2-768x768.jpg 768w, https://casalparis.cat/wp-content/uploads/2022/03/Instagram-Concurs-literari-2021-2.jpg 1080w" sizes="auto, (max-width: 300px) 100vw, 300px" /></p>
<p>Estimats amics i amigues,</p>
<p>Els dies s&#8217;allarguen i el bullir de la primera s&#8217;apropa &#8230; aprofiteu per fer brollar la imaginació i presentar la vostra obra al concurs literari del Casal.</p>
<p>Hi ha <strong>tres categories</strong> amb temàtica lliure</p>
<p><strong>Relat curt</strong> : 500 / 1000 paraules</p>
<p><strong>Poesia</strong>: format lliure</p>
<p><strong>Dibuix</strong> (per a participants fins a 12 anys)</p>
<p>Podeu presentar les votres obres fins l&#8217;11 d&#8217;abril a mitjanit. Els guanyadors seran presentats el divendres 22 d&#8217;abril. A més a més, el guanyador de la categoria relat curt, representarà automàticament el nostre Casal al <strong>concurs literari europeu</strong> organitzat per la FIEC (Federació Internacional d&#8217;Entitats Catalanes).</p>
<p><strong>Premis:</strong></p>
<p>Per a les categories <em>Narrativa curta</em> i <em>Poesia</em> és un val d’un valor de 40 euros per a la compra de llibres, i per a la categoria infantil <em>Dibuix</em> un pack de llibres.</p>
<p>Bases de participació al concurs: <a href="https://casalparis.us20.list-manage.com/track/click?u=96a9db3e75b82e56483f6ec68&amp;id=0faea692b2&amp;e=c61df58c8a" target="_blank" rel="noreferrer noopener" data-saferedirecturl="https://www.google.com/url?q=https://casalparis.us20.list-manage.com/track/click?u%3D96a9db3e75b82e56483f6ec68%26id%3D0faea692b2%26e%3Dc61df58c8a&amp;source=gmail&amp;ust=1647803103790000&amp;usg=AOvVaw1iW7HLgKWXzBqZNoo6ZZZ7">BASES DEL CONCURS LITERARI 2022</a></p>
<p dir="ltr"><strong id="m_9209477424639829844docs-internal-guid-95445fdb-7fff-8a9f-6ef2-77c0d77b1ce3"> </strong>PRESENTACIÓ I TRAMESA D’OBRES</p>
<p dir="ltr">En els originals hi ha de constar el títol però no l’autor (només el Pseudònim). S’ha de presentar per correu electrònic mitjançant un document adjunt. Cal enviar el missatge a l’adreça <a href="mailto:casal@casalparis.cat" target="_blank" rel="noopener">casal@casalparis.cat</a> , indicant<strong>: </strong></p>
<p dir="ltr"><strong id="m_9209477424639829844docs-internal-guid-95445fdb-7fff-8a9f-6ef2-77c0d77b1ce3">a. </strong>Categoria</p>
<p dir="ltr"><strong id="m_9209477424639829844docs-internal-guid-95445fdb-7fff-8a9f-6ef2-77c0d77b1ce3">b. </strong>Nom i Cognoms</p>
<p dir="ltr"><strong id="m_9209477424639829844docs-internal-guid-95445fdb-7fff-8a9f-6ef2-77c0d77b1ce3">c. </strong>Pseudònim</p>
<p dir="ltr"><strong id="m_9209477424639829844docs-internal-guid-95445fdb-7fff-8a9f-6ef2-77c0d77b1ce3">d. </strong>Correu Electrònic</p>
<p dir="ltr"><strong id="m_9209477424639829844docs-internal-guid-95445fdb-7fff-8a9f-6ef2-77c0d77b1ce3">e. </strong>Número de telèfon</p>
<p dir="ltr"><strong id="m_9209477424639829844docs-internal-guid-95445fdb-7fff-8a9f-6ef2-77c0d77b1ce3">f.  </strong>Adjuntar l’arxiu amb el relat signat només amb el pseudònim en format PDF<strong>.</strong></p>
<p>Grans i menuts, animeu-vos i envieu les vostres obres! I compartiu la informació &#8230; que no es perdi cap talent literari! Fem viure la nostra llengua.</p>

<p>Estimats amics i amigues, Els dies s&#8217;allarguen i el bullir de la primera s&#8217;apropa &#8230; aprofiteu per fer brollar la imaginació i presentar la vostra obra al concurs literari del Casal. Hi ha tres categories amb temàtica lliure Relat curt : 500 / &hellip; <a href="http://casalparis.cat/?tribe_events=concurs-literari-sant-jordi-2022">Continua llegint <span class="meta-nav">&rarr;</span></a></p>
