{"id":2036,"date":"2021-12-15T23:09:23","date_gmt":"2021-12-15T22:09:23","guid":{"rendered":"https:\/\/casalparis.cat\/?post_type=tribe_events&#038;p=2036"},"modified":"2022-03-30T22:59:08","modified_gmt":"2022-03-30T20:59:08","slug":"09-04-2022-concert-amb-lluis-gavalda-i-joan-pau-chaves","status":"publish","type":"tribe_events","link":"http:\/\/casalparis.cat\/?tribe_events=09-04-2022-concert-amb-lluis-gavalda-i-joan-pau-chaves","title":{"rendered":"09\/04\/2022 &#8211; Concert amb Llu\u00eds Gavald\u00e0 i Joan Pau Chaves &#8211; ANUL.LAT"},"content":{"rendered":"<div>Malauradament, per raons de salut, alienes a la nostra associaci\u00f3, ens veiem obligats a anul\u00b7lar el concert del dissabte 9 d&#8217;abril de 2022.<\/div>\n<div><\/div>\n<div>Estem fent tot el possible per reprogramar aquest mateix concert el mes de setembre. L&#8217;il\u00b7lusi\u00f3 \u00e9s l&#8217;\u00faltim que es perd!<\/div>\n<div><\/div>\n<div>D&#8217;aqu\u00ed a pocs dies, tan bon punt tinguem una proposta clara, us ho farem saber.<\/div>\n<div><\/div>\n<div>Per aquells que teniu les entrades comprades, us enviarem un mail i us explicarem les modalitats per mantenir les entrades per la nova data o demanar un reemborsament. Us agra\u00efm uns dies de paci\u00e8ncia.<\/div>\n<p>&nbsp;<\/p>\n<p><img loading=\"lazy\" decoding=\"async\" class=\"alignnone size-medium wp-image-2154\" src=\"http:\/\/casalparis.cat\/wp-content\/uploads\/2021\/12\/Copie-de-Concert-insta-1-300x300.png\" alt=\"\" width=\"300\" height=\"300\" srcset=\"https:\/\/casalparis.cat\/wp-content\/uploads\/2021\/12\/Copie-de-Concert-insta-1-300x300.png 300w, https:\/\/casalparis.cat\/wp-content\/uploads\/2021\/12\/Copie-de-Concert-insta-1-1024x1024.png 1024w, https:\/\/casalparis.cat\/wp-content\/uploads\/2021\/12\/Copie-de-Concert-insta-1-150x150.png 150w, https:\/\/casalparis.cat\/wp-content\/uploads\/2021\/12\/Copie-de-Concert-insta-1-768x768.png 768w, https:\/\/casalparis.cat\/wp-content\/uploads\/2021\/12\/Copie-de-Concert-insta-1.png 1080w\" sizes=\"auto, (max-width: 300px) 100vw, 300px\" \/><\/p>\n","protected":false},"excerpt":{"rendered":"<p>Malauradament, per raons de salut, alienes a la nostra associaci\u00f3, ens veiem obligats a anul\u00b7lar el concert del dissabte 9 d&#8217;abril de 2022. Estem fent tot el possible per reprogramar aquest mateix concert el mes de setembre. L&#8217;il\u00b7lusi\u00f3 \u00e9s l&#8217;\u00faltim &hellip; <a href=\"http:\/\/casalparis.cat\/?tribe_events=09-04-2022-concert-amb-lluis-gavalda-i-joan-pau-chaves\">Continua llegint <span class=\"meta-nav\">&rarr;<\/span><\/a><\/p>\n","protected":false},"author":1,"featured_media":2154,"template":"","meta":{"_tribe_events_status":"","_tribe_events_status_reason":"","footnotes":""},"tags":[67,23,93,373,77,22],"tribe_events_cat":[68],"class_list":["post-2036","tribe_events","type-tribe_events","status-publish","has-post-thumbnail","hentry","tag-agenda","tag-casalparis","tag-concert","tag-elspets","tag-musica","tag-somcasal","tribe_events_cat-agenda","cat_agenda"],"_links":{"self":[{"href":"http:\/\/casalparis.cat\/index.php?rest_route=\/wp\/v2\/tribe_events\/2036","targetHints":{"allow":["GET"]}}],"collection":[{"href":"http:\/\/casalparis.cat\/index.php?rest_route=\/wp\/v2\/tribe_events"}],"about":[{"href":"http:\/\/casalparis.cat\/index.php?rest_route=\/wp\/v2\/types\/tribe_events"}],"author":[{"embeddable":true,"href":"http:\/\/casalparis.cat\/index.php?rest_route=\/wp\/v2\/users\/1"}],"version-history":[{"count":6,"href":"http:\/\/casalparis.cat\/index.php?rest_route=\/wp\/v2\/tribe_events\/2036\/revisions"}],"predecessor-version":[{"id":2155,"href":"http:\/\/casalparis.cat\/index.php?rest_route=\/wp\/v2\/tribe_events\/2036\/revisions\/2155"}],"wp:featuredmedia":[{"embeddable":true,"href":"http:\/\/casalparis.cat\/index.php?rest_route=\/wp\/v2\/media\/2154"}],"wp:attachment":[{"href":"http:\/\/casalparis.cat\/index.php?rest_route=%2Fwp%2Fv2%2Fmedia&parent=2036"}],"wp:term":[{"taxonomy":"post_tag","embeddable":true,"href":"http:\/\/casalparis.cat\/index.php?rest_route=%2Fwp%2Fv2%2Ftags&post=2036"},{"taxonomy":"tribe_events_cat","embeddable":true,"href":"http:\/\/casalparis.cat\/index.php?rest_route=%2Fwp%2Fv2%2Ftribe_events_cat&post=2036"}],"curies":[{"name":"wp","href":"https:\/\/api.w.org\/{rel}","templated":true}]}}

09/04/2022 &#8211; Concert amb Lluís Gavaldà i Joan Pau Chaves &#8211; ANUL.LAT

<div>Malauradament, per raons de salut, alienes a la nostra associació, ens veiem obligats a anul·lar el concert del dissabte 9 d&#8217;abril de 2022.</div>
<div></div>
<div>Estem fent tot el possible per reprogramar aquest mateix concert el mes de setembre. L&#8217;il·lusió és l&#8217;últim que es perd!</div>
<div></div>
<div>D&#8217;aquí a pocs dies, tan bon punt tinguem una proposta clara, us ho farem saber.</div>
<div></div>
<div>Per aquells que teniu les entrades comprades, us enviarem un mail i us explicarem les modalitats per mantenir les entrades per la nova data o demanar un reemborsament. Us agraïm uns dies de paciència.</div>
<p>&nbsp;</p>
<p><img loading="lazy" decoding="async" class="alignnone size-medium wp-image-2154" src="http://casalparis.cat/wp-content/uploads/2021/12/Copie-de-Concert-insta-1-300x300.png" alt="" width="300" height="300" srcset="https://casalparis.cat/wp-content/uploads/2021/12/Copie-de-Concert-insta-1-300x300.png 300w, https://casalparis.cat/wp-content/uploads/2021/12/Copie-de-Concert-insta-1-1024x1024.png 1024w, https://casalparis.cat/wp-content/uploads/2021/12/Copie-de-Concert-insta-1-150x150.png 150w, https://casalparis.cat/wp-content/uploads/2021/12/Copie-de-Concert-insta-1-768x768.png 768w, https://casalparis.cat/wp-content/uploads/2021/12/Copie-de-Concert-insta-1.png 1080w" sizes="auto, (max-width: 300px) 100vw, 300px" /></p>

<p>Malauradament, per raons de salut, alienes a la nostra associació, ens veiem obligats a anul·lar el concert del dissabte 9 d&#8217;abril de 2022. Estem fent tot el possible per reprogramar aquest mateix concert el mes de setembre. L&#8217;il·lusió és l&#8217;últim &hellip; <a href="http://casalparis.cat/?tribe_events=09-04-2022-concert-amb-lluis-gavalda-i-joan-pau-chaves">Continua llegint <span class="meta-nav">&rarr;</span></a></p>
