{"id":1445,"date":"2020-09-20T21:38:58","date_gmt":"2020-09-20T19:38:58","guid":{"rendered":"http:\/\/casalparis.cat\/?post_type=tribe_events&#038;p=1445"},"modified":"2020-10-04T19:14:18","modified_gmt":"2020-10-04T17:14:18","slug":"04-10-2020-caminada-de-tardor","status":"publish","type":"tribe_events","link":"http:\/\/casalparis.cat\/?tribe_events=04-10-2020-caminada-de-tardor","title":{"rendered":"04\/10\/2020 &#8211; Caminada de tardor"},"content":{"rendered":"<p><img loading=\"lazy\" decoding=\"async\" class=\"aligncenter wp-image-1447 size-large\" src=\"http:\/\/casalparis.cat\/wp-content\/uploads\/2020\/09\/2-1024x390.jpg\" alt=\"\" width=\"584\" height=\"222\" srcset=\"https:\/\/casalparis.cat\/wp-content\/uploads\/2020\/09\/2-1024x390.jpg 1024w, https:\/\/casalparis.cat\/wp-content\/uploads\/2020\/09\/2-300x114.jpg 300w, https:\/\/casalparis.cat\/wp-content\/uploads\/2020\/09\/2-768x292.jpg 768w, https:\/\/casalparis.cat\/wp-content\/uploads\/2020\/09\/2-1536x584.jpg 1536w, https:\/\/casalparis.cat\/wp-content\/uploads\/2020\/09\/2-2048x779.jpg 2048w, https:\/\/casalparis.cat\/wp-content\/uploads\/2020\/09\/2-500x190.jpg 500w\" sizes=\"auto, (max-width: 584px) 100vw, 584px\" \/><\/p>\n<p><span style=\"font-weight: 400;\">Per el diumenge 4 d\u2019octubre hem previst una caminada de uns 10 kil\u00f2metres entre Bois le Roi i Fontainebleau-Avon.<\/span><\/p>\n<p><span style=\"font-weight: 400;\">Ens trobarem a les <strong>9h<\/strong> a la Gare de Lyon al <strong>principi de l\u2019andana del tren R-GOMO<\/strong> (transilien). El tren surt a les 9h15 (<strong>sigueu puntuals<\/strong> perqu\u00e8 el proper surt al cap d\u2019una hora!). Farem parada a Bois le Roi (9h48) per comen\u00e7ar a caminar. Per la tornada, des de Fontainebleau, hi han trens cada 1\/2 hora.\u00a0<\/span><\/p>\n<p><span style=\"font-weight: 400;\">Detalls de la caminada: De l&#8217;estaci\u00f3 de Bois le Roi, agafarem el GR1E fins a Fontainebleau, passant per la Tour Denecourt. De dalt d&#8217;aquesta torre de 130m d&#8217;al\u00e7ada, podrem gaudir d&#8217;una vista panor\u00e0mica del bosc de Fontainebleau. Potser podrem mirar si ha sortit algun bolet amb la pluja d\u2019aquests darrers dies\u2026\u00a0<\/span>Nosaltres no assegurem la collita.<\/p>\n<p><img loading=\"lazy\" decoding=\"async\" class=\" wp-image-1483 alignnone\" src=\"http:\/\/casalparis.cat\/wp-content\/uploads\/2020\/09\/Fontainebleau-1024x785.png\" alt=\"\" width=\"423\" height=\"326\" srcset=\"https:\/\/casalparis.cat\/wp-content\/uploads\/2020\/09\/Fontainebleau-300x230.png 300w, https:\/\/casalparis.cat\/wp-content\/uploads\/2020\/09\/Fontainebleau-391x300.png 391w\" sizes=\"auto, (max-width: 423px) 100vw, 423px\" \/><\/p>\n<p><span style=\"font-weight: 400;\">Per tal d\u2019adaptar-nos al protocol sanitari establert per la Pr\u00e9fecture de Seine et Marne, us demanem que porteu <strong>obligat\u00f2riament una mascareta<\/strong>.<\/span><\/p>\n<p><span style=\"font-weight: 400;\">Si teniu ganes de participar-hi, us demanem si us plau, que envieu un mail per <strong>apuntar-vos<\/strong> abans de dissabte a les 18h a <\/span><a href=\"mailto:casal@casalparis.cat\"><span style=\"font-weight: 400;\">casal@casalparis.cat<\/span><\/a><span style=\"font-weight: 400;\">. <\/span><\/p>\n<p><span style=\"font-weight: 400;\">Aix\u00ed ser\u00e0 m\u00e9s f\u00e0cil organitzar-nos.<\/span><\/p>\n<p>*********************<\/p>\n<p>Moltes gr\u00e0cies a tots els participants! El temps incert no ens ha espantat! Aquest diumenge ens hem llevat d&#8217;hora i amb el picnic a la motxilla hem fet una bona caminada a Fontainebleau. Quina sort!!! Ni una gota de pluja!!!<\/p>\n<p>Aqui teniu un record de la sortida.<\/p>\n<p><img loading=\"lazy\" decoding=\"async\" class=\"alignnone size-large wp-image-1491\" src=\"http:\/\/casalparis.cat\/wp-content\/uploads\/2020\/09\/2020.10.04-Caminada-de-tardor-3-1024x767.jpeg\" alt=\"\" width=\"584\" height=\"437\" srcset=\"https:\/\/casalparis.cat\/wp-content\/uploads\/2020\/09\/2020.10.04-Caminada-de-tardor-3-1024x767.jpeg 1024w, https:\/\/casalparis.cat\/wp-content\/uploads\/2020\/09\/2020.10.04-Caminada-de-tardor-3-300x225.jpeg 300w, https:\/\/casalparis.cat\/wp-content\/uploads\/2020\/09\/2020.10.04-Caminada-de-tardor-3-768x575.jpeg 768w, https:\/\/casalparis.cat\/wp-content\/uploads\/2020\/09\/2020.10.04-Caminada-de-tardor-3-1536x1150.jpeg 1536w, https:\/\/casalparis.cat\/wp-content\/uploads\/2020\/09\/2020.10.04-Caminada-de-tardor-3-401x300.jpeg 401w, https:\/\/casalparis.cat\/wp-content\/uploads\/2020\/09\/2020.10.04-Caminada-de-tardor-3.jpeg 1600w\" sizes=\"auto, (max-width: 584px) 100vw, 584px\" \/> <img loading=\"lazy\" decoding=\"async\" class=\"alignnone size-large wp-image-1492\" src=\"http:\/\/casalparis.cat\/wp-content\/uploads\/2020\/09\/2020.10.04-Caminada-de-tardor-4-1024x767.jpeg\" alt=\"\" width=\"584\" height=\"437\" srcset=\"https:\/\/casalparis.cat\/wp-content\/uploads\/2020\/09\/2020.10.04-Caminada-de-tardor-4-1024x767.jpeg 1024w, https:\/\/casalparis.cat\/wp-content\/uploads\/2020\/09\/2020.10.04-Caminada-de-tardor-4-300x225.jpeg 300w, https:\/\/casalparis.cat\/wp-content\/uploads\/2020\/09\/2020.10.04-Caminada-de-tardor-4-768x575.jpeg 768w, https:\/\/casalparis.cat\/wp-content\/uploads\/2020\/09\/2020.10.04-Caminada-de-tardor-4-1536x1150.jpeg 1536w, https:\/\/casalparis.cat\/wp-content\/uploads\/2020\/09\/2020.10.04-Caminada-de-tardor-4-401x300.jpeg 401w, https:\/\/casalparis.cat\/wp-content\/uploads\/2020\/09\/2020.10.04-Caminada-de-tardor-4.jpeg 1600w\" sizes=\"auto, (max-width: 584px) 100vw, 584px\" \/> <img loading=\"lazy\" decoding=\"async\" class=\"alignnone size-large wp-image-1493\" src=\"http:\/\/casalparis.cat\/wp-content\/uploads\/2020\/09\/2020.10.04-Caminada-de-tardor-5-767x1024.jpeg\" alt=\"\" width=\"584\" height=\"780\" srcset=\"https:\/\/casalparis.cat\/wp-content\/uploads\/2020\/09\/2020.10.04-Caminada-de-tardor-5-767x1024.jpeg 767w, https:\/\/casalparis.cat\/wp-content\/uploads\/2020\/09\/2020.10.04-Caminada-de-tardor-5-225x300.jpeg 225w, https:\/\/casalparis.cat\/wp-content\/uploads\/2020\/09\/2020.10.04-Caminada-de-tardor-5-768x1026.jpeg 768w, https:\/\/casalparis.cat\/wp-content\/uploads\/2020\/09\/2020.10.04-Caminada-de-tardor-5-1150x1536.jpeg 1150w, https:\/\/casalparis.cat\/wp-content\/uploads\/2020\/09\/2020.10.04-Caminada-de-tardor-5.jpeg 1198w\" sizes=\"auto, (max-width: 584px) 100vw, 584px\" \/> <img loading=\"lazy\" decoding=\"async\" class=\"alignnone size-large wp-image-1490\" src=\"http:\/\/casalparis.cat\/wp-content\/uploads\/2020\/09\/2020.10.04-Caminada-de-tardor-2-767x1024.jpeg\" alt=\"\" width=\"584\" height=\"780\" srcset=\"https:\/\/casalparis.cat\/wp-content\/uploads\/2020\/09\/2020.10.04-Caminada-de-tardor-2-767x1024.jpeg 767w, https:\/\/casalparis.cat\/wp-content\/uploads\/2020\/09\/2020.10.04-Caminada-de-tardor-2-225x300.jpeg 225w, https:\/\/casalparis.cat\/wp-content\/uploads\/2020\/09\/2020.10.04-Caminada-de-tardor-2-768x1026.jpeg 768w, https:\/\/casalparis.cat\/wp-content\/uploads\/2020\/09\/2020.10.04-Caminada-de-tardor-2-1150x1536.jpeg 1150w, https:\/\/casalparis.cat\/wp-content\/uploads\/2020\/09\/2020.10.04-Caminada-de-tardor-2.jpeg 1198w\" sizes=\"auto, (max-width: 584px) 100vw, 584px\" \/> <img loading=\"lazy\" decoding=\"async\" class=\"alignnone size-large wp-image-1489\" src=\"http:\/\/casalparis.cat\/wp-content\/uploads\/2020\/09\/2020.10.04-Caminada-de-tardor-1-1024x768.jpeg\" alt=\"\" width=\"584\" height=\"438\" srcset=\"https:\/\/casalparis.cat\/wp-content\/uploads\/2020\/09\/2020.10.04-Caminada-de-tardor-1-1024x768.jpeg 1024w, https:\/\/casalparis.cat\/wp-content\/uploads\/2020\/09\/2020.10.04-Caminada-de-tardor-1-300x225.jpeg 300w, https:\/\/casalparis.cat\/wp-content\/uploads\/2020\/09\/2020.10.04-Caminada-de-tardor-1-768x576.jpeg 768w, https:\/\/casalparis.cat\/wp-content\/uploads\/2020\/09\/2020.10.04-Caminada-de-tardor-1-1536x1152.jpeg 1536w, https:\/\/casalparis.cat\/wp-content\/uploads\/2020\/09\/2020.10.04-Caminada-de-tardor-1-400x300.jpeg 400w, https:\/\/casalparis.cat\/wp-content\/uploads\/2020\/09\/2020.10.04-Caminada-de-tardor-1.jpeg 1600w\" sizes=\"auto, (max-width: 584px) 100vw, 584px\" \/><\/p>\n","protected":false},"excerpt":{"rendered":"<p>Per el diumenge 4 d\u2019octubre hem previst una caminada de uns 10 kil\u00f2metres entre Bois le Roi i Fontainebleau-Avon. Ens trobarem a les 9h a la Gare de Lyon al principi de l\u2019andana del tren R-GOMO (transilien). El tren surt &hellip; <a href=\"http:\/\/casalparis.cat\/?tribe_events=04-10-2020-caminada-de-tardor\">Continua llegint <span class=\"meta-nav\">&rarr;<\/span><\/a><\/p>\n","protected":false},"author":1,"featured_media":1447,"template":"","meta":{"_tribe_events_status":"","_tribe_events_status_reason":"","footnotes":""},"tags":[67,18,23,22,19],"tribe_events_cat":[68],"class_list":["post-1445","tribe_events","type-tribe_events","status-publish","has-post-thumbnail","hentry","tag-agenda","tag-caminada","tag-casalparis","tag-somcasal","tag-tardor","tribe_events_cat-agenda","cat_agenda"],"_links":{"self":[{"href":"http:\/\/casalparis.cat\/index.php?rest_route=\/wp\/v2\/tribe_events\/1445","targetHints":{"allow":["GET"]}}],"collection":[{"href":"http:\/\/casalparis.cat\/index.php?rest_route=\/wp\/v2\/tribe_events"}],"about":[{"href":"http:\/\/casalparis.cat\/index.php?rest_route=\/wp\/v2\/types\/tribe_events"}],"author":[{"embeddable":true,"href":"http:\/\/casalparis.cat\/index.php?rest_route=\/wp\/v2\/users\/1"}],"version-history":[{"count":4,"href":"http:\/\/casalparis.cat\/index.php?rest_route=\/wp\/v2\/tribe_events\/1445\/revisions"}],"predecessor-version":[{"id":1494,"href":"http:\/\/casalparis.cat\/index.php?rest_route=\/wp\/v2\/tribe_events\/1445\/revisions\/1494"}],"wp:featuredmedia":[{"embeddable":true,"href":"http:\/\/casalparis.cat\/index.php?rest_route=\/wp\/v2\/media\/1447"}],"wp:attachment":[{"href":"http:\/\/casalparis.cat\/index.php?rest_route=%2Fwp%2Fv2%2Fmedia&parent=1445"}],"wp:term":[{"taxonomy":"post_tag","embeddable":true,"href":"http:\/\/casalparis.cat\/index.php?rest_route=%2Fwp%2Fv2%2Ftags&post=1445"},{"taxonomy":"tribe_events_cat","embeddable":true,"href":"http:\/\/casalparis.cat\/index.php?rest_route=%2Fwp%2Fv2%2Ftribe_events_cat&post=1445"}],"curies":[{"name":"wp","href":"https:\/\/api.w.org\/{rel}","templated":true}]}}

<p><img loading="lazy" decoding="async" class="aligncenter wp-image-1447 size-large" src="http://casalparis.cat/wp-content/uploads/2020/09/2-1024x390.jpg" alt="" width="584" height="222" srcset="https://casalparis.cat/wp-content/uploads/2020/09/2-1024x390.jpg 1024w, https://casalparis.cat/wp-content/uploads/2020/09/2-300x114.jpg 300w, https://casalparis.cat/wp-content/uploads/2020/09/2-768x292.jpg 768w, https://casalparis.cat/wp-content/uploads/2020/09/2-1536x584.jpg 1536w, https://casalparis.cat/wp-content/uploads/2020/09/2-2048x779.jpg 2048w, https://casalparis.cat/wp-content/uploads/2020/09/2-500x190.jpg 500w" sizes="auto, (max-width: 584px) 100vw, 584px" /></p>
<p><span style="font-weight: 400;">Per el diumenge 4 d’octubre hem previst una caminada de uns 10 kilòmetres entre Bois le Roi i Fontainebleau-Avon.</span></p>
<p><span style="font-weight: 400;">Ens trobarem a les <strong>9h</strong> a la Gare de Lyon al <strong>principi de l’andana del tren R-GOMO</strong> (transilien). El tren surt a les 9h15 (<strong>sigueu puntuals</strong> perquè el proper surt al cap d’una hora!). Farem parada a Bois le Roi (9h48) per començar a caminar. Per la tornada, des de Fontainebleau, hi han trens cada 1/2 hora. </span></p>
<p><span style="font-weight: 400;">Detalls de la caminada: De l&#8217;estació de Bois le Roi, agafarem el GR1E fins a Fontainebleau, passant per la Tour Denecourt. De dalt d&#8217;aquesta torre de 130m d&#8217;alçada, podrem gaudir d&#8217;una vista panoràmica del bosc de Fontainebleau. Potser podrem mirar si ha sortit algun bolet amb la pluja d’aquests darrers dies… </span>Nosaltres no assegurem la collita.</p>
<p><img loading="lazy" decoding="async" class=" wp-image-1483 alignnone" src="http://casalparis.cat/wp-content/uploads/2020/09/Fontainebleau-1024x785.png" alt="" width="423" height="326" srcset="https://casalparis.cat/wp-content/uploads/2020/09/Fontainebleau-300x230.png 300w, https://casalparis.cat/wp-content/uploads/2020/09/Fontainebleau-391x300.png 391w" sizes="auto, (max-width: 423px) 100vw, 423px" /></p>
<p><span style="font-weight: 400;">Per tal d’adaptar-nos al protocol sanitari establert per la Préfecture de Seine et Marne, us demanem que porteu <strong>obligatòriament una mascareta</strong>.</span></p>
<p><span style="font-weight: 400;">Si teniu ganes de participar-hi, us demanem si us plau, que envieu un mail per <strong>apuntar-vos</strong> abans de dissabte a les 18h a </span><a href="mailto:casal@casalparis.cat"><span style="font-weight: 400;">casal@casalparis.cat</span></a><span style="font-weight: 400;">. </span></p>
<p><span style="font-weight: 400;">Així serà més fàcil organitzar-nos.</span></p>
<p>*********************</p>
<p>Moltes gràcies a tots els participants! El temps incert no ens ha espantat! Aquest diumenge ens hem llevat d&#8217;hora i amb el picnic a la motxilla hem fet una bona caminada a Fontainebleau. Quina sort!!! Ni una gota de pluja!!!</p>
<p>Aqui teniu un record de la sortida.</p>
<p><img loading="lazy" decoding="async" class="alignnone size-large wp-image-1491" src="http://casalparis.cat/wp-content/uploads/2020/09/2020.10.04-Caminada-de-tardor-3-1024x767.jpeg" alt="" width="584" height="437" srcset="https://casalparis.cat/wp-content/uploads/2020/09/2020.10.04-Caminada-de-tardor-3-1024x767.jpeg 1024w, https://casalparis.cat/wp-content/uploads/2020/09/2020.10.04-Caminada-de-tardor-3-300x225.jpeg 300w, https://casalparis.cat/wp-content/uploads/2020/09/2020.10.04-Caminada-de-tardor-3-768x575.jpeg 768w, https://casalparis.cat/wp-content/uploads/2020/09/2020.10.04-Caminada-de-tardor-3-1536x1150.jpeg 1536w, https://casalparis.cat/wp-content/uploads/2020/09/2020.10.04-Caminada-de-tardor-3-401x300.jpeg 401w, https://casalparis.cat/wp-content/uploads/2020/09/2020.10.04-Caminada-de-tardor-3.jpeg 1600w" sizes="auto, (max-width: 584px) 100vw, 584px" /> <img loading="lazy" decoding="async" class="alignnone size-large wp-image-1492" src="http://casalparis.cat/wp-content/uploads/2020/09/2020.10.04-Caminada-de-tardor-4-1024x767.jpeg" alt="" width="584" height="437" srcset="https://casalparis.cat/wp-content/uploads/2020/09/2020.10.04-Caminada-de-tardor-4-1024x767.jpeg 1024w, https://casalparis.cat/wp-content/uploads/2020/09/2020.10.04-Caminada-de-tardor-4-300x225.jpeg 300w, https://casalparis.cat/wp-content/uploads/2020/09/2020.10.04-Caminada-de-tardor-4-768x575.jpeg 768w, https://casalparis.cat/wp-content/uploads/2020/09/2020.10.04-Caminada-de-tardor-4-1536x1150.jpeg 1536w, https://casalparis.cat/wp-content/uploads/2020/09/2020.10.04-Caminada-de-tardor-4-401x300.jpeg 401w, https://casalparis.cat/wp-content/uploads/2020/09/2020.10.04-Caminada-de-tardor-4.jpeg 1600w" sizes="auto, (max-width: 584px) 100vw, 584px" /> <img loading="lazy" decoding="async" class="alignnone size-large wp-image-1493" src="http://casalparis.cat/wp-content/uploads/2020/09/2020.10.04-Caminada-de-tardor-5-767x1024.jpeg" alt="" width="584" height="780" srcset="https://casalparis.cat/wp-content/uploads/2020/09/2020.10.04-Caminada-de-tardor-5-767x1024.jpeg 767w, https://casalparis.cat/wp-content/uploads/2020/09/2020.10.04-Caminada-de-tardor-5-225x300.jpeg 225w, https://casalparis.cat/wp-content/uploads/2020/09/2020.10.04-Caminada-de-tardor-5-768x1026.jpeg 768w, https://casalparis.cat/wp-content/uploads/2020/09/2020.10.04-Caminada-de-tardor-5-1150x1536.jpeg 1150w, https://casalparis.cat/wp-content/uploads/2020/09/2020.10.04-Caminada-de-tardor-5.jpeg 1198w" sizes="auto, (max-width: 584px) 100vw, 584px" /> <img loading="lazy" decoding="async" class="alignnone size-large wp-image-1490" src="http://casalparis.cat/wp-content/uploads/2020/09/2020.10.04-Caminada-de-tardor-2-767x1024.jpeg" alt="" width="584" height="780" srcset="https://casalparis.cat/wp-content/uploads/2020/09/2020.10.04-Caminada-de-tardor-2-767x1024.jpeg 767w, https://casalparis.cat/wp-content/uploads/2020/09/2020.10.04-Caminada-de-tardor-2-225x300.jpeg 225w, https://casalparis.cat/wp-content/uploads/2020/09/2020.10.04-Caminada-de-tardor-2-768x1026.jpeg 768w, https://casalparis.cat/wp-content/uploads/2020/09/2020.10.04-Caminada-de-tardor-2-1150x1536.jpeg 1150w, https://casalparis.cat/wp-content/uploads/2020/09/2020.10.04-Caminada-de-tardor-2.jpeg 1198w" sizes="auto, (max-width: 584px) 100vw, 584px" /> <img loading="lazy" decoding="async" class="alignnone size-large wp-image-1489" src="http://casalparis.cat/wp-content/uploads/2020/09/2020.10.04-Caminada-de-tardor-1-1024x768.jpeg" alt="" width="584" height="438" srcset="https://casalparis.cat/wp-content/uploads/2020/09/2020.10.04-Caminada-de-tardor-1-1024x768.jpeg 1024w, https://casalparis.cat/wp-content/uploads/2020/09/2020.10.04-Caminada-de-tardor-1-300x225.jpeg 300w, https://casalparis.cat/wp-content/uploads/2020/09/2020.10.04-Caminada-de-tardor-1-768x576.jpeg 768w, https://casalparis.cat/wp-content/uploads/2020/09/2020.10.04-Caminada-de-tardor-1-1536x1152.jpeg 1536w, https://casalparis.cat/wp-content/uploads/2020/09/2020.10.04-Caminada-de-tardor-1-400x300.jpeg 400w, https://casalparis.cat/wp-content/uploads/2020/09/2020.10.04-Caminada-de-tardor-1.jpeg 1600w" sizes="auto, (max-width: 584px) 100vw, 584px" /></p>

<p>Per el diumenge 4 d’octubre hem previst una caminada de uns 10 kilòmetres entre Bois le Roi i Fontainebleau-Avon. Ens trobarem a les 9h a la Gare de Lyon al principi de l’andana del tren R-GOMO (transilien). El tren surt &hellip; <a href="http://casalparis.cat/?tribe_events=04-10-2020-caminada-de-tardor">Continua llegint <span class="meta-nav">&rarr;</span></a></p>
