{"id":1442,"date":"2020-09-19T10:41:14","date_gmt":"2020-09-19T08:41:14","guid":{"rendered":"http:\/\/casalparis.cat\/?post_type=tribe_events&#038;p=1442"},"modified":"2020-09-20T21:50:06","modified_gmt":"2020-09-20T19:50:06","slug":"25-09-2020-trobada-afterwork","status":"publish","type":"tribe_events","link":"http:\/\/casalparis.cat\/?tribe_events=25-09-2020-trobada-afterwork","title":{"rendered":"25\/09\/2020 Trobada afterwork"},"content":{"rendered":"<p><img loading=\"lazy\" decoding=\"async\" class=\"aligncenter wp-image-1440 size-full\" src=\"http:\/\/casalparis.cat\/wp-content\/uploads\/2020\/09\/TROBADA-AFTERWORK.jpg\" alt=\"\" width=\"820\" height=\"312\" srcset=\"https:\/\/casalparis.cat\/wp-content\/uploads\/2020\/09\/TROBADA-AFTERWORK.jpg 820w, https:\/\/casalparis.cat\/wp-content\/uploads\/2020\/09\/TROBADA-AFTERWORK-300x114.jpg 300w, https:\/\/casalparis.cat\/wp-content\/uploads\/2020\/09\/TROBADA-AFTERWORK-768x292.jpg 768w, https:\/\/casalparis.cat\/wp-content\/uploads\/2020\/09\/TROBADA-AFTERWORK-500x190.jpg 500w\" sizes=\"auto, (max-width: 820px) 100vw, 820px\" \/><\/p>\n<p>Us proposem una trobada afterwork el divendres 25 de setembre. Si teniu ganes de sortir i de compartir una estona en bona companyia, sense petons ni abra\u00e7ades, guardant les dist\u00e0ncies pero disfrutant de les experi\u00e8ncies compartides de l&#8217;estiu, us esperem a partir de les 19h00 a Groundcontrol (81 Rue du Charolais, 75012 Paris).<\/p>\n<p>L\u2019espai es gran, si fa bo intentarem instal.lar-nos en una taula exterior\u2026 hi penjarem el mocador! I publicarem una foto de la taula a l&#8217;article facebook en arribant.<\/p>\n<p>Si teniu intencio de venir, i ens podeu enviar un mail, ens anir\u00e0 b\u00e9 per tenir una idea de l&#8217;espai que hem de guardar. Mail: casal@casalparis.cat<\/p>\n<p>Mascareta obligatoria<\/p>\n<p>Ens veiem!<\/p>\n","protected":false},"excerpt":{"rendered":"<p>Us proposem una trobada afterwork el divendres 25 de setembre. Si teniu ganes de sortir i de compartir una estona en bona companyia, sense petons ni abra\u00e7ades, guardant les dist\u00e0ncies pero disfrutant de les experi\u00e8ncies compartides de l&#8217;estiu, us esperem &hellip; <a href=\"http:\/\/casalparis.cat\/?tribe_events=25-09-2020-trobada-afterwork\">Continua llegint <span class=\"meta-nav\">&rarr;<\/span><\/a><\/p>\n","protected":false},"author":1,"featured_media":1440,"template":"","meta":{"_tribe_events_status":"","_tribe_events_status_reason":"","footnotes":""},"tags":[11,67,23,257,22,184],"tribe_events_cat":[68],"class_list":["post-1442","tribe_events","type-tribe_events","status-publish","has-post-thumbnail","hentry","tag-afterwork","tag-agenda","tag-casalparis","tag-esdivendres","tag-somcasal","tag-trobada","tribe_events_cat-agenda","cat_agenda"],"_links":{"self":[{"href":"http:\/\/casalparis.cat\/index.php?rest_route=\/wp\/v2\/tribe_events\/1442","targetHints":{"allow":["GET"]}}],"collection":[{"href":"http:\/\/casalparis.cat\/index.php?rest_route=\/wp\/v2\/tribe_events"}],"about":[{"href":"http:\/\/casalparis.cat\/index.php?rest_route=\/wp\/v2\/types\/tribe_events"}],"author":[{"embeddable":true,"href":"http:\/\/casalparis.cat\/index.php?rest_route=\/wp\/v2\/users\/1"}],"version-history":[{"count":2,"href":"http:\/\/casalparis.cat\/index.php?rest_route=\/wp\/v2\/tribe_events\/1442\/revisions"}],"predecessor-version":[{"id":1456,"href":"http:\/\/casalparis.cat\/index.php?rest_route=\/wp\/v2\/tribe_events\/1442\/revisions\/1456"}],"wp:featuredmedia":[{"embeddable":true,"href":"http:\/\/casalparis.cat\/index.php?rest_route=\/wp\/v2\/media\/1440"}],"wp:attachment":[{"href":"http:\/\/casalparis.cat\/index.php?rest_route=%2Fwp%2Fv2%2Fmedia&parent=1442"}],"wp:term":[{"taxonomy":"post_tag","embeddable":true,"href":"http:\/\/casalparis.cat\/index.php?rest_route=%2Fwp%2Fv2%2Ftags&post=1442"},{"taxonomy":"tribe_events_cat","embeddable":true,"href":"http:\/\/casalparis.cat\/index.php?rest_route=%2Fwp%2Fv2%2Ftribe_events_cat&post=1442"}],"curies":[{"name":"wp","href":"https:\/\/api.w.org\/{rel}","templated":true}]}}

<p><img loading="lazy" decoding="async" class="aligncenter wp-image-1440 size-full" src="http://casalparis.cat/wp-content/uploads/2020/09/TROBADA-AFTERWORK.jpg" alt="" width="820" height="312" srcset="https://casalparis.cat/wp-content/uploads/2020/09/TROBADA-AFTERWORK.jpg 820w, https://casalparis.cat/wp-content/uploads/2020/09/TROBADA-AFTERWORK-300x114.jpg 300w, https://casalparis.cat/wp-content/uploads/2020/09/TROBADA-AFTERWORK-768x292.jpg 768w, https://casalparis.cat/wp-content/uploads/2020/09/TROBADA-AFTERWORK-500x190.jpg 500w" sizes="auto, (max-width: 820px) 100vw, 820px" /></p>
<p>Us proposem una trobada afterwork el divendres 25 de setembre. Si teniu ganes de sortir i de compartir una estona en bona companyia, sense petons ni abraçades, guardant les distàncies pero disfrutant de les experiències compartides de l&#8217;estiu, us esperem a partir de les 19h00 a Groundcontrol (81 Rue du Charolais, 75012 Paris).</p>
<p>L’espai es gran, si fa bo intentarem instal.lar-nos en una taula exterior… hi penjarem el mocador! I publicarem una foto de la taula a l&#8217;article facebook en arribant.</p>
<p>Si teniu intencio de venir, i ens podeu enviar un mail, ens anirà bé per tenir una idea de l&#8217;espai que hem de guardar. Mail: casal@casalparis.cat</p>
<p>Mascareta obligatoria</p>
<p>Ens veiem!</p>

<p>Us proposem una trobada afterwork el divendres 25 de setembre. Si teniu ganes de sortir i de compartir una estona en bona companyia, sense petons ni abraçades, guardant les distàncies pero disfrutant de les experiències compartides de l&#8217;estiu, us esperem &hellip; <a href="http://casalparis.cat/?tribe_events=25-09-2020-trobada-afterwork">Continua llegint <span class="meta-nav">&rarr;</span></a></p>
