{"id":1409,"date":"2020-09-06T16:07:11","date_gmt":"2020-09-06T14:07:11","guid":{"rendered":"http:\/\/casalparis.cat\/?post_type=tribe_events&#038;p=1409"},"modified":"2020-09-06T16:13:38","modified_gmt":"2020-09-06T14:13:38","slug":"11-de-setembre-a-les-xarxes-socials-de-la-delegacio","status":"publish","type":"tribe_events","link":"http:\/\/casalparis.cat\/?tribe_events=11-de-setembre-a-les-xarxes-socials-de-la-delegacio","title":{"rendered":"11 de setembre a les xarxes socials de la Delegaci\u00f3"},"content":{"rendered":"<p>Aquest any per la Diada de l&#8217;11 de setembre podeu seguir les sorpreses que ens t\u00e9 preparades la Delegaci\u00f3 del Govern de Catalunya a Fran\u00e7a a les seves xarxes socials (twitter i facebook).<\/p>\n<p>A partir de les 9h00 del mat\u00ed, i durant tot el divendres, la Delegaci\u00f3 ha preparat activitats entorn d&#8217;un dels elements essencials de la nostra cultura: <b>la gastronomia<\/b>.<u><\/u><u><\/u><\/p>\n<p class=\"m_-374102843783464121p1\">La cuina no t\u00e9 fronteres. La prova \u00e9s que Catalunya i Fran\u00e7a comparteixen una tradici\u00f3 culin\u00e0ria comuna i ancestral, la cuina mediterr\u00e0nia.\u00a0 <u><\/u><u><\/u><\/p>\n<p class=\"m_-374102843783464121p1\">Gr\u00e0cies a ambaixadors com Carme Ruscalleda o els germans Roca, la gastronomia catalana \u00e9s avui dia una de les m\u00e9s innovadores i reconegudes del m\u00f3n. Per aix\u00f2 han volgut dedicar aquesta Diada al sector de la gastronomia, que durant el confinament, ha mostrat la seva faceta m\u00e9s solidaria i voluntarista.<\/p>\n<p class=\"m_-374102843783464121p1\">Mentre esperem i per fer-nos venir gana, ens animen a\u00a0<b> participar a partir d\u2019ara mateix al QUIZ sobre Catalunya <\/b>que han preparat per a tots nosaltres (disponible en <a href=\"https:\/\/fr175901.typeform.com\/to\/CxeECiPv\" target=\"_blank\" rel=\"noopener noreferrer\" data-saferedirecturl=\"https:\/\/www.google.com\/url?q=https:\/\/fr175901.typeform.com\/to\/CxeECiPv&amp;source=gmail&amp;ust=1599481849424000&amp;usg=AFQjCNFsHc642AV9KlfS1X1EAJj4fuPNTg\">catal\u00e0<\/a> i <a href=\"https:\/\/fr175901.typeform.com\/to\/JxjBSifw\" target=\"_blank\" rel=\"noopener noreferrer\" data-saferedirecturl=\"https:\/\/www.google.com\/url?q=https:\/\/fr175901.typeform.com\/to\/JxjBSifw&amp;source=gmail&amp;ust=1599481849424000&amp;usg=AFQjCNFtwilkOysB_NTfjJAuJtbv3M1rqA\"> franc\u00e8s<\/a>).<\/p>\n<p class=\"m_-374102843783464121p1\"><b>Sereu capa\u00e7os de respondre a totes les preguntes? <\/b><\/p>\n","protected":false},"excerpt":{"rendered":"<p>Aquest any per la Diada de l&#8217;11 de setembre podeu seguir les sorpreses que ens t\u00e9 preparades la Delegaci\u00f3 del Govern de Catalunya a Fran\u00e7a a les seves xarxes socials (twitter i facebook). A partir de les 9h00 del mat\u00ed, &hellip; <a href=\"http:\/\/casalparis.cat\/?tribe_events=11-de-setembre-a-les-xarxes-socials-de-la-delegacio\">Continua llegint <span class=\"meta-nav\">&rarr;<\/span><\/a><\/p>\n","protected":false},"author":1,"featured_media":0,"template":"","meta":{"_tribe_events_status":"","_tribe_events_status_reason":"","footnotes":""},"tags":[246,67,10,9,247,248],"tribe_events_cat":[68],"class_list":["post-1409","tribe_events","type-tribe_events","status-publish","hentry","tag-11-de-setembre","tag-agenda","tag-catalunya","tag-diada","tag-gastronomia","tag-xarxes","tribe_events_cat-agenda","cat_agenda"],"_links":{"self":[{"href":"http:\/\/casalparis.cat\/index.php?rest_route=\/wp\/v2\/tribe_events\/1409","targetHints":{"allow":["GET"]}}],"collection":[{"href":"http:\/\/casalparis.cat\/index.php?rest_route=\/wp\/v2\/tribe_events"}],"about":[{"href":"http:\/\/casalparis.cat\/index.php?rest_route=\/wp\/v2\/types\/tribe_events"}],"author":[{"embeddable":true,"href":"http:\/\/casalparis.cat\/index.php?rest_route=\/wp\/v2\/users\/1"}],"version-history":[{"count":1,"href":"http:\/\/casalparis.cat\/index.php?rest_route=\/wp\/v2\/tribe_events\/1409\/revisions"}],"predecessor-version":[{"id":1410,"href":"http:\/\/casalparis.cat\/index.php?rest_route=\/wp\/v2\/tribe_events\/1409\/revisions\/1410"}],"wp:attachment":[{"href":"http:\/\/casalparis.cat\/index.php?rest_route=%2Fwp%2Fv2%2Fmedia&parent=1409"}],"wp:term":[{"taxonomy":"post_tag","embeddable":true,"href":"http:\/\/casalparis.cat\/index.php?rest_route=%2Fwp%2Fv2%2Ftags&post=1409"},{"taxonomy":"tribe_events_cat","embeddable":true,"href":"http:\/\/casalparis.cat\/index.php?rest_route=%2Fwp%2Fv2%2Ftribe_events_cat&post=1409"}],"curies":[{"name":"wp","href":"https:\/\/api.w.org\/{rel}","templated":true}]}}

11 de setembre a les xarxes socials de la Delegació

<p>Aquest any per la Diada de l&#8217;11 de setembre podeu seguir les sorpreses que ens té preparades la Delegació del Govern de Catalunya a França a les seves xarxes socials (twitter i facebook).</p>
<p>A partir de les 9h00 del matí, i durant tot el divendres, la Delegació ha preparat activitats entorn d&#8217;un dels elements essencials de la nostra cultura: <b>la gastronomia</b>.<u></u><u></u></p>
<p class="m_-374102843783464121p1">La cuina no té fronteres. La prova és que Catalunya i França comparteixen una tradició culinària comuna i ancestral, la cuina mediterrània.  <u></u><u></u></p>
<p class="m_-374102843783464121p1">Gràcies a ambaixadors com Carme Ruscalleda o els germans Roca, la gastronomia catalana és avui dia una de les més innovadores i reconegudes del món. Per això han volgut dedicar aquesta Diada al sector de la gastronomia, que durant el confinament, ha mostrat la seva faceta més solidaria i voluntarista.</p>
<p class="m_-374102843783464121p1">Mentre esperem i per fer-nos venir gana, ens animen a <b> participar a partir d’ara mateix al QUIZ sobre Catalunya </b>que han preparat per a tots nosaltres (disponible en <a href="https://fr175901.typeform.com/to/CxeECiPv" target="_blank" rel="noopener noreferrer" data-saferedirecturl="https://www.google.com/url?q=https://fr175901.typeform.com/to/CxeECiPv&amp;source=gmail&amp;ust=1599481849424000&amp;usg=AFQjCNFsHc642AV9KlfS1X1EAJj4fuPNTg">català</a> i <a href="https://fr175901.typeform.com/to/JxjBSifw" target="_blank" rel="noopener noreferrer" data-saferedirecturl="https://www.google.com/url?q=https://fr175901.typeform.com/to/JxjBSifw&amp;source=gmail&amp;ust=1599481849424000&amp;usg=AFQjCNFtwilkOysB_NTfjJAuJtbv3M1rqA"> francès</a>).</p>
<p class="m_-374102843783464121p1"><b>Sereu capaços de respondre a totes les preguntes? </b></p>

<p>Aquest any per la Diada de l&#8217;11 de setembre podeu seguir les sorpreses que ens té preparades la Delegació del Govern de Catalunya a França a les seves xarxes socials (twitter i facebook). A partir de les 9h00 del matí, &hellip; <a href="http://casalparis.cat/?tribe_events=11-de-setembre-a-les-xarxes-socials-de-la-delegacio">Continua llegint <span class="meta-nav">&rarr;</span></a></p>
