{"id":136,"date":"2018-09-07T13:20:38","date_gmt":"2018-09-07T11:20:38","guid":{"rendered":"http:\/\/casalparis.cat\/?post_type=tribe_events&#038;p=136"},"modified":"2019-04-06T11:37:09","modified_gmt":"2019-04-06T09:37:09","slug":"29-09-2018-forum-des-langues-davon","status":"publish","type":"tribe_events","link":"http:\/\/casalparis.cat\/?tribe_events=29-09-2018-forum-des-langues-davon","title":{"rendered":"29\/09\/2018 Forum des Langues d&#8217;Avon"},"content":{"rendered":"<p>Pres\u00e8ncia del Casal de Catalunya de Par\u00eds al <em>Forum des Langues d&#8217;Avon<\/em> a la Maison dans la Vall\u00e9e, 27 rue du Vieux Ru. Enguany el convidat d&#8217;honor \u00e9s Portugal. I encara m\u00e9s, hi haur\u00e0 actuaci\u00f3 dels Castellers de Par\u00eds!! No us ho perdeu!<\/p>\n","protected":false},"excerpt":{"rendered":"<p>Pres\u00e8ncia del Casal de Catalunya de Par\u00eds al Forum des Langues d&#8217;Avon a la Maison dans la Vall\u00e9e, 27 rue du Vieux Ru. Enguany el convidat d&#8217;honor \u00e9s Portugal. I encara m\u00e9s, hi haur\u00e0 actuaci\u00f3 dels Castellers de Par\u00eds!! No &hellip; <a href=\"http:\/\/casalparis.cat\/?tribe_events=29-09-2018-forum-des-langues-davon\">Continua llegint <span class=\"meta-nav\">&rarr;<\/span><\/a><\/p>\n","protected":false},"author":1,"featured_media":0,"template":"","meta":{"_tribe_events_status":"","_tribe_events_status_reason":"","footnotes":""},"tags":[67,15,7,13,14],"tribe_events_cat":[68],"class_list":["post-136","tribe_events","type-tribe_events","status-publish","hentry","tag-agenda","tag-avon","tag-casal","tag-forum","tag-langues","tribe_events_cat-agenda","cat_agenda"],"_links":{"self":[{"href":"http:\/\/casalparis.cat\/index.php?rest_route=\/wp\/v2\/tribe_events\/136","targetHints":{"allow":["GET"]}}],"collection":[{"href":"http:\/\/casalparis.cat\/index.php?rest_route=\/wp\/v2\/tribe_events"}],"about":[{"href":"http:\/\/casalparis.cat\/index.php?rest_route=\/wp\/v2\/types\/tribe_events"}],"author":[{"embeddable":true,"href":"http:\/\/casalparis.cat\/index.php?rest_route=\/wp\/v2\/users\/1"}],"version-history":[{"count":1,"href":"http:\/\/casalparis.cat\/index.php?rest_route=\/wp\/v2\/tribe_events\/136\/revisions"}],"predecessor-version":[{"id":137,"href":"http:\/\/casalparis.cat\/index.php?rest_route=\/wp\/v2\/tribe_events\/136\/revisions\/137"}],"wp:attachment":[{"href":"http:\/\/casalparis.cat\/index.php?rest_route=%2Fwp%2Fv2%2Fmedia&parent=136"}],"wp:term":[{"taxonomy":"post_tag","embeddable":true,"href":"http:\/\/casalparis.cat\/index.php?rest_route=%2Fwp%2Fv2%2Ftags&post=136"},{"taxonomy":"tribe_events_cat","embeddable":true,"href":"http:\/\/casalparis.cat\/index.php?rest_route=%2Fwp%2Fv2%2Ftribe_events_cat&post=136"}],"curies":[{"name":"wp","href":"https:\/\/api.w.org\/{rel}","templated":true}]}}

<p>Presència del Casal de Catalunya de París al <em>Forum des Langues d&#8217;Avon</em> a la Maison dans la Vallée, 27 rue du Vieux Ru. Enguany el convidat d&#8217;honor és Portugal. I encara més, hi haurà actuació dels Castellers de París!! No us ho perdeu!</p>

<p>Presència del Casal de Catalunya de París al Forum des Langues d&#8217;Avon a la Maison dans la Vallée, 27 rue du Vieux Ru. Enguany el convidat d&#8217;honor és Portugal. I encara més, hi haurà actuació dels Castellers de París!! No &hellip; <a href="http://casalparis.cat/?tribe_events=29-09-2018-forum-des-langues-davon">Continua llegint <span class="meta-nav">&rarr;</span></a></p>
